
{"id":1486,"date":"2023-02-20T16:15:03","date_gmt":"2023-02-20T15:15:03","guid":{"rendered":"http:\/\/scf.se\/trial\/?page_id=1486"},"modified":"2023-07-03T15:43:48","modified_gmt":"2023-07-03T13:43:48","slug":"sm-trial-utomhus-2023","status":"publish","type":"page","link":"https:\/\/scf.se\/trial\/sm-trial-utomhus-2023\/","title":{"rendered":"SM Trial utomhus 2023"},"content":{"rendered":"<h3>Trial-SM i Laholm<\/h3>\n<ul>\n<li>Tid: 17 juni 2023.<\/li>\n<li>Plats: stortorget i Laholm.<\/li>\n<li>Arrang\u00f6r: Hawkhills TK.<\/li>\n<\/ul>\n<p><a href=\"https:\/\/scf.se\/trial\/wp-content\/uploads\/sites\/8\/2023\/06\/resultat_sm_laholm_230617.pdf\"><em><strong>Alla resultat varv f\u00f6r varv p\u00e5 trial-SM i Laholm 2023 h\u00e4r!<\/strong><\/em><\/a><\/p>\n","protected":false},"excerpt":{"rendered":"<p>Trial-SM i Laholm Tid: 17 juni 2023. Plats: stortorget i Laholm. Arrang\u00f6r: Hawkhills TK. Alla resultat varv f\u00f6r varv p\u00e5 trial-SM i Laholm 2023 h\u00e4r!<\/p>\n","protected":false},"author":58,"featured_media":0,"parent":0,"menu_order":0,"comment_status":"closed","ping_status":"closed","template":"","meta":{"_acf_changed":false,"footnotes":""},"class_list":["post-1486","page","type-page","status-publish","hentry"],"acf":[],"_links":{"self":[{"href":"https:\/\/scf.se\/trial\/wp-json\/wp\/v2\/pages\/1486","targetHints":{"allow":["GET"]}}],"collection":[{"href":"https:\/\/scf.se\/trial\/wp-json\/wp\/v2\/pages"}],"about":[{"href":"https:\/\/scf.se\/trial\/wp-json\/wp\/v2\/types\/page"}],"author":[{"embeddable":true,"href":"https:\/\/scf.se\/trial\/wp-json\/wp\/v2\/users\/58"}],"replies":[{"embeddable":true,"href":"https:\/\/scf.se\/trial\/wp-json\/wp\/v2\/comments?post=1486"}],"version-history":[{"count":0,"href":"https:\/\/scf.se\/trial\/wp-json\/wp\/v2\/pages\/1486\/revisions"}],"wp:attachment":[{"href":"https:\/\/scf.se\/trial\/wp-json\/wp\/v2\/media?parent=1486"}],"curies":[{"name":"wp","href":"https:\/\/api.w.org\/{rel}","templated":true}]}}