
{"id":1485,"date":"2023-02-20T16:14:53","date_gmt":"2023-02-20T15:14:53","guid":{"rendered":"http:\/\/scf.se\/trial\/?page_id=1485"},"modified":"2023-07-03T15:48:28","modified_gmt":"2023-07-03T13:48:28","slug":"sm-trial-inomhus-2023","status":"publish","type":"page","link":"https:\/\/scf.se\/trial\/sm-trial-inomhus-2023\/","title":{"rendered":"SM Trial inomhus 2023"},"content":{"rendered":"<h3>SM inomhus i Sk\u00f6vde 2023<\/h3>\n<ul>\n<li>Tid: 3 februari, under SM-veckan vinter.<\/li>\n<li>Plats: Billingehov i Sk\u00f6vde.<\/li>\n<\/ul>\n<p><a href=\"https:\/\/scf.se\/wp-content\/uploads\/2023\/06\/Resultat-SM-trial-inomhus-2023.pdf\"><strong><em>Alla resultat, varv f\u00f6r varv h\u00e4r.<\/em><\/strong><\/a><\/p>\n","protected":false},"excerpt":{"rendered":"<p>SM inomhus i Sk\u00f6vde 2023 Tid: 3 februari, under SM-veckan vinter. Plats: Billingehov i Sk\u00f6vde. Alla resultat, varv f\u00f6r varv h\u00e4r.<\/p>\n","protected":false},"author":58,"featured_media":0,"parent":0,"menu_order":0,"comment_status":"closed","ping_status":"closed","template":"","meta":{"_acf_changed":false,"footnotes":""},"class_list":["post-1485","page","type-page","status-publish","hentry"],"acf":[],"_links":{"self":[{"href":"https:\/\/scf.se\/trial\/wp-json\/wp\/v2\/pages\/1485","targetHints":{"allow":["GET"]}}],"collection":[{"href":"https:\/\/scf.se\/trial\/wp-json\/wp\/v2\/pages"}],"about":[{"href":"https:\/\/scf.se\/trial\/wp-json\/wp\/v2\/types\/page"}],"author":[{"embeddable":true,"href":"https:\/\/scf.se\/trial\/wp-json\/wp\/v2\/users\/58"}],"replies":[{"embeddable":true,"href":"https:\/\/scf.se\/trial\/wp-json\/wp\/v2\/comments?post=1485"}],"version-history":[{"count":0,"href":"https:\/\/scf.se\/trial\/wp-json\/wp\/v2\/pages\/1485\/revisions"}],"wp:attachment":[{"href":"https:\/\/scf.se\/trial\/wp-json\/wp\/v2\/media?parent=1485"}],"curies":[{"name":"wp","href":"https:\/\/api.w.org\/{rel}","templated":true}]}}