
{"id":1322,"date":"2022-05-24T18:24:45","date_gmt":"2022-05-24T16:24:45","guid":{"rendered":"http:\/\/scf.se\/trial\/?page_id=1322"},"modified":"2022-05-24T18:24:45","modified_gmt":"2022-05-24T16:24:45","slug":"sm-trial-utomhus-2022","status":"publish","type":"page","link":"https:\/\/scf.se\/trial\/sm-trial-utomhus-2022\/","title":{"rendered":"SM trial utomhus 2022"},"content":{"rendered":"<p>SM utomhus 2022 avgjordes i Svenljunga den 21 maj med Tranemo Cykels\u00e4llskap som arrang\u00f6r.<\/p>\n<p><a href=\"https:\/\/scf.se\/trial\/wp-content\/uploads\/sites\/8\/2022\/05\/SM-cykeltrial-2022-Svenljunga.pdf\"><em><strong>Resultat alla klasser H\u00c4R!<\/strong><\/em><\/a><\/p>\n","protected":false},"excerpt":{"rendered":"<p>SM utomhus 2022 avgjordes i Svenljunga den 21 maj med Tranemo Cykels\u00e4llskap som arrang\u00f6r. Resultat alla klasser H\u00c4R!<\/p>\n","protected":false},"author":41,"featured_media":0,"parent":0,"menu_order":0,"comment_status":"closed","ping_status":"closed","template":"","meta":{"_acf_changed":false,"footnotes":""},"class_list":["post-1322","page","type-page","status-publish","hentry"],"acf":[],"_links":{"self":[{"href":"https:\/\/scf.se\/trial\/wp-json\/wp\/v2\/pages\/1322","targetHints":{"allow":["GET"]}}],"collection":[{"href":"https:\/\/scf.se\/trial\/wp-json\/wp\/v2\/pages"}],"about":[{"href":"https:\/\/scf.se\/trial\/wp-json\/wp\/v2\/types\/page"}],"author":[{"embeddable":true,"href":"https:\/\/scf.se\/trial\/wp-json\/wp\/v2\/users\/41"}],"replies":[{"embeddable":true,"href":"https:\/\/scf.se\/trial\/wp-json\/wp\/v2\/comments?post=1322"}],"version-history":[{"count":0,"href":"https:\/\/scf.se\/trial\/wp-json\/wp\/v2\/pages\/1322\/revisions"}],"wp:attachment":[{"href":"https:\/\/scf.se\/trial\/wp-json\/wp\/v2\/media?parent=1322"}],"curies":[{"name":"wp","href":"https:\/\/api.w.org\/{rel}","templated":true}]}}