
{"id":4227,"date":"2026-04-20T03:45:32","date_gmt":"2026-04-20T01:45:32","guid":{"rendered":"https:\/\/scf.se\/paracykel\/?page_id=4227"},"modified":"2026-04-20T11:38:28","modified_gmt":"2026-04-20T09:38:28","slug":"tillganglighetsinventering-vr-26","status":"publish","type":"page","link":"https:\/\/scf.se\/paracykel\/paracertifiering\/tillganglighetsinventering-vr-26\/","title":{"rendered":"Tillg\u00e4nglighetsinventering &#8212; V\u00e4tternrundan 100 km, Tjejv\u00e4ttern 100 km samt Miniv\u00e4ttern"},"content":{"rendered":"<blockquote><p>Om eventet\/arrangemanget<\/p><\/blockquote>\n<p>Datum: <strong>6 juni och 7 juni<br \/>\n<\/strong>Typ av event\/arrangemang: <strong>Motionslopp p\u00e5 cykel, landsv\u00e4g<br \/>\n<\/strong>Organisation\/arrang\u00f6r: <strong>V\u00e4tternrundan\/Motala AIF IA<\/strong><\/p>\n<p>Finns det en koordinator som har ett samlat och \u00f6vergripande ansvar f\u00f6r<br \/>\neventets\/arrangemangets tillg\u00e4nglighet?<\/p>\n<p style=\"padding-left: 40px\"><strong>Ja<\/strong><\/p>\n<p>Finns det en s\u00e4rskilt utsedd person\/funktion som deltagare kan kontakta f\u00f6r att f\u00e5<br \/>\ndirekta svar p\u00e5 fr\u00e5gor som r\u00f6r tillg\u00e4nglighet?<\/p>\n<p style=\"padding-left: 40px\"><strong>Ja<\/strong><\/p>\n<p>&nbsp;<\/p>\n<blockquote><p>Tillg\u00e4nglighetsanpassad information<\/p><\/blockquote>\n<p>Har webbsidor och informationsmaterial utformats utifr\u00e5n ett<br \/>\ntillg\u00e4nglighetsperspektiv?<\/p>\n<p style=\"padding-left: 40px\"><strong>Ja<\/strong><\/p>\n<p>\u00c4r detaljerad information om f\u00f6ruts\u00e4ttningarna f\u00f6r personer med<br \/>\nfunktionsneds\u00e4ttningar publicerade s\u00e5 att informationen \u00e4r l\u00e4tt att hitta?<\/p>\n<p style=\"padding-left: 40px\"><strong>Ja<\/strong><\/p>\n<p>&nbsp;<\/p>\n<blockquote><p>Anm\u00e4lan<\/p><\/blockquote>\n<p>Kan en deltagare med funktionsneds\u00e4ttningar ocks\u00e5 anm\u00e4la en assistent\/pilot till<br \/>\neventet\/arrangemanget utan extra kostnad?<\/p>\n<p style=\"padding-left: 40px\"><strong>Ja<\/strong><\/p>\n<p>\u00c4r det klart och tydligt vid anm\u00e4lan hur man ocks\u00e5 anm\u00e4ler en assisten\/pilot?<\/p>\n<p style=\"padding-left: 40px\"><strong>Ja<\/strong><\/p>\n<p>I de fall rullstol eller specialhj\u00e4lpmedel, som t.ex. anpassad cykel, kr\u00e4vs f\u00f6r<br \/>\ndeltagande, \u00e4r det tydligt hur dessa anm\u00e4ls och godk\u00e4nns av arrang\u00f6ren?<\/p>\n<p style=\"padding-left: 40px\"><strong>Ja<\/strong><\/p>\n<p>&nbsp;<\/p>\n<blockquote><p>Startomr\u00e5de<\/p><\/blockquote>\n<p>Har en ang\u00f6ringsplats\/adress f\u00f6r f\u00e4rdtj\u00e4nst utsetts och publicerats?<\/p>\n<p style=\"padding-left: 40px\"><strong>Ja<\/strong><\/p>\n<p>Finns det anvisningar till parkeringsplatser l\u00e4mpliga f\u00f6r personer med<br \/>\nparkeringstillst\u00e5nd f\u00f6r r\u00f6relsehindrade?<\/p>\n<p style=\"padding-left: 40px\"><strong>Ja<\/strong><\/p>\n<p>Finns det ett tillg\u00e4ngligt omkl\u00e4dningsrum och dusch i anslutning till startomr\u00e5det?<\/p>\n<p style=\"padding-left: 40px\"><strong>Ja<\/strong><\/p>\n<p>Finns det h\u00e5rdgjorda v\u00e4gar, utan fysiska hinder s\u00e5 som t.ex. trappsteg, till all n\u00f6dv\u00e4ndig service?<br \/>\nNummerlappar\/anm\u00e4lan: <strong>Ja<\/strong><br \/>\nAdministration: <strong>Ja<\/strong><br \/>\nOmkl\u00e4dning: <strong>Ja<\/strong><br \/>\nToaletter: <strong>Ja<\/strong><br \/>\nMat: <strong>Ja<\/strong><\/p>\n<p>Finns det anpassade toaletter i anslutning till startomr\u00e5det?<\/p>\n<p style=\"padding-left: 40px\"><strong>Ja<\/strong><\/p>\n<p>Finns det f\u00f6rvaring f\u00f6r t.ex. rullstolar i anslutning till startomr\u00e5det?<\/p>\n<p style=\"padding-left: 40px\"><strong>Ja<\/strong><\/p>\n<p>&nbsp;<\/p>\n<blockquote><p>M\u00e5lomr\u00e5de<\/p><\/blockquote>\n<p>Har m\u00e5lomr\u00e5det har samma f\u00f6ruts\u00e4ttningar som startomr\u00e5det?<\/p>\n<p style=\"padding-left: 40px\"><strong>Ja<\/strong><\/p>\n<p>\u00c4r eventuell scen eller prispodie tillg\u00e4ngligt f\u00f6r personer med r\u00f6relsehinder?<\/p>\n<p style=\"padding-left: 40px\"><strong>Ja<\/strong><\/p>\n<p>&nbsp;<\/p>\n<blockquote><p>Bana\/eventomr\u00e5de<\/p><\/blockquote>\n<p>Finns det anpassade toaletter l\u00e4ngs med banan\/p\u00e5 eventomr\u00e5det?<\/p>\n<p style=\"padding-left: 40px\"><strong>Ja<\/strong><\/p>\n<p>Finns det tydlig information om var ev. anpassade toaletter \u00e4r placerade?<\/p>\n<p style=\"padding-left: 40px\"><strong>Ja<\/strong><\/p>\n<p>\u00c4r eventuell service l\u00e4ngs med banan\/p\u00e5 eventomr\u00e5det tillg\u00e4ngligt f\u00f6r personer<br \/>\nmed r\u00f6relsehinder avseende h\u00e5rdgjorda ytor, ramper, osv?<\/p>\n<p style=\"padding-left: 40px\"><strong>Ja<\/strong><\/p>\n<p>Har arrang\u00f6ren utsett funktion\u00e4rer l\u00e4ngs med banan\/p\u00e5 eventomr\u00e5det som \u00e4r<br \/>\nansvariga f\u00f6r att f\u00f6lja upp fr\u00e5gor kring tillg\u00e4nglighet? (t.ex. p\u00e5 dep\u00e5er)<\/p>\n<p style=\"padding-left: 40px\"><strong>Ja<\/strong><\/p>\n<p>&nbsp;<\/p>\n<blockquote><p>S\u00e4kerhet och bem\u00f6tande<\/p><\/blockquote>\n<p>Har relevant personal utbildats i bem\u00f6tande, samt vilka aktuella f\u00f6ruts\u00e4ttningar<br \/>\ndeltagare med funktionsneds\u00e4ttningar har f\u00f6r ert event\/arrangemang?<\/p>\n<p style=\"padding-left: 40px\"><strong>Ja<\/strong><\/p>\n<p>Finns det m\u00f6jlighet att f\u00e5 hj\u00e4lp med vatten\/duschning l\u00e4ngs med banan\/p\u00e5<br \/>\neventomr\u00e5det?<\/p>\n<p style=\"padding-left: 40px\"><strong>Ja<\/strong><\/p>\n<p>Finns det n\u00e5gon teknisk personal p\u00e5 plats som \u00e4r kunnig i att hantera rullstolar och<br \/>\nandra specialhj\u00e4lpmedel?<\/p>\n<p style=\"padding-left: 40px\"><strong>Ja<\/strong><\/p>\n<p>Om en person med rullstol, eller andra specialhj\u00e4lpmedel, m\u00e5ste avbryta sitt<br \/>\ndeltagande; finns det resurser att transportera deltagaren och dess hj\u00e4lpmedel<br \/>\ntillbaka till start-\/m\u00e5lomr\u00e5det?<\/p>\n<p style=\"padding-left: 40px\"><strong>Ja<\/strong><\/p>\n<p>&nbsp;<\/p>\n<p><em><strong>Tillg\u00e4nglighetsinventeringen ska endast ses som v\u00e4gledande!<\/strong> All form av deltagande p\u00e5 alla event\/arrangemang sker alltid p\u00e5 eget ansvar. F\u00f6r mer detaljerad information h\u00e4nvisas till arrang\u00f6rens egna sidor och informationsmaterial.<\/em><\/p>\n<p><a href=\"https:\/\/www.vatternrundan.se\" target=\"_blank\" rel=\"noopener\">https:\/\/www.vatternrundan.se<\/a><\/p>\n","protected":false},"excerpt":{"rendered":"<p>Om eventet\/arrangemanget Datum: 6 juni och 7 juni Typ av event\/arrangemang: Motionslopp p\u00e5 cykel, landsv\u00e4g Organisation\/arrang\u00f6r: V\u00e4tternrundan\/Motala AIF IA Finns det en koordinator som har ett samlat och \u00f6vergripande ansvar f\u00f6r eventets\/arrangemangets tillg\u00e4nglighet? Ja Finns det en s\u00e4rskilt utsedd person\/funktion som deltagare kan kontakta f\u00f6r att f\u00e5 direkta svar p\u00e5 fr\u00e5gor som r\u00f6r tillg\u00e4nglighet?<a href=\"https:\/\/scf.se\/paracykel\/paracertifiering\/tillganglighetsinventering-vr-26\/\" class=\"news-card__more\"> &#8230;<\/a><\/p>\n","protected":false},"author":12,"featured_media":4223,"parent":4213,"menu_order":0,"comment_status":"closed","ping_status":"closed","template":"","meta":{"_acf_changed":false,"footnotes":""},"class_list":["post-4227","page","type-page","status-publish","hentry"],"acf":[],"_links":{"self":[{"href":"https:\/\/scf.se\/paracykel\/wp-json\/wp\/v2\/pages\/4227","targetHints":{"allow":["GET"]}}],"collection":[{"href":"https:\/\/scf.se\/paracykel\/wp-json\/wp\/v2\/pages"}],"about":[{"href":"https:\/\/scf.se\/paracykel\/wp-json\/wp\/v2\/types\/page"}],"author":[{"embeddable":true,"href":"https:\/\/scf.se\/paracykel\/wp-json\/wp\/v2\/users\/12"}],"replies":[{"embeddable":true,"href":"https:\/\/scf.se\/paracykel\/wp-json\/wp\/v2\/comments?post=4227"}],"version-history":[{"count":12,"href":"https:\/\/scf.se\/paracykel\/wp-json\/wp\/v2\/pages\/4227\/revisions"}],"predecessor-version":[{"id":4244,"href":"https:\/\/scf.se\/paracykel\/wp-json\/wp\/v2\/pages\/4227\/revisions\/4244"}],"up":[{"embeddable":true,"href":"https:\/\/scf.se\/paracykel\/wp-json\/wp\/v2\/pages\/4213"}],"wp:featuredmedia":[{"embeddable":true,"href":"https:\/\/scf.se\/paracykel\/wp-json\/wp\/v2\/media\/4223"}],"wp:attachment":[{"href":"https:\/\/scf.se\/paracykel\/wp-json\/wp\/v2\/media?parent=4227"}],"curies":[{"name":"wp","href":"https:\/\/api.w.org\/{rel}","templated":true}]}}