
{"id":3309,"date":"2025-02-26T23:47:49","date_gmt":"2025-02-26T22:47:49","guid":{"rendered":"https:\/\/scf.se\/paracykel\/?page_id=3309"},"modified":"2025-02-26T23:49:53","modified_gmt":"2025-02-26T22:49:53","slug":"samarbetspartner","status":"publish","type":"page","link":"https:\/\/scf.se\/paracykel\/samarbetspartner\/","title":{"rendered":"Vi st\u00f6djer Paracykel!"},"content":{"rendered":"<p style=\"text-align: left;width: 100%\">Tillsammans med v\u00e5ra samarbetspartners har grengruppen n\u00e5tt fantastiska framg\u00e5ngar! Med v\u00e4rldseliten p\u00e5 VM och Paralympics, med <em>alla motion\u00e4rer<\/em> i sina lokala cykelf\u00f6reningar, med <em>alla enskilda cyklister<\/em> som sliter och k\u00e4mpar, i stort och sm\u00e5tt, ett tramptag i taget!<\/p>\n<p style=\"text-align: center;width: 100%\"><strong>Ett stort och varmt tack f\u00f6r ert engagemang!!<\/strong><\/p>\n","protected":false},"excerpt":{"rendered":"<p>Tillsammans med v\u00e5ra samarbetspartners har grengruppen n\u00e5tt fantastiska framg\u00e5ngar! Med v\u00e4rldseliten p\u00e5 VM och Paralympics, med alla motion\u00e4rer i sina lokala cykelf\u00f6reningar, med alla enskilda cyklister som sliter och k\u00e4mpar, i stort och sm\u00e5tt, ett tramptag i taget! Ett stort och varmt tack f\u00f6r ert engagemang!!<\/p>\n","protected":false},"author":12,"featured_media":0,"parent":0,"menu_order":0,"comment_status":"closed","ping_status":"closed","template":"","meta":{"_acf_changed":false,"footnotes":""},"class_list":["post-3309","page","type-page","status-publish","hentry"],"acf":[],"_links":{"self":[{"href":"https:\/\/scf.se\/paracykel\/wp-json\/wp\/v2\/pages\/3309","targetHints":{"allow":["GET"]}}],"collection":[{"href":"https:\/\/scf.se\/paracykel\/wp-json\/wp\/v2\/pages"}],"about":[{"href":"https:\/\/scf.se\/paracykel\/wp-json\/wp\/v2\/types\/page"}],"author":[{"embeddable":true,"href":"https:\/\/scf.se\/paracykel\/wp-json\/wp\/v2\/users\/12"}],"replies":[{"embeddable":true,"href":"https:\/\/scf.se\/paracykel\/wp-json\/wp\/v2\/comments?post=3309"}],"version-history":[{"count":83,"href":"https:\/\/scf.se\/paracykel\/wp-json\/wp\/v2\/pages\/3309\/revisions"}],"predecessor-version":[{"id":3401,"href":"https:\/\/scf.se\/paracykel\/wp-json\/wp\/v2\/pages\/3309\/revisions\/3401"}],"wp:attachment":[{"href":"https:\/\/scf.se\/paracykel\/wp-json\/wp\/v2\/media?parent=3309"}],"curies":[{"name":"wp","href":"https:\/\/api.w.org\/{rel}","templated":true}]}}