
{"id":27,"date":"2025-02-11T07:30:38","date_gmt":"2025-02-11T06:30:38","guid":{"rendered":"http:\/\/svenskcykel.grandpublic.se\/paracykel\/?page_id=27"},"modified":"2025-02-12T13:32:46","modified_gmt":"2025-02-12T12:32:46","slug":"landslagsprogram","status":"publish","type":"page","link":"https:\/\/scf.se\/paracykel\/landslagsprogram\/","title":{"rendered":"Landslagsprogram"},"content":{"rendered":"<p><b>Landslagsprogram<\/b><strong> Paracykel 2025<br \/>\n<\/strong><br \/>\nS\u00e4songen kommer inte vara rankinggrundande till Paralympics i Los Angeles 2028.<br \/>\nFokus ligger p\u00e5 f\u00e5 t\u00e4vlingserfarenhet, klassificera nya cyklister, coacha och utbilda nya cyklister och ledare.<\/p>\n<ul>\n<li>1 &#8211; 4 maj V\u00e4rldscup landsv\u00e4g Oostende och Br\u00fcgge, Belgien<\/li>\n<li>26 juni SM Jakstart Racer och Handcykel Norrk\u00f6ping<\/li>\n<li>1 juli SM Tempo Landsv\u00e4g Uppsala<\/li>\n<li>28 &#8211; 31 augusti VM landsv\u00e4g Ronse, Belgien<\/li>\n<li>15-16 november Samling Bos\u00f6n &#8211; Kickoff 2026<\/li>\n<\/ul>\n","protected":false},"excerpt":{"rendered":"<p>Landslagsprogram Paracykel 2025 S\u00e4songen kommer inte vara rankinggrundande till Paralympics i Los Angeles 2028. Fokus ligger p\u00e5 f\u00e5 t\u00e4vlingserfarenhet, klassificera nya cyklister, coacha och utbilda nya cyklister och ledare. 1 &#8211; 4 maj V\u00e4rldscup landsv\u00e4g Oostende och Br\u00fcgge, Belgien 26 juni SM Jakstart Racer och Handcykel Norrk\u00f6ping 1 juli SM Tempo Landsv\u00e4g Uppsala 28<a href=\"https:\/\/scf.se\/paracykel\/landslagsprogram\/\" class=\"news-card__more\"> &#8230;<\/a><\/p>\n","protected":false},"author":43,"featured_media":0,"parent":0,"menu_order":0,"comment_status":"closed","ping_status":"closed","template":"","meta":{"_acf_changed":false,"footnotes":""},"class_list":["post-27","page","type-page","status-publish","hentry"],"acf":[],"_links":{"self":[{"href":"https:\/\/scf.se\/paracykel\/wp-json\/wp\/v2\/pages\/27","targetHints":{"allow":["GET"]}}],"collection":[{"href":"https:\/\/scf.se\/paracykel\/wp-json\/wp\/v2\/pages"}],"about":[{"href":"https:\/\/scf.se\/paracykel\/wp-json\/wp\/v2\/types\/page"}],"author":[{"embeddable":true,"href":"https:\/\/scf.se\/paracykel\/wp-json\/wp\/v2\/users\/43"}],"replies":[{"embeddable":true,"href":"https:\/\/scf.se\/paracykel\/wp-json\/wp\/v2\/comments?post=27"}],"version-history":[{"count":5,"href":"https:\/\/scf.se\/paracykel\/wp-json\/wp\/v2\/pages\/27\/revisions"}],"predecessor-version":[{"id":3273,"href":"https:\/\/scf.se\/paracykel\/wp-json\/wp\/v2\/pages\/27\/revisions\/3273"}],"wp:attachment":[{"href":"https:\/\/scf.se\/paracykel\/wp-json\/wp\/v2\/media?parent=27"}],"curies":[{"name":"wp","href":"https:\/\/api.w.org\/{rel}","templated":true}]}}