
{"id":21,"date":"2025-12-11T15:42:53","date_gmt":"2025-12-11T14:42:53","guid":{"rendered":"http:\/\/svenskcykel.grandpublic.se\/paracykel\/?page_id=21"},"modified":"2025-12-15T14:30:12","modified_gmt":"2025-12-15T13:30:12","slug":"borja-cykla-paracykel","status":"publish","type":"page","link":"https:\/\/scf.se\/paracykel\/borja-cykla-paracykel\/","title":{"rendered":"B\u00f6rja cykla Paracykel"},"content":{"rendered":"<p>Paracykel \u00e4r tillg\u00e4ngligt f\u00f6r att alla med en syn eller r\u00f6relseneds\u00e4ttning, oavsett k\u00f6n, h\u00e4rkomst, \u00e5lder och f\u00f6ruts\u00e4ttningar, ska kunna cykla p\u00e5 lika villkor! Det \u00e4r roligt att f\u00e5 dela cykelupplevelserna med andra och genom cykling kan man f\u00e5 s\u00e5 m\u00e5nga, fina v\u00e4nner \u2013 i alla \u00e5ldrar!<\/p>\n<h2>B\u00f6rja cykla &#8211; steg f\u00f6r steg<\/h2>\n<h4>V\u00e5ra dep\u00e5er:<\/h4>\n<ol>\n<li>Fyll i <a href=\"https:\/\/forms.office.com\/Pages\/ResponsePage.aspx?id=bi1b644CTUW4eAwFWtvrKhn7XKYYVj5Koa_p4HZTGHhUNEw4QzhRWk4wQVhCVVFWOEYxRVZBOE9XTi4u\">intresseanm\u00e4lan Paracykel<\/a><\/li>\n<li>Kontakta n\u00e4rmsta dep\u00e5:<br \/>\n<strong>Falun<\/strong> &#8211; Emma Stenberg,\u00a0<a href=\"emma.stenberg@scf.se\">emma.stenberg@scf.se<\/a><a href=\"emma.stenberg@scf.se\"><br \/>\n<\/a><strong>Stockholm &#8211; SMACK-\u00a0<\/strong><a href=\"mailto:hakan@smack.se\">hakan@smack.se\u00a0<\/a><br \/>\n<strong>Malm\u00f6- Heleneholms IF-\u00a0<\/strong><a href=\"mailto:vanessa@heleholmsif.se\">vanessa@heleholmsif.se<\/a><br \/>\n<strong>\u00d6rebro-CK Armkraft<\/strong> &#8211; Eric Poignant, <a href=\"mailto:eric.poignant@ckarmkraft.se\">eric.poignant@ckarmkraft.se<\/a><a href=\"mailto:eric.poignant@scf.se\"><br \/>\n<\/a><strong>J\u00f6nk\u00f6ping &#8211; J\u00f6nk\u00f6pings CK<\/strong>&#8211; Henrik Marvig, <a href=\"mailto:henrik.marvig@gmail.com\">henrik.marvig@gmail.com<\/a><br \/>\n<strong>Lindome- M\u00f6lndals CK<\/strong> &#8211; Michael Lindgren, <a href=\"mailto:michael.lindgren@scf.se\">michael.lindgren@scf.se<\/a><br \/>\n<strong>Uppsala-\u00a0<\/strong><strong>Upsala CK <\/strong>Eva Zahawi <a href=\"mailto:eva.zahawi@scf.se\">eva.zahawi@scf.se<\/a><\/li>\n<li><strong>Prova p\u00e5 cyklar:\u00a0<\/strong>SCF har cyklar som kan anv\u00e4ndas av f\u00f6reningar och aktiva f\u00f6r att prova-p\u00e5, samt att de kan anv\u00e4ndas vid aktiviteter i samband med information, utbildning och l\u00e4ger. Cyklarna f\u00f6rvaras i Falun, Stockholm, Malm\u00f6, Uppsala, \u00d6rebro och Lindome.<\/li>\n<li>G\u00e5 p\u00e5 v\u00e5ra <strong>regelbundna ledarledda<\/strong> <strong>tr\u00e4ningspass\/prova-p\u00e5-tillf\u00e4llen<\/strong> (se <a href=\"https:\/\/scf.se\/paracykel\/tavling\/kalender\/\">kalendern<\/a> f\u00f6r event)<\/li>\n<li>Om du vill, bli medlem i en <a href=\"https:\/\/scf.se\/paracykel\/borja-cykla-paracykel\/kom-igang-med-paracykel\/\">cykelf\u00f6rening<\/a><\/li>\n<li>Prova-p\u00e5 dagar kan \u00e4ven arrangeras i n\u00e4rheten av er, <strong>kontakta oss<\/strong>\u00a0<a href=\"paracykel@scf.se\">paracykel@scf.se<\/a> f\u00f6r att planera en aktivitet!<\/li>\n<\/ol>\n<h2>Prova p\u00e5 aktiviteter<\/h2>\n<p>Inspirationsdagar och prova-p\u00e5\/tr\u00e4ningar p\u00e5 olika st\u00e4llen i Sverige. Information om datum och tider l\u00e4ggs in i<a href=\"https:\/\/scf.se\/paracykel\/tavling\/kalender\/\"> kalendern.<\/a><\/p>\n<p>St\u00e5ende:<\/p>\n<p><strong>SMACK<\/strong>\u00a0&#8211; Rosersbergs \u00f6vningsf\u00e4lt, Tre rosors v\u00e4g.\u00a0<a href=\"https:\/\/scf.se\/paracykel\/kalender\/traning-prova-pa-i-rosersberg-4\/\">Tisdagar 18-20.00 (sommarhalv\u00e5ret)<\/a><\/p>\n<p><strong>CK Armkraft<\/strong>\u00a0&#8211; Tybblelundshallen \u00d6rebro.\u00a0<a href=\"https:\/\/scf.se\/paracykel\/kalender\/traning-prova-pa-i-orebro-26\/\">Varannan s\u00f6ndag inomhus, torsdagar utomhus<\/a><\/p>\n<p>&nbsp;<\/p>\n<h2>B\u00f6rja att t\u00e4vla<\/h2>\n<p>F\u00f6r att b\u00f6rja att t\u00e4vla beh\u00f6ver du en f\u00f6reningstillh\u00f6righet i en f\u00f6rening ansluten till SCF. N\u00e4r du \u00e4r registrerad i f\u00f6renings medlemsregister kan du s\u00f6ka en t\u00e4vlingslicens. De fyra cykeltyperna som anv\u00e4nds p\u00e5 t\u00e4vlingar \u00e4r trike, handcykel, tandem och racercykel.<br \/>\nOm du har en nationell klassificering \u00e4r klassad t\u00e4vlar du i den klass du \u00e4r klassificerad i. \u00a0P\u00e5 nationella t\u00e4vlingar kan du starta i \u00d6ppen klass om du \u00e4nnu inte f\u00e5tt en nationell klassificering.<\/p>\n<p>F\u00f6r mer information eller fr\u00e5gor- kontakta:<\/p>\n<p>F\u00f6rbundskapten Anna Beck,\u00a0<a href=\"anna.beck@scf.se\">anna.beck@scf.se<\/a><\/p>\n<p>Assisterande F\u00f6rbundskapten Michael Lindgren,\u00a0<a href=\"michael.lindgren@scf.se\">michael.lindgren@scf.se<\/a><\/p>\n<h2>Resa mot Paralympics<\/h2>\n<p>Swe Cycling Para s\u00f6ker efter DIG som vill g\u00f6ra en cykelsatsning mot Paralympics 2028 och 2032.<\/p>\n<p>Har du en dr\u00f6m om att ta medalj p\u00e5 ett Paralympics? Redo att g\u00f6ra det jobbet som kr\u00e4vs f\u00f6r att st\u00e5 p\u00e5 prispallen? Vill du veta mer?<\/p>\n<p>Tveka inte att h\u00f6ra av dig till F\u00f6rbundskapten Anna Beck, <a href=\"anna.beck@scf.se\">anna.beck@scf.se<\/a><\/p>\n<h2>Prova-P\u00e5<\/h2>\n<h2>Vilken cykel ska du v\u00e4lja?<\/h2>\n<p>Det finns olika typer av cyklar f\u00f6r olika typer av funktionsneds\u00e4ttning &#8211; n\u00e5gra av dess \u00e4r trike, tandem, handcykel och racer.<\/p>\n<p><strong>Trike: <\/strong>Cykeln har tre hjul f\u00f6r balansen. (funkar bra f\u00f6r neurologiskt eller muskul\u00e4rt nedsatta)<\/p>\n<div id=\"attachment_403\" class=\"wp-caption alignleft\" ><a href=\"https:\/\/scf.se\/paracykel\/wp-content\/uploads\/sites\/7\/2015\/10\/Rickard-Nilsson.jpg\"><img loading=\"lazy\" decoding=\"async\" class=\"wp-image-403 size-thumbnail\" src=\"https:\/\/scf.se\/paracykel\/wp-content\/uploads\/sites\/7\/2015\/10\/Rickard-Nilsson-150x150.jpg\" alt=\"Rickard Nilsson, Paralympics i Rio 2016\" width=\"150\" height=\"150\" \/><\/a><p class=\"wp-caption-text\">Rickard Nilsson, Trike, Paralympics i Rio 2016<\/p><\/div>\n<p>&nbsp;<\/p>\n<p>&nbsp;<\/p>\n<p>&nbsp;<\/p>\n<p>&nbsp;<\/p>\n<p>&nbsp;<\/p>\n<p>&nbsp;<\/p>\n<p><strong>Handcykel:<\/strong> cykeln trampas med h\u00e4nderna (amputation eller ryggm\u00e4rgsskada)<\/p>\n<div id=\"attachment_652\" class=\"wp-caption alignnone\" ><a href=\"https:\/\/scf.se\/paracykel\/wp-content\/uploads\/sites\/7\/2017\/08\/Peter-Malmberg.jpg\"><img loading=\"lazy\" decoding=\"async\" class=\"wp-image-652 size-thumbnail\" src=\"https:\/\/scf.se\/paracykel\/wp-content\/uploads\/sites\/7\/2017\/08\/Peter-Malmberg-150x150.jpg\" alt=\"Peter Malmberg\" width=\"150\" height=\"150\" \/><\/a><p class=\"wp-caption-text\">Peter Malmberg, handbike<\/p><\/div>\n<p><strong>Tandem:<\/strong> f\u00f6r dig som inte ser (synskadad\/blind)<\/p>\n<p><a href=\"https:\/\/scf.se\/paracykel\/wp-content\/uploads\/sites\/7\/2025\/05\/Tandem1111.jpg\"><img loading=\"lazy\" decoding=\"async\" class=\"alignnone wp-image-3543 size-thumbnail\" src=\"https:\/\/scf.se\/paracykel\/wp-content\/uploads\/sites\/7\/2025\/05\/Tandem1111-150x150.jpg\" alt=\"\" width=\"150\" height=\"150\" \/><\/a><br \/>\nAnna Sv\u00e4rdstr\u00f6m och Louise Jannering, Tandem<\/p>\n<p><strong>Racercykel:<\/strong> vanlig cykel f\u00f6r klassificerbar funktionsneds\u00e4ttning, (t.ex. amputerad, neurologiskt eller muskul\u00e4rt nedsatta)<\/p>\n<h2><a href=\"https:\/\/scf.se\/paracykel\/wp-content\/uploads\/sites\/7\/2022\/06\/PARAbildspel4-1-2-scaled.jpeg\"><img loading=\"lazy\" decoding=\"async\" class=\"alignnone wp-image-1860 size-thumbnail\" src=\"https:\/\/scf.se\/paracykel\/wp-content\/uploads\/sites\/7\/2022\/06\/PARAbildspel4-1-2-150x150.jpeg\" alt=\"\" width=\"150\" height=\"150\" \/><\/a><\/h2>\n<p>Anna Beck, Racer<\/p>\n<p>&nbsp;<\/p>\n<p>&nbsp;<\/p>\n<p>&nbsp;<\/p>\n","protected":false},"excerpt":{"rendered":"<p>Paracykel \u00e4r tillg\u00e4ngligt f\u00f6r att alla med en syn eller r\u00f6relseneds\u00e4ttning, oavsett k\u00f6n, h\u00e4rkomst, \u00e5lder och f\u00f6ruts\u00e4ttningar, ska kunna cykla p\u00e5 lika villkor! Det \u00e4r roligt att f\u00e5 dela cykelupplevelserna med andra och genom cykling kan man f\u00e5 s\u00e5 m\u00e5nga, fina v\u00e4nner \u2013 i alla \u00e5ldrar! B\u00f6rja cykla &#8211; steg f\u00f6r steg V\u00e5ra dep\u00e5er:<a href=\"https:\/\/scf.se\/paracykel\/borja-cykla-paracykel\/\" class=\"news-card__more\"> &#8230;<\/a><\/p>\n","protected":false},"author":43,"featured_media":0,"parent":0,"menu_order":0,"comment_status":"closed","ping_status":"closed","template":"","meta":{"_acf_changed":false,"footnotes":""},"class_list":["post-21","page","type-page","status-publish","hentry"],"acf":[],"_links":{"self":[{"href":"https:\/\/scf.se\/paracykel\/wp-json\/wp\/v2\/pages\/21","targetHints":{"allow":["GET"]}}],"collection":[{"href":"https:\/\/scf.se\/paracykel\/wp-json\/wp\/v2\/pages"}],"about":[{"href":"https:\/\/scf.se\/paracykel\/wp-json\/wp\/v2\/types\/page"}],"author":[{"embeddable":true,"href":"https:\/\/scf.se\/paracykel\/wp-json\/wp\/v2\/users\/43"}],"replies":[{"embeddable":true,"href":"https:\/\/scf.se\/paracykel\/wp-json\/wp\/v2\/comments?post=21"}],"version-history":[{"count":13,"href":"https:\/\/scf.se\/paracykel\/wp-json\/wp\/v2\/pages\/21\/revisions"}],"predecessor-version":[{"id":4008,"href":"https:\/\/scf.se\/paracykel\/wp-json\/wp\/v2\/pages\/21\/revisions\/4008"}],"wp:attachment":[{"href":"https:\/\/scf.se\/paracykel\/wp-json\/wp\/v2\/media?parent=21"}],"curies":[{"name":"wp","href":"https:\/\/api.w.org\/{rel}","templated":true}]}}