
{"id":2082,"date":"2023-03-16T14:21:04","date_gmt":"2023-03-16T13:21:04","guid":{"rendered":"http:\/\/scf.se\/paracykel\/?page_id=2082"},"modified":"2025-01-10T12:45:37","modified_gmt":"2025-01-10T11:45:37","slug":"sm-tempo-2023","status":"publish","type":"page","link":"https:\/\/scf.se\/paracykel\/sm-tempo-2023\/","title":{"rendered":"SM Tempo 2023"},"content":{"rendered":"<h3><strong>SM i tempo k\u00f6rs \u00e4ven 2023 vid samma tillf\u00e4lle som seniorelit och juniorer<\/strong><\/h3>\n<p>&nbsp;<\/p>\n<p><strong>Arrang\u00f6r:<\/strong> Upsala CK.<\/p>\n<p><strong>Plats:<\/strong> Bj\u00f6rklinge.<\/p>\n<p><strong>Dag: <\/strong>Torsdag 22 juni.<\/p>\n<p><strong>Resultat:\u00a0<a href=\"https:\/\/www.sportstiming.se\/event\/12652\/results?round=67953\">https:\/\/www.sportstiming.se\/event\/12652\/results?round=67953<\/a><\/strong><\/p>\n","protected":false},"excerpt":{"rendered":"<p>SM i tempo k\u00f6rs \u00e4ven 2023 vid samma tillf\u00e4lle som seniorelit och juniorer &nbsp; Arrang\u00f6r: Upsala CK. Plats: Bj\u00f6rklinge. Dag: Torsdag 22 juni. Resultat:\u00a0https:\/\/www.sportstiming.se\/event\/12652\/results?round=67953<\/p>\n","protected":false},"author":41,"featured_media":0,"parent":0,"menu_order":0,"comment_status":"closed","ping_status":"closed","template":"","meta":{"_acf_changed":false,"footnotes":""},"class_list":["post-2082","page","type-page","status-publish","hentry"],"acf":[],"_links":{"self":[{"href":"https:\/\/scf.se\/paracykel\/wp-json\/wp\/v2\/pages\/2082","targetHints":{"allow":["GET"]}}],"collection":[{"href":"https:\/\/scf.se\/paracykel\/wp-json\/wp\/v2\/pages"}],"about":[{"href":"https:\/\/scf.se\/paracykel\/wp-json\/wp\/v2\/types\/page"}],"author":[{"embeddable":true,"href":"https:\/\/scf.se\/paracykel\/wp-json\/wp\/v2\/users\/41"}],"replies":[{"embeddable":true,"href":"https:\/\/scf.se\/paracykel\/wp-json\/wp\/v2\/comments?post=2082"}],"version-history":[{"count":2,"href":"https:\/\/scf.se\/paracykel\/wp-json\/wp\/v2\/pages\/2082\/revisions"}],"predecessor-version":[{"id":3218,"href":"https:\/\/scf.se\/paracykel\/wp-json\/wp\/v2\/pages\/2082\/revisions\/3218"}],"wp:attachment":[{"href":"https:\/\/scf.se\/paracykel\/wp-json\/wp\/v2\/media?parent=2082"}],"curies":[{"name":"wp","href":"https:\/\/api.w.org\/{rel}","templated":true}]}}

<h3><strong>SM i tempo körs även 2023 vid samma tillfälle som seniorelit och juniorer</strong></h3>
<p>&nbsp;</p>
<p><strong>Arrangör:</strong> Upsala CK.</p>
<p><strong>Plats:</strong> Björklinge.</p>
<p><strong>Dag: </strong>Torsdag 22 juni.</p>
<p><strong>Resultat: <a href="https://www.sportstiming.se/event/12652/results?round=67953">https://www.sportstiming.se/event/12652/results?round=67953</a></strong></p>

<p>SM i tempo körs även 2023 vid samma tillfälle som seniorelit och juniorer &nbsp; Arrangör: Upsala CK. Plats: Björklinge. Dag: Torsdag 22 juni. Resultat: https://www.sportstiming.se/event/12652/results?round=67953</p>
