
{"id":2081,"date":"2023-03-16T14:15:54","date_gmt":"2023-03-16T13:15:54","guid":{"rendered":"http:\/\/scf.se\/paracykel\/?page_id=2081"},"modified":"2025-01-10T12:49:32","modified_gmt":"2025-01-10T11:49:32","slug":"sm-jaktstart-2023","status":"publish","type":"page","link":"https:\/\/scf.se\/paracykel\/sm-jaktstart-2023\/","title":{"rendered":"SM Jaktstart 2023"},"content":{"rendered":"<h3>SM Jaktstart racer para 2023<\/h3>\n<p><strong>Arrang\u00f6r:<\/strong> Gimon\u00e4s CK och Obbola IK Cykel.<\/p>\n<p><strong>Plats<\/strong>: Centrala Ume\u00e5.<\/p>\n<p><strong>Datum:<\/strong> 29 juni<\/p>\n<p><strong>T\u00e4vlingsklass:<\/strong> En gemensam f\u00f6r herrar och damer i alla klasser racer med omr\u00e4kningsfaktor.<\/p>\n<p><strong>Resultat:\u00a0<a href=\"https:\/\/cykel.indta.se\/api\/v1\/bilaga\/724be65c-5512-4ffb-adf2-901e4a9215fd\/resultatkortdistans_damerelitparaherrarelit.pdf\">https:\/\/cykel.indta.se\/api\/v1\/bilaga\/724be65c-5512-4ffb-adf2-901e4a9215fd\/resultatkortdistans_damerelitparaherrarelit.pdf<\/a><\/strong><\/p>\n<p>&nbsp;<\/p>\n","protected":false},"excerpt":{"rendered":"<p>SM Jaktstart racer para 2023 Arrang\u00f6r: Gimon\u00e4s CK och Obbola IK Cykel. Plats: Centrala Ume\u00e5. Datum: 29 juni T\u00e4vlingsklass: En gemensam f\u00f6r herrar och damer i alla klasser racer med omr\u00e4kningsfaktor. Resultat:\u00a0https:\/\/cykel.indta.se\/api\/v1\/bilaga\/724be65c-5512-4ffb-adf2-901e4a9215fd\/resultatkortdistans_damerelitparaherrarelit.pdf &nbsp;<\/p>\n","protected":false},"author":41,"featured_media":0,"parent":0,"menu_order":0,"comment_status":"closed","ping_status":"closed","template":"","meta":{"_acf_changed":false,"footnotes":""},"class_list":["post-2081","page","type-page","status-publish","hentry"],"acf":[],"_links":{"self":[{"href":"https:\/\/scf.se\/paracykel\/wp-json\/wp\/v2\/pages\/2081","targetHints":{"allow":["GET"]}}],"collection":[{"href":"https:\/\/scf.se\/paracykel\/wp-json\/wp\/v2\/pages"}],"about":[{"href":"https:\/\/scf.se\/paracykel\/wp-json\/wp\/v2\/types\/page"}],"author":[{"embeddable":true,"href":"https:\/\/scf.se\/paracykel\/wp-json\/wp\/v2\/users\/41"}],"replies":[{"embeddable":true,"href":"https:\/\/scf.se\/paracykel\/wp-json\/wp\/v2\/comments?post=2081"}],"version-history":[{"count":2,"href":"https:\/\/scf.se\/paracykel\/wp-json\/wp\/v2\/pages\/2081\/revisions"}],"predecessor-version":[{"id":3220,"href":"https:\/\/scf.se\/paracykel\/wp-json\/wp\/v2\/pages\/2081\/revisions\/3220"}],"wp:attachment":[{"href":"https:\/\/scf.se\/paracykel\/wp-json\/wp\/v2\/media?parent=2081"}],"curies":[{"name":"wp","href":"https:\/\/api.w.org\/{rel}","templated":true}]}}

<h3>SM Jaktstart racer para 2023</h3>
<p><strong>Arrangör:</strong> Gimonäs CK och Obbola IK Cykel.</p>
<p><strong>Plats</strong>: Centrala Umeå.</p>
<p><strong>Datum:</strong> 29 juni</p>
<p><strong>Tävlingsklass:</strong> En gemensam för herrar och damer i alla klasser racer med omräkningsfaktor.</p>
<p><strong>Resultat: <a href="https://cykel.indta.se/api/v1/bilaga/724be65c-5512-4ffb-adf2-901e4a9215fd/resultatkortdistans_damerelitparaherrarelit.pdf">https://cykel.indta.se/api/v1/bilaga/724be65c-5512-4ffb-adf2-901e4a9215fd/resultatkortdistans_damerelitparaherrarelit.pdf</a></strong></p>
<p>&nbsp;</p>

<p>SM Jaktstart racer para 2023 Arrangör: Gimonäs CK och Obbola IK Cykel. Plats: Centrala Umeå. Datum: 29 juni Tävlingsklass: En gemensam för herrar och damer i alla klasser racer med omräkningsfaktor. Resultat: https://cykel.indta.se/api/v1/bilaga/724be65c-5512-4ffb-adf2-901e4a9215fd/resultatkortdistans_damerelitparaherrarelit.pdf &nbsp;</p>
