
{"id":1592,"date":"2021-12-04T18:57:36","date_gmt":"2021-12-04T17:57:36","guid":{"rendered":"http:\/\/scf.se\/paracykel\/?page_id=1592"},"modified":"2024-12-04T13:09:30","modified_gmt":"2024-12-04T12:09:30","slug":"swe-paracykelteam-2028","status":"publish","type":"page","link":"https:\/\/scf.se\/paracykel\/swe-paracykelteam-2028\/","title":{"rendered":"SWE Cycling Paracykelteam 2028"},"content":{"rendered":"<p>Satsningen mot att rekrytera, introducera utveckla och coacha aktiva och ledare i satsningen mot Paralympics i<br \/>\nLos Angels 2028 har vi startat upp. D\u00e4r vi kommer anv\u00e4nda v\u00e5ra profiler i landslaget<br \/>\nf\u00f6r att intressera och motivera aktiva och ledare i en satsning.<\/p>\n<p>Arbetet mot Paralympics i Los Angeles\u00a0 \u00e4r ig\u00e5ng. Landslag paracykel startar jakten p\u00e5 att klassificera, coacha och kvalificera cyklister med<br \/>\natt k\u00f6ra t\u00e4vlingar enligt kvalificeringskraven fr\u00e5n UCI.<\/p>\n<p>Konkurrensen internationellt blir hela tiden tuffare, och nationer l\u00e4gger ner mer och mer resurser p\u00e5 att k\u00f6ra om medaljer p\u00e5<br \/>\ninternationella t\u00e4vlingar och m\u00e4sterskap.<\/p>\n<p>Landslag paracykel forts\u00e4tter att utveckla verksamheten och kommer att arbeta f\u00f6r att vi kan erbjuda v\u00e5ra landslags aktiva och ledare en prestations milj\u00f6.<\/p>\n<p>F\u00f6r att kunna erbjuda en prestationsmilj\u00f6 f\u00f6r aktiva och ledare kommer vi arbeta med att forts\u00e4tta utveckla alla v\u00e5ra omr\u00e5den med de resurser som finns tillg\u00e4ngliga.<\/p>\n<p>\u2013 Vi kommer att forts\u00e4tta utveckla verksamheten med elitidrottsst\u00f6d och de resurser som finns p\u00e5 Bos\u00f6n.<br \/>\n\u2013 Vi kommer att s\u00f6ka samarbetspartners f\u00f6r cyklar, material och utrustning<br \/>\n\u2013 Vi kommer att s\u00f6ka grenspecifika samarbetspartners som g\u00e5r in med ekonomiskt st\u00f6d<br \/>\n\u2013 Vi kommer att rekrytera och introducera fler ledare f\u00f6r att vara med p\u00e5 internationella t\u00e4vlingar och m\u00e4sterskap<\/p>\n<p>&nbsp;<\/p>\n<p>&nbsp;<\/p>\n<p>&nbsp;<\/p>\n","protected":false},"excerpt":{"rendered":"<p>Satsningen mot att rekrytera, introducera utveckla och coacha aktiva och ledare i satsningen mot Paralympics i Los Angels 2028 har vi startat upp. D\u00e4r vi kommer anv\u00e4nda v\u00e5ra profiler i landslaget f\u00f6r att intressera och motivera aktiva och ledare i en satsning. Arbetet mot Paralympics i Los Angeles\u00a0 \u00e4r ig\u00e5ng. Landslag paracykel startar jakten<a href=\"https:\/\/scf.se\/paracykel\/swe-paracykelteam-2028\/\" class=\"news-card__more\"> &#8230;<\/a><\/p>\n","protected":false},"author":11,"featured_media":1497,"parent":0,"menu_order":0,"comment_status":"closed","ping_status":"closed","template":"","meta":{"_acf_changed":false,"footnotes":""},"class_list":["post-1592","page","type-page","status-publish","hentry"],"acf":[],"_links":{"self":[{"href":"https:\/\/scf.se\/paracykel\/wp-json\/wp\/v2\/pages\/1592","targetHints":{"allow":["GET"]}}],"collection":[{"href":"https:\/\/scf.se\/paracykel\/wp-json\/wp\/v2\/pages"}],"about":[{"href":"https:\/\/scf.se\/paracykel\/wp-json\/wp\/v2\/types\/page"}],"author":[{"embeddable":true,"href":"https:\/\/scf.se\/paracykel\/wp-json\/wp\/v2\/users\/11"}],"replies":[{"embeddable":true,"href":"https:\/\/scf.se\/paracykel\/wp-json\/wp\/v2\/comments?post=1592"}],"version-history":[{"count":2,"href":"https:\/\/scf.se\/paracykel\/wp-json\/wp\/v2\/pages\/1592\/revisions"}],"predecessor-version":[{"id":3177,"href":"https:\/\/scf.se\/paracykel\/wp-json\/wp\/v2\/pages\/1592\/revisions\/3177"}],"wp:featuredmedia":[{"embeddable":true,"href":"https:\/\/scf.se\/paracykel\/wp-json\/wp\/v2\/media\/1497"}],"wp:attachment":[{"href":"https:\/\/scf.se\/paracykel\/wp-json\/wp\/v2\/media?parent=1592"}],"curies":[{"name":"wp","href":"https:\/\/api.w.org\/{rel}","templated":true}]}}