
{"id":1566,"date":"2021-10-01T11:16:07","date_gmt":"2021-10-01T09:16:07","guid":{"rendered":"http:\/\/scf.se\/paracykel\/?page_id=1566"},"modified":"2021-10-15T14:12:41","modified_gmt":"2021-10-15T12:12:41","slug":"sm-tempo-2021","status":"publish","type":"page","link":"https:\/\/scf.se\/paracykel\/sm-tempo-2021\/","title":{"rendered":"SM Tempo 2021"},"content":{"rendered":"<h2><strong>SM Landsv\u00e4g Tempo 2021\u00a0<\/strong><\/h2>\n<p><strong>Senast uppdaterad:<\/strong> 21.10.15<\/p>\n<p><strong>Arrang\u00f6r:<\/strong>\u00a0SCF i samarbete med lokala klubbar, CKu6, Destination J\u00f6nk\u00f6ping, J\u00f6nk\u00f6pings Kommun, Gjensidige, Pearl iZumi, Sportson, Enervit, Atteviks och Ica Lekeryd.<\/p>\n<p><strong>Inbjudan:<\/strong>\u00a0Finns p\u00e5 Sportstiming\u00a0<a href=\"https:\/\/www.sportstiming.se\/event\/9128\">h\u00e4r<\/a><\/p>\n<p><strong>Plats:\u00a0<\/strong>Lekeryd<\/p>\n<p><strong>Datum: <\/strong>7 augusti 2021<\/p>\n<p><strong>T\u00e4vlingsklass 7 augusti:<\/strong><\/p>\n<ul>\n<li>Para<\/li>\n<\/ul>\n<p><strong>Resultat: <\/strong><a href=\"https:\/\/scf.se\/landsvag\/wp-content\/uploads\/sites\/5\/2021\/09\/Resultat_SM_Tempo_Para.pdf\">Para<\/a><\/p>\n<p><strong>Racerapport:<\/strong> L\u00e4s mer om SM Landsv\u00e4g Tempo 2021 <a href=\"https:\/\/scf.se\/paracykel\/uttagna-till-paralympics-stod-pa-startlinjen-under-sm-landsvag-tempo\/\">h\u00e4r<\/a><\/p>\n","protected":false},"excerpt":{"rendered":"<p>SM Landsv\u00e4g Tempo 2021\u00a0 Senast uppdaterad: 21.10.15 Arrang\u00f6r:\u00a0SCF i samarbete med lokala klubbar, CKu6, Destination J\u00f6nk\u00f6ping, J\u00f6nk\u00f6pings Kommun, Gjensidige, Pearl iZumi, Sportson, Enervit, Atteviks och Ica Lekeryd. Inbjudan:\u00a0Finns p\u00e5 Sportstiming\u00a0h\u00e4r Plats:\u00a0Lekeryd Datum: 7 augusti 2021 T\u00e4vlingsklass 7 augusti: Para Resultat: Para Racerapport: L\u00e4s mer om SM Landsv\u00e4g Tempo 2021 h\u00e4r<\/p>\n","protected":false},"author":38,"featured_media":0,"parent":0,"menu_order":0,"comment_status":"closed","ping_status":"closed","template":"","meta":{"_acf_changed":false,"footnotes":""},"class_list":["post-1566","page","type-page","status-publish","hentry"],"acf":[],"_links":{"self":[{"href":"https:\/\/scf.se\/paracykel\/wp-json\/wp\/v2\/pages\/1566","targetHints":{"allow":["GET"]}}],"collection":[{"href":"https:\/\/scf.se\/paracykel\/wp-json\/wp\/v2\/pages"}],"about":[{"href":"https:\/\/scf.se\/paracykel\/wp-json\/wp\/v2\/types\/page"}],"author":[{"embeddable":true,"href":"https:\/\/scf.se\/paracykel\/wp-json\/wp\/v2\/users\/38"}],"replies":[{"embeddable":true,"href":"https:\/\/scf.se\/paracykel\/wp-json\/wp\/v2\/comments?post=1566"}],"version-history":[{"count":0,"href":"https:\/\/scf.se\/paracykel\/wp-json\/wp\/v2\/pages\/1566\/revisions"}],"wp:attachment":[{"href":"https:\/\/scf.se\/paracykel\/wp-json\/wp\/v2\/media?parent=1566"}],"curies":[{"name":"wp","href":"https:\/\/api.w.org\/{rel}","templated":true}]}}

<h2><strong>SM Landsväg Tempo 2021 </strong></h2>
<p><strong>Senast uppdaterad:</strong> 21.10.15</p>
<p><strong>Arrangör:</strong> SCF i samarbete med lokala klubbar, CKu6, Destination Jönköping, Jönköpings Kommun, Gjensidige, Pearl iZumi, Sportson, Enervit, Atteviks och Ica Lekeryd.</p>
<p><strong>Inbjudan:</strong> Finns på Sportstiming <a href="https://www.sportstiming.se/event/9128">här</a></p>
<p><strong>Plats: </strong>Lekeryd</p>
<p><strong>Datum: </strong>7 augusti 2021</p>
<p><strong>Tävlingsklass 7 augusti:</strong></p>
<ul>
<li>Para</li>
</ul>
<p><strong>Resultat: </strong><a href="https://scf.se/landsvag/wp-content/uploads/sites/5/2021/09/Resultat_SM_Tempo_Para.pdf">Para</a></p>
<p><strong>Racerapport:</strong> Läs mer om SM Landsväg Tempo 2021 <a href="https://scf.se/paracykel/uttagna-till-paralympics-stod-pa-startlinjen-under-sm-landsvag-tempo/">här</a></p>

<p>SM Landsväg Tempo 2021  Senast uppdaterad: 21.10.15 Arrangör: SCF i samarbete med lokala klubbar, CKu6, Destination Jönköping, Jönköpings Kommun, Gjensidige, Pearl iZumi, Sportson, Enervit, Atteviks och Ica Lekeryd. Inbjudan: Finns på Sportstiming här Plats: Lekeryd Datum: 7 augusti 2021 Tävlingsklass 7 augusti: Para Resultat: Para Racerapport: Läs mer om SM Landsväg Tempo 2021 här</p>
