
{"id":109,"date":"2026-03-23T13:00:04","date_gmt":"2026-03-23T12:00:04","guid":{"rendered":"http:\/\/svenskcykel.grandpublic.se\/paracykel\/?page_id=109"},"modified":"2026-04-13T08:10:07","modified_gmt":"2026-04-13T06:10:07","slug":"svenska-tavlingar","status":"publish","type":"page","link":"https:\/\/scf.se\/paracykel\/svenska-tavlingar\/","title":{"rendered":"Svenska t\u00e4vlingar Paracykel"},"content":{"rendered":"<p><strong>Grengrupp paracykel\u00a0 fokuserar p\u00e5 att det arrangeras fler t\u00e4vlingar p\u00e5 bana och landsv\u00e4g i Sverige med paracykel som disciplin.<\/strong><\/p>\n<p><strong>Paracykelt\u00e4vlingar 2026<\/strong><\/p>\n<p>T\u00e4vlingar 2026 samt motionslopp som grengruppen \u00e4r engagerade i<\/p>\n<p>18 April \u00d6stg\u00f6tatempot<br \/>\n<a href=\"https:\/\/www.sportstiming.se\/event\/17352\">https:\/\/www.sportstiming.se\/event\/17352<\/a><br \/>\nLjungsbro<br \/>\nSWE Cup Paracykel<\/p>\n<p>19 April \u00d6stg\u00f6taloppet &#8211; Jaktstart<br \/>\n<a href=\"https:\/\/www.sportstiming.se\/event\/17353\">https:\/\/www.sportstiming.se\/event\/17353<\/a><br \/>\nLjungsbro<br \/>\nSWE Cup Paracykel<\/p>\n<p>16 Maj Lockarps Criterium &#8211; Jaktstart<br \/>\n<a href=\"https:\/\/www.sportstiming.se\/event\/17666\">https:\/\/www.sportstiming.se\/event\/17666<\/a><br \/>\nMalm\u00f6 SWE Cup Paracykel<\/p>\n<p>17 Maj Lyngbyloppet &#8211; Tempo<br \/>\n<a href=\"https:\/\/www.sportstiming.se\/event\/17665\">https:\/\/www.sportstiming.se\/event\/17665<\/a><br \/>\nGenarp<br \/>\nSWE Cup Paracykel<\/p>\n<p>6 Juni V\u00e4tternrundan 100km<br \/>\n<a href=\"https:\/\/vatternrundan.se\/vatternrundan100km\/sv\/\">https:\/\/vatternrundan.se\/vatternrundan100km\/sv\/<\/a><br \/>\nMotala<br \/>\nMotionslopp<\/p>\n<p>25 Juni SM Kortbana\/Jaktstart Racer\/UCI C2<br \/>\n<a href=\"https:\/\/smveckan.se\/karlstad-2026\/\">https:\/\/smveckan.se\/karlstad-2026\/<\/a><br \/>\nNorrk\u00f6ping Svenskt M\u00e4sterskap<\/p>\n<p>30 Juni SM Tempo\/UCI C2<br \/>\n<a href=\"https:\/\/upsalack.se\/\">https:\/\/upsalack.se\/<\/a><br \/>\nUppsala<br \/>\nSvenskt M\u00e4sterskap<\/p>\n<p>7 &#8211; 8 Aug Cykelvasan<br \/>\n<a href=\"https:\/\/vasaloppet.se\/cykel\/\">https:\/\/vasaloppet.se\/cykel\/<\/a><br \/>\nS\u00e4len &#8211; Mora<br \/>\nMotion<\/p>\n<p>22 Aug Wolfram Grand Prix &#8211; Jaktstart Handcykel\/UCI C2<br \/>\n<a href=\"https:\/\/ckhymer.com\/\">https:\/\/ckhymer.com\/<\/a><br \/>\nLink\u00f6ping<br \/>\nSWE Cup Paracykel<\/p>\n<p>23 Aug Roxen runt<br \/>\n<a href=\"https:\/\/ckhymer.com\/\">https:\/\/ckhymer.com\/<\/a><br \/>\nLink\u00f6ping<br \/>\nMotionslopp<\/p>\n<p>19 Sept Klar\u00e4lvsloppet<br \/>\n<a href=\"https:\/\/klaralvsloppet.se\/bike\/\">https:\/\/klaralvsloppet.se\/bike\/<\/a><br \/>\nKarlstad<br \/>\nMotionslopp<\/p>\n<p><strong>Dokument f\u00f6r t\u00e4vlingar 2026<\/strong><br \/>\n<a href=\"https:\/\/scf.se\/paracykel\/wp-content\/uploads\/sites\/7\/2026\/04\/Paracykeltavlingar-2026-information-till-deltagare.pdf\">Paracykelt\u00e4vlingar 2026 information till deltagare<\/a><br \/>\n<a href=\"https:\/\/scf.se\/paracykel\/wp-content\/uploads\/sites\/7\/2026\/03\/Hotell-i-samband-med-svenska-paracykeltavlingar-2026-1.docx\">Hotell i samband med svenska paracykelt\u00e4vlingar &#8211; 2026<\/a><br \/>\n<a href=\"https:\/\/scf.se\/paracykel\/wp-content\/uploads\/sites\/7\/2026\/03\/Information-till-tavlingsarrangorer-2026.pdf\">Information till t\u00e4vlingsarrang\u00f6rer &#8211; 2026<\/a><br \/>\n<a href=\"https:\/\/scf.se\/paracykel\/wp-content\/uploads\/sites\/7\/2026\/03\/16-PAR-20260101-E.pdf\">16-PAR-20260101-E<\/a><br \/>\n<a href=\"https:\/\/scf.se\/paracykel\/wp-content\/uploads\/sites\/7\/2026\/03\/Svensk-tillampning-TR-del-16-5.docx\">Svensk till\u00e4mpning TR del 16<\/a><br \/>\n<a href=\"https:\/\/scf.se\/paracykel\/wp-content\/uploads\/sites\/7\/2026\/03\/Faktorer-Landsvag.pdf\">Faktorer Landsv\u00e4g<\/a><br \/>\n<a href=\"https:\/\/scf.se\/paracykel\/wp-content\/uploads\/sites\/7\/2026\/03\/UCI-Factors_2024-Bana.pdf\">Faktorer\u00a0 Bana<\/a><\/p>\n<p><strong>Klassificeringstillf\u00e4lle 1 &#8211; 2026<br \/>\n<\/strong>18 Apr i samband med \u00d6stg\u00f6tatempot<\/p>\n<p><strong><em>Anm\u00e4lningsl\u00e4nkar l\u00e4ggs upp kontinuerligt h\u00e4r, kolla ocks\u00e5 Sportstiming.se!<\/em><\/strong><\/p>\n","protected":false},"excerpt":{"rendered":"<p>Grengrupp paracykel\u00a0 fokuserar p\u00e5 att det arrangeras fler t\u00e4vlingar p\u00e5 bana och landsv\u00e4g i Sverige med paracykel som disciplin. Paracykelt\u00e4vlingar 2026 T\u00e4vlingar 2026 samt motionslopp som grengruppen \u00e4r engagerade i 18 April \u00d6stg\u00f6tatempot https:\/\/www.sportstiming.se\/event\/17352 Ljungsbro SWE Cup Paracykel 19 April \u00d6stg\u00f6taloppet &#8211; Jaktstart https:\/\/www.sportstiming.se\/event\/17353 Ljungsbro SWE Cup Paracykel 16 Maj Lockarps Criterium &#8211; Jaktstart<a href=\"https:\/\/scf.se\/paracykel\/svenska-tavlingar\/\" class=\"news-card__more\"> &#8230;<\/a><\/p>\n","protected":false},"author":43,"featured_media":0,"parent":0,"menu_order":0,"comment_status":"closed","ping_status":"closed","template":"","meta":{"_acf_changed":false,"footnotes":""},"class_list":["post-109","page","type-page","status-publish","hentry"],"acf":[],"_links":{"self":[{"href":"https:\/\/scf.se\/paracykel\/wp-json\/wp\/v2\/pages\/109","targetHints":{"allow":["GET"]}}],"collection":[{"href":"https:\/\/scf.se\/paracykel\/wp-json\/wp\/v2\/pages"}],"about":[{"href":"https:\/\/scf.se\/paracykel\/wp-json\/wp\/v2\/types\/page"}],"author":[{"embeddable":true,"href":"https:\/\/scf.se\/paracykel\/wp-json\/wp\/v2\/users\/43"}],"replies":[{"embeddable":true,"href":"https:\/\/scf.se\/paracykel\/wp-json\/wp\/v2\/comments?post=109"}],"version-history":[{"count":13,"href":"https:\/\/scf.se\/paracykel\/wp-json\/wp\/v2\/pages\/109\/revisions"}],"predecessor-version":[{"id":4207,"href":"https:\/\/scf.se\/paracykel\/wp-json\/wp\/v2\/pages\/109\/revisions\/4207"}],"wp:attachment":[{"href":"https:\/\/scf.se\/paracykel\/wp-json\/wp\/v2\/media?parent=109"}],"curies":[{"name":"wp","href":"https:\/\/api.w.org\/{rel}","templated":true}]}}