
{"id":8974,"date":"2025-11-27T16:20:55","date_gmt":"2025-11-27T15:20:55","guid":{"rendered":"https:\/\/scf.se\/mountainbike\/?page_id=8974"},"modified":"2025-11-27T16:25:13","modified_gmt":"2025-11-27T15:25:13","slug":"sm-enduro-2026","status":"publish","type":"page","link":"https:\/\/scf.se\/mountainbike\/sm-enduro-2026\/","title":{"rendered":"SM Enduro 2026"},"content":{"rendered":"<h3 class=\"xmsonormal\" style=\"background: white\"><span style=\"color: black\">SM Enduro 2026<\/span><\/h3>\n<ul>\n<li class=\"xmsonormal\" style=\"background: white\"><span style=\"color: black\"><strong>Svenska M\u00e4sterskapen Enduro 2026:<\/strong> Ulricehamn 5\u20136 september, \u00e4ven SWE Cup #6.<\/span><\/li>\n<\/ul>\n<p><em>Mer info nedan!<\/em><\/p>\n<blockquote class=\"wp-embedded-content\" data-secret=\"xDlRmv0JQx\"><p><a href=\"https:\/\/scf.se\/mountainbike\/klart-svenska-masterskapen-i-enduro-2026-kors-i-ulricehamn\/\">KLART: Svenska m\u00e4sterskapen i enduro 2026 k\u00f6rs i Ulricehamn<\/a><\/p><\/blockquote>\n<p><div class=\"video-wrapper\"><iframe loading=\"lazy\" class=\"wp-embedded-content\" sandbox=\"allow-scripts\" security=\"restricted\" style=\"position: absolute; visibility: hidden;\" title=\"\u201dKLART: Svenska m\u00e4sterskapen i enduro 2026 k\u00f6rs i Ulricehamn\u201d &ndash; Mountainbike\" src=\"https:\/\/scf.se\/mountainbike\/klart-svenska-masterskapen-i-enduro-2026-kors-i-ulricehamn\/embed\/#?secret=d3IZrl64hh#?secret=xDlRmv0JQx\" data-secret=\"xDlRmv0JQx\" width=\"500\" height=\"282\" frameborder=\"0\" marginwidth=\"0\" marginheight=\"0\" scrolling=\"no\"><\/iframe><\/div><\/p>\n","protected":false},"excerpt":{"rendered":"<p>SM Enduro 2026 Svenska M\u00e4sterskapen Enduro 2026: Ulricehamn 5\u20136 september, \u00e4ven SWE Cup #6. Mer info nedan! KLART: Svenska m\u00e4sterskapen i enduro 2026 k\u00f6rs i Ulricehamn<\/p>\n","protected":false},"author":41,"featured_media":0,"parent":0,"menu_order":0,"comment_status":"closed","ping_status":"closed","template":"","meta":{"_acf_changed":false,"footnotes":""},"class_list":["post-8974","page","type-page","status-publish","hentry"],"acf":[],"_links":{"self":[{"href":"https:\/\/scf.se\/mountainbike\/wp-json\/wp\/v2\/pages\/8974","targetHints":{"allow":["GET"]}}],"collection":[{"href":"https:\/\/scf.se\/mountainbike\/wp-json\/wp\/v2\/pages"}],"about":[{"href":"https:\/\/scf.se\/mountainbike\/wp-json\/wp\/v2\/types\/page"}],"author":[{"embeddable":true,"href":"https:\/\/scf.se\/mountainbike\/wp-json\/wp\/v2\/users\/41"}],"replies":[{"embeddable":true,"href":"https:\/\/scf.se\/mountainbike\/wp-json\/wp\/v2\/comments?post=8974"}],"version-history":[{"count":3,"href":"https:\/\/scf.se\/mountainbike\/wp-json\/wp\/v2\/pages\/8974\/revisions"}],"predecessor-version":[{"id":8980,"href":"https:\/\/scf.se\/mountainbike\/wp-json\/wp\/v2\/pages\/8974\/revisions\/8980"}],"wp:attachment":[{"href":"https:\/\/scf.se\/mountainbike\/wp-json\/wp\/v2\/media?parent=8974"}],"curies":[{"name":"wp","href":"https:\/\/api.w.org\/{rel}","templated":true}]}}

<h3 class="xmsonormal" style="background: white"><span style="color: black">SM Enduro 2026</span></h3>
<ul>
<li class="xmsonormal" style="background: white"><span style="color: black"><strong>Svenska Mästerskapen Enduro 2026:</strong> Ulricehamn 5–6 september, även SWE Cup #6.</span></li>
</ul>
<p><em>Mer info nedan!</em></p>
<blockquote class="wp-embedded-content" data-secret="xDlRmv0JQx"><p><a href="https://scf.se/mountainbike/klart-svenska-masterskapen-i-enduro-2026-kors-i-ulricehamn/">KLART: Svenska mästerskapen i enduro 2026 körs i Ulricehamn</a></p></blockquote>
<p><div class="video-wrapper"><iframe loading="lazy" class="wp-embedded-content" sandbox="allow-scripts" security="restricted" style="position: absolute; visibility: hidden;" title="”KLART: Svenska mästerskapen i enduro 2026 körs i Ulricehamn” &ndash; Mountainbike" src="https://scf.se/mountainbike/klart-svenska-masterskapen-i-enduro-2026-kors-i-ulricehamn/embed/#?secret=d3IZrl64hh#?secret=xDlRmv0JQx" data-secret="xDlRmv0JQx" width="500" height="282" frameborder="0" marginwidth="0" marginheight="0" scrolling="no"></iframe></div></p>

<p>SM Enduro 2026 Svenska Mästerskapen Enduro 2026: Ulricehamn 5–6 september, även SWE Cup #6. Mer info nedan! KLART: Svenska mästerskapen i enduro 2026 körs i Ulricehamn</p>
