
{"id":3515,"date":"2023-02-20T15:00:05","date_gmt":"2023-02-20T14:00:05","guid":{"rendered":"http:\/\/scf.se\/mountainbike\/?page_id=3515"},"modified":"2023-07-12T09:19:28","modified_gmt":"2023-07-12T07:19:28","slug":"sm-xce-2023","status":"publish","type":"page","link":"https:\/\/scf.se\/mountainbike\/sm-xce-2023\/","title":{"rendered":"SM XCE 2023"},"content":{"rendered":"<h3><a href=\"https:\/\/www.swecyclingonline.se\/api\/v1\/bilaga\/5ebb46d4-8653-4ab7-9fae-2e72a6d8670e\/stege_mtb_xc_damer.pdf\"><img loading=\"lazy\" decoding=\"async\" class=\"alignnone size-full wp-image-3987\" src=\"https:\/\/scf.se\/mountainbike\/wp-content\/uploads\/sites\/6\/2023\/06\/XCESM4.jpg\" alt=\"\" width=\"1806\" height=\"1456\" srcset=\"https:\/\/scf.se\/mountainbike\/wp-content\/uploads\/sites\/6\/2023\/06\/XCESM4.jpg 1806w, https:\/\/scf.se\/mountainbike\/wp-content\/uploads\/sites\/6\/2023\/06\/XCESM4-300x242.jpg 300w, https:\/\/scf.se\/mountainbike\/wp-content\/uploads\/sites\/6\/2023\/06\/XCESM4-1024x826.jpg 1024w, https:\/\/scf.se\/mountainbike\/wp-content\/uploads\/sites\/6\/2023\/06\/XCESM4-768x619.jpg 768w, https:\/\/scf.se\/mountainbike\/wp-content\/uploads\/sites\/6\/2023\/06\/XCESM4-1536x1238.jpg 1536w\" sizes=\"auto, (max-width: 1806px) 100vw, 1806px\" \/><\/a><\/h3>\n<h3><strong>SM XCE 2023<\/strong><\/h3>\n<p><strong>Arrang\u00f6r<\/strong>: SCF i samarbete med Gimon\u00e4s CK och Obbola IK Cykel.<\/p>\n<p><strong>Plats:<\/strong> <a href=\"https:\/\/smveckan.se\/\">SM-Veckan Ume\u00e5<\/a>.<\/p>\n<p><strong>Datum:<\/strong> Tisdag den 27 Juni.<\/p>\n<p><strong>T\u00e4vlingsklass:<\/strong><\/p>\n<ul>\n<li>Dam Elit (inkl. junior)<\/li>\n<li>Herr Elit (inkl. junior)<\/li>\n<\/ul>\n<a href=\"https:\/\/scf.se\/mountainbike\/wp-content\/uploads\/sites\/6\/2023\/06\/Burman1.jpg\"><img loading=\"lazy\" decoding=\"async\" class=\"alignnone size-full wp-image-3984\" src=\"https:\/\/scf.se\/mountainbike\/wp-content\/uploads\/sites\/6\/2023\/06\/Burman1.jpg\" alt=\"\" width=\"1381\" height=\"1100\" srcset=\"https:\/\/scf.se\/mountainbike\/wp-content\/uploads\/sites\/6\/2023\/06\/Burman1.jpg 1381w, https:\/\/scf.se\/mountainbike\/wp-content\/uploads\/sites\/6\/2023\/06\/Burman1-300x239.jpg 300w, https:\/\/scf.se\/mountainbike\/wp-content\/uploads\/sites\/6\/2023\/06\/Burman1-1024x816.jpg 1024w, https:\/\/scf.se\/mountainbike\/wp-content\/uploads\/sites\/6\/2023\/06\/Burman1-768x612.jpg 768w\" sizes=\"auto, (max-width: 1381px) 100vw, 1381px\" \/><\/a>\n<p><strong>Resultat<\/strong><\/p>\n<ul>\n<li><a href=\"https:\/\/www.swecyclingonline.se\/api\/v1\/bilaga\/45e28f19-d703-4602-9458-9aa55a4cca25\/stege_mtb_xc_herrar.pdf\"><em><strong>Alla resultat fr\u00e5n semifinaler, B-final samt A-finaler herr.<\/strong><\/em><\/a><\/li>\n<li><a href=\"https:\/\/www.swecyclingonline.se\/api\/v1\/bilaga\/5ebb46d4-8653-4ab7-9fae-2e72a6d8670e\/stege_mtb_xc_damer.pdf\"><em><strong>Alla resultat fr\u00e5n semifinaler, B-final samt A-finaler dam.<\/strong><\/em><\/a><\/li>\n<\/ul>\n","protected":false},"excerpt":{"rendered":"<p>SM XCE 2023 Arrang\u00f6r: SCF i samarbete med Gimon\u00e4s CK och Obbola IK Cykel. Plats: SM-Veckan Ume\u00e5. Datum: Tisdag den 27 Juni. T\u00e4vlingsklass: Dam Elit (inkl. junior) Herr Elit (inkl. junior) Resultat Alla resultat fr\u00e5n semifinaler, B-final samt A-finaler herr. Alla resultat fr\u00e5n semifinaler, B-final samt A-finaler dam.<\/p>\n","protected":false},"author":58,"featured_media":3531,"parent":0,"menu_order":0,"comment_status":"closed","ping_status":"closed","template":"","meta":{"_acf_changed":false,"footnotes":""},"class_list":["post-3515","page","type-page","status-publish","hentry"],"acf":[],"_links":{"self":[{"href":"https:\/\/scf.se\/mountainbike\/wp-json\/wp\/v2\/pages\/3515","targetHints":{"allow":["GET"]}}],"collection":[{"href":"https:\/\/scf.se\/mountainbike\/wp-json\/wp\/v2\/pages"}],"about":[{"href":"https:\/\/scf.se\/mountainbike\/wp-json\/wp\/v2\/types\/page"}],"author":[{"embeddable":true,"href":"https:\/\/scf.se\/mountainbike\/wp-json\/wp\/v2\/users\/58"}],"replies":[{"embeddable":true,"href":"https:\/\/scf.se\/mountainbike\/wp-json\/wp\/v2\/comments?post=3515"}],"version-history":[{"count":0,"href":"https:\/\/scf.se\/mountainbike\/wp-json\/wp\/v2\/pages\/3515\/revisions"}],"wp:featuredmedia":[{"embeddable":true,"href":"https:\/\/scf.se\/mountainbike\/wp-json\/wp\/v2\/media\/3531"}],"wp:attachment":[{"href":"https:\/\/scf.se\/mountainbike\/wp-json\/wp\/v2\/media?parent=3515"}],"curies":[{"name":"wp","href":"https:\/\/api.w.org\/{rel}","templated":true}]}}