
{"id":2300,"date":"2021-12-09T14:18:01","date_gmt":"2021-12-09T13:18:01","guid":{"rendered":"http:\/\/scf.se\/mountainbike\/?page_id=2300"},"modified":"2022-07-11T11:05:39","modified_gmt":"2022-07-11T09:05:39","slug":"sm-xce-2022","status":"publish","type":"page","link":"https:\/\/scf.se\/mountainbike\/sm-xce-2022\/","title":{"rendered":"SM XCE 2022"},"content":{"rendered":"<p><strong>SM XCE 2022<\/strong><\/p>\n<p><strong>Arrang\u00f6r<\/strong>: SCF i samarbete med CK Hymer<\/p>\n<p><strong>Inbjudan<\/strong>: TBD<\/p>\n<p><strong>Plats:<\/strong> SM veckan Link\u00f6ping<\/p>\n<p><strong>Datum:<\/strong> Tisdag den 28 Juni<\/p>\n<p><strong>T\u00e4vlingsklass:<\/strong><\/p>\n<ul>\n<li>Dam Elit (inkl. junior)<\/li>\n<li>Herr Elit (inkl. junior)<\/li>\n<\/ul>\n<p><strong>Resultat<\/strong><\/p>\n<ul>\n<li><a href=\"https:\/\/scf.se\/mountainbike\/wp-content\/uploads\/sites\/6\/2022\/07\/ResultatHerrar1.pdf\">Herr Elit<\/a><\/li>\n<li><a href=\"https:\/\/scf.se\/mountainbike\/wp-content\/uploads\/sites\/6\/2022\/07\/ResultatDamer1.pdf\">Dam Elit<\/a><\/li>\n<\/ul>\n<p>&nbsp;<\/p>\n","protected":false},"excerpt":{"rendered":"<p>SM XCE 2022 Arrang\u00f6r: SCF i samarbete med CK Hymer Inbjudan: TBD Plats: SM veckan Link\u00f6ping Datum: Tisdag den 28 Juni T\u00e4vlingsklass: Dam Elit (inkl. junior) Herr Elit (inkl. junior) Resultat Herr Elit Dam Elit &nbsp;<\/p>\n","protected":false},"author":30,"featured_media":0,"parent":0,"menu_order":0,"comment_status":"closed","ping_status":"closed","template":"","meta":{"_acf_changed":false,"footnotes":""},"class_list":["post-2300","page","type-page","status-publish","hentry"],"acf":[],"_links":{"self":[{"href":"https:\/\/scf.se\/mountainbike\/wp-json\/wp\/v2\/pages\/2300","targetHints":{"allow":["GET"]}}],"collection":[{"href":"https:\/\/scf.se\/mountainbike\/wp-json\/wp\/v2\/pages"}],"about":[{"href":"https:\/\/scf.se\/mountainbike\/wp-json\/wp\/v2\/types\/page"}],"author":[{"embeddable":true,"href":"https:\/\/scf.se\/mountainbike\/wp-json\/wp\/v2\/users\/30"}],"replies":[{"embeddable":true,"href":"https:\/\/scf.se\/mountainbike\/wp-json\/wp\/v2\/comments?post=2300"}],"version-history":[{"count":0,"href":"https:\/\/scf.se\/mountainbike\/wp-json\/wp\/v2\/pages\/2300\/revisions"}],"wp:attachment":[{"href":"https:\/\/scf.se\/mountainbike\/wp-json\/wp\/v2\/media?parent=2300"}],"curies":[{"name":"wp","href":"https:\/\/api.w.org\/{rel}","templated":true}]}}

<p><strong>SM XCE 2022</strong></p>
<p><strong>Arrangör</strong>: SCF i samarbete med CK Hymer</p>
<p><strong>Inbjudan</strong>: TBD</p>
<p><strong>Plats:</strong> SM veckan Linköping</p>
<p><strong>Datum:</strong> Tisdag den 28 Juni</p>
<p><strong>Tävlingsklass:</strong></p>
<ul>
<li>Dam Elit (inkl. junior)</li>
<li>Herr Elit (inkl. junior)</li>
</ul>
<p><strong>Resultat</strong></p>
<ul>
<li><a href="https://scf.se/mountainbike/wp-content/uploads/sites/6/2022/07/ResultatHerrar1.pdf">Herr Elit</a></li>
<li><a href="https://scf.se/mountainbike/wp-content/uploads/sites/6/2022/07/ResultatDamer1.pdf">Dam Elit</a></li>
</ul>
<p>&nbsp;</p>

<p>SM XCE 2022 Arrangör: SCF i samarbete med CK Hymer Inbjudan: TBD Plats: SM veckan Linköping Datum: Tisdag den 28 Juni Tävlingsklass: Dam Elit (inkl. junior) Herr Elit (inkl. junior) Resultat Herr Elit Dam Elit &nbsp;</p>
