
{"id":1878,"date":"2021-09-16T15:00:24","date_gmt":"2021-09-16T13:00:24","guid":{"rendered":"http:\/\/scf.se\/mountainbike\/?page_id=1878"},"modified":"2021-09-16T16:03:27","modified_gmt":"2021-09-16T14:03:27","slug":"sm-xct-xcc-xco-2021","status":"publish","type":"page","link":"https:\/\/scf.se\/mountainbike\/sm-xct-xcc-xco-2021\/","title":{"rendered":"SM XCT\/XCC\/XCO 2021"},"content":{"rendered":"<h2><strong>SM XCT\/XCC\/XCO 2021<\/strong><\/h2>\n<p><strong>Senast uppdaterad:<\/strong> 21.09.16<\/p>\n<p><strong>Arrang\u00f6r:<\/strong> SCF i samarbete med CK Master<\/p>\n<p><strong>Inbjudan:<\/strong> Finns p\u00e5 Sportstiming h\u00e4r:<\/p>\n<ul>\n<li><a href=\"https:\/\/www.sportstiming.se\/event\/9080\">XCT,<\/a> 5 augusti<\/li>\n<li><a href=\"https:\/\/www.sportstiming.se\/event\/9084\">XCC,<\/a> 6 augusti<\/li>\n<li><a href=\"https:\/\/www.sportstiming.se\/event\/9081\">XCO<\/a>, 7 augusti<\/li>\n<li><a href=\"https:\/\/www.sportstiming.se\/event\/9083\">XCO,<\/a> 8 augusti<\/li>\n<\/ul>\n<p><strong>Plats: <\/strong>Skat\u00e5s, G\u00f6teborg<\/p>\n<p><strong>Datum: <\/strong>5 &#8211; 8 augusti<\/p>\n<p><strong>T\u00e4vlingsklass, XCT, 5 augusti:<\/strong><\/p>\n<ul>\n<li>P13-16<\/li>\n<li>F13-16<\/li>\n<li>H30-H60<\/li>\n<li>D30-60<\/li>\n<\/ul>\n<p><strong>T\u00e4vlingsklass XCC, 6 augusti:<\/strong><\/p>\n<ul>\n<li>Herr Junior<\/li>\n<li>Dam Junior<\/li>\n<li>Dam Senior<\/li>\n<li>Herr Senior<\/li>\n<\/ul>\n<p><strong>T\u00e4vlingsklass XCO, 7 augusti:<\/strong><\/p>\n<ul>\n<li>P13-14<\/li>\n<li>F13-14<\/li>\n<li>D30-50<\/li>\n<li>H30-50<\/li>\n<\/ul>\n<p><strong>T\u00e4vlingsklass XCO, 8 augusti:<\/strong><\/p>\n<ul>\n<li>P15-16<\/li>\n<li>F15-16<\/li>\n<li>Dam Junior<\/li>\n<li>Herr Junior<\/li>\n<li>Dam Senior<\/li>\n<li>Herr Senior<\/li>\n<\/ul>\n<p><strong>Resultat XCT: <\/strong><a href=\"https:\/\/scf.se\/mountainbike\/wp-content\/uploads\/sites\/6\/2021\/09\/resultat_mtb_sm_2021_xct_p13_14.pdf\">P13-14<\/a>, <a href=\"https:\/\/scf.se\/mountainbike\/wp-content\/uploads\/sites\/6\/2021\/09\/resultat_mtb_sm_2021_xct_f13_14.pdf\">F13-14<\/a>, <a href=\"https:\/\/scf.se\/mountainbike\/wp-content\/uploads\/sites\/6\/2021\/09\/resultat_mtb_sm_2021_xct_p15_16.pdf\">P15-16<\/a>, <a href=\"https:\/\/scf.se\/mountainbike\/wp-content\/uploads\/sites\/6\/2021\/09\/resultat_mtb_sm_2021_xct_f15_16.pdf\">F15-16<\/a>, <a href=\"https:\/\/scf.se\/mountainbike\/wp-content\/uploads\/sites\/6\/2021\/09\/resultat_mtb_sm_2021_xct_h30.pdf\">H30<\/a>, <a href=\"https:\/\/scf.se\/mountainbike\/wp-content\/uploads\/sites\/6\/2021\/09\/resultat_mtb_sm_2021_xct_d30.pdf\">D30<\/a>, <a href=\"https:\/\/scf.se\/mountainbike\/wp-content\/uploads\/sites\/6\/2021\/09\/resultat_mtb_sm_2021_xct_h40.pdf\">H40<\/a>, <a href=\"https:\/\/scf.se\/mountainbike\/wp-content\/uploads\/sites\/6\/2021\/09\/resultat_mtb_sm_2021_xct_d40.pdf\">D40<\/a>, <a href=\"https:\/\/scf.se\/mountainbike\/wp-content\/uploads\/sites\/6\/2021\/09\/resultat_mtb_sm_2021_xct_h50.pdf\">H50<\/a>, <a href=\"https:\/\/scf.se\/mountainbike\/wp-content\/uploads\/sites\/6\/2021\/09\/resultat_mtb_sm_2021_xct_d50.pdf\">D50<\/a><\/p>\n<p><strong>Resultat XCC: <\/strong><a href=\"https:\/\/scf.se\/mountainbike\/wp-content\/uploads\/sites\/6\/2021\/09\/resultat_mtb_sm_2021_xcc_herrar_junior.pdf\">Herr Junior<\/a>, <a href=\"https:\/\/scf.se\/mountainbike\/wp-content\/uploads\/sites\/6\/2021\/09\/resultat_mtb_sm_2021_xcc_damer_junior.pdf\">Dam Junior<\/a>, <a href=\"https:\/\/scf.se\/mountainbike\/wp-content\/uploads\/sites\/6\/2021\/09\/resultat_mtb_sm_2021_xcc_damer_senior.pdf\">Dam Senior<\/a>, <a href=\"https:\/\/scf.se\/mountainbike\/wp-content\/uploads\/sites\/6\/2021\/09\/resultat_mtb_sm_2021_xcc_herrar_senior.pdf\">Herr Senior<\/a><\/p>\n<p><strong>Resultat XCO: <\/strong><a href=\"https:\/\/scf.se\/mountainbike\/wp-content\/uploads\/sites\/6\/2021\/09\/resultat_mtb_sm_2021_xco_p13_14.pdf\">P13-14<\/a>, <a href=\"https:\/\/scf.se\/mountainbike\/wp-content\/uploads\/sites\/6\/2021\/09\/resultat_mtb_sm_2021_xco_f13_14.pdf\">F13-14<\/a>, <a href=\"https:\/\/scf.se\/mountainbike\/wp-content\/uploads\/sites\/6\/2021\/09\/resultat_mtb_sm_2021_xco_h30.pdf\">H30<\/a>, <a href=\"https:\/\/scf.se\/mountainbike\/wp-content\/uploads\/sites\/6\/2021\/09\/resultat_mtb_sm_2021_xco_d30.pdf\">D30<\/a>, <a href=\"https:\/\/scf.se\/mountainbike\/wp-content\/uploads\/sites\/6\/2021\/09\/resultat_mtb_sm_2021_xco_h40.pdf\">H40<\/a>, <a href=\"https:\/\/scf.se\/mountainbike\/wp-content\/uploads\/sites\/6\/2021\/09\/resultat_mtb_sm_2021_xco_d40.pdf\">D40<\/a>, <a href=\"https:\/\/scf.se\/mountainbike\/wp-content\/uploads\/sites\/6\/2021\/09\/resultat_mtb_sm_2021_xco_h50.pdf\">H50<\/a>, <a href=\"https:\/\/scf.se\/mountainbike\/wp-content\/uploads\/sites\/6\/2021\/09\/resultat_mtb_sm_2021_xco_d50.pdf\">D50<\/a>, <a href=\"https:\/\/scf.se\/mountainbike\/wp-content\/uploads\/sites\/6\/2021\/09\/resultat_mtb_sm_2021_xco_p15_16.pdf\">P15-16<\/a>, <a href=\"https:\/\/scf.se\/mountainbike\/wp-content\/uploads\/sites\/6\/2021\/09\/resultat_mtb_sm_2021_xco_f15_16.pdf\">F15-16<\/a>, <a href=\"https:\/\/scf.se\/mountainbike\/wp-content\/uploads\/sites\/6\/2021\/09\/resultat_mtb_sm_2021_xco_herrar_junior.pdf\">Herr Junior<\/a>, <a href=\"https:\/\/scf.se\/mountainbike\/wp-content\/uploads\/sites\/6\/2021\/09\/resultat_mtb_sm_2021_xco_damer_junior.pdf\">Dam Junior<\/a>, <a href=\"https:\/\/scf.se\/mountainbike\/wp-content\/uploads\/sites\/6\/2021\/09\/resultat_mtb_sm_2021_xco_herrar_senior.pdf\">Herr Senior<\/a>, <a href=\"https:\/\/scf.se\/mountainbike\/wp-content\/uploads\/sites\/6\/2021\/09\/resultat_mtb_sm_2021_xco_damer_senior.pdf\">Dam Senior<\/a><\/p>\n<p><strong>Racerapport:<\/strong> L\u00e4s mer om Mountainbike-SM 2021 : <a href=\"https:\/\/scf.se\/mountainbike\/forsta-dagen-av-mountainbike-sm-ar-over-och-prispallen-har-gatt-varm\/\">XCT 5 augusti<\/a>, <a href=\"https:\/\/scf.se\/mountainbike\/andra-dagen-av-mountainbike-sm-2021-bjod-pa-adrenalin-och-medaljer\/\">XCC 6 augusti<\/a>, <a href=\"https:\/\/scf.se\/mountainbike\/tredje-dagen-av-mountainbike-sm-samlade-tavlingscyklister-i-alla-aldrar\/\">XCO 7 augusti<\/a>, <a href=\"https:\/\/scf.se\/mountainbike\/sista-dagen-ar-over-det-blev-ett-fantastiskt-val-genomfort-mountainbike-sm-2021\/\">XCO 8 augusti<\/a><\/p>\n","protected":false},"excerpt":{"rendered":"<p>SM XCT\/XCC\/XCO 2021 Senast uppdaterad: 21.09.16 Arrang\u00f6r: SCF i samarbete med CK Master Inbjudan: Finns p\u00e5 Sportstiming h\u00e4r: XCT, 5 augusti XCC, 6 augusti XCO, 7 augusti XCO, 8 augusti Plats: Skat\u00e5s, G\u00f6teborg Datum: 5 &#8211; 8 augusti T\u00e4vlingsklass, XCT, 5 augusti: P13-16 F13-16 H30-H60 D30-60 T\u00e4vlingsklass XCC, 6 augusti: Herr Junior Dam Junior<a href=\"https:\/\/scf.se\/mountainbike\/sm-xct-xcc-xco-2021\/\" class=\"news-card__more\"> &#8230;<\/a><\/p>\n","protected":false},"author":34,"featured_media":0,"parent":0,"menu_order":0,"comment_status":"closed","ping_status":"closed","template":"","meta":{"_acf_changed":false,"footnotes":""},"class_list":["post-1878","page","type-page","status-publish","hentry"],"acf":[],"_links":{"self":[{"href":"https:\/\/scf.se\/mountainbike\/wp-json\/wp\/v2\/pages\/1878","targetHints":{"allow":["GET"]}}],"collection":[{"href":"https:\/\/scf.se\/mountainbike\/wp-json\/wp\/v2\/pages"}],"about":[{"href":"https:\/\/scf.se\/mountainbike\/wp-json\/wp\/v2\/types\/page"}],"author":[{"embeddable":true,"href":"https:\/\/scf.se\/mountainbike\/wp-json\/wp\/v2\/users\/34"}],"replies":[{"embeddable":true,"href":"https:\/\/scf.se\/mountainbike\/wp-json\/wp\/v2\/comments?post=1878"}],"version-history":[{"count":0,"href":"https:\/\/scf.se\/mountainbike\/wp-json\/wp\/v2\/pages\/1878\/revisions"}],"wp:attachment":[{"href":"https:\/\/scf.se\/mountainbike\/wp-json\/wp\/v2\/media?parent=1878"}],"curies":[{"name":"wp","href":"https:\/\/api.w.org\/{rel}","templated":true}]}}