
{"id":1726,"date":"2026-03-31T13:37:38","date_gmt":"2026-03-31T11:37:38","guid":{"rendered":"http:\/\/scf.se\/mountainbike\/?page_id=1726"},"modified":"2026-03-31T13:38:49","modified_gmt":"2026-03-31T11:38:49","slug":"grengrupp-xcm","status":"publish","type":"page","link":"https:\/\/scf.se\/mountainbike\/grengrupp-xcm\/","title":{"rendered":"Grengrupp XCM"},"content":{"rendered":"<div>\n<p>Arbetsgruppen MTB XCM arbetar med fr\u00e5gor som r\u00f6r disciplinen Cross Country maratons utveckling i Sverige. Gruppen best\u00e5r av:<\/p>\n<\/div>\n<ul>\n<li><strong>Johan Nielsen<\/strong>, administrativ f\u00f6rbundskapten mtb och grengruppsansvarig<\/li>\n<li><strong>Jerker Moodysson<\/strong>, adjungerad fr\u00e5n SCF-styrelsen<\/li>\n<li><strong>Thomas Backteman<\/strong>, adjungerad fr\u00e5n SCF styrelse<\/li>\n<li><strong>Daniel \u00d6hman<\/strong>, kommissarie<\/li>\n<li><strong>Tommy H\u00f6glund<\/strong>, representant Cykelvasan<\/li>\n<li><strong>Calle Friberg<\/strong>, \u00e5karrepresentant<\/li>\n<li><strong>Jennie Stenerhag<\/strong>, \u00e5karrepresentant<\/li>\n<\/ul>\n<p>Har du fr\u00e5gor till grengruppen, kontaktar du dem p\u00e5\u00a0<a href=\"mailto:mountainbike@scf.se\">mountainbike@scf.se<\/a><\/p>\n<div><\/div>\n","protected":false},"excerpt":{"rendered":"<p>Arbetsgruppen MTB XCM arbetar med fr\u00e5gor som r\u00f6r disciplinen Cross Country maratons utveckling i Sverige. Gruppen best\u00e5r av: Johan Nielsen, administrativ f\u00f6rbundskapten mtb och grengruppsansvarig Jerker Moodysson, adjungerad fr\u00e5n SCF-styrelsen Thomas Backteman, adjungerad fr\u00e5n SCF styrelse Daniel \u00d6hman, kommissarie Tommy H\u00f6glund, representant Cykelvasan Calle Friberg, \u00e5karrepresentant Jennie Stenerhag, \u00e5karrepresentant Har du fr\u00e5gor till grengruppen,<a href=\"https:\/\/scf.se\/mountainbike\/grengrupp-xcm\/\" class=\"news-card__more\"> &#8230;<\/a><\/p>\n","protected":false},"author":30,"featured_media":0,"parent":0,"menu_order":0,"comment_status":"closed","ping_status":"closed","template":"","meta":{"_acf_changed":false,"footnotes":""},"class_list":["post-1726","page","type-page","status-publish","hentry"],"acf":[],"_links":{"self":[{"href":"https:\/\/scf.se\/mountainbike\/wp-json\/wp\/v2\/pages\/1726","targetHints":{"allow":["GET"]}}],"collection":[{"href":"https:\/\/scf.se\/mountainbike\/wp-json\/wp\/v2\/pages"}],"about":[{"href":"https:\/\/scf.se\/mountainbike\/wp-json\/wp\/v2\/types\/page"}],"author":[{"embeddable":true,"href":"https:\/\/scf.se\/mountainbike\/wp-json\/wp\/v2\/users\/30"}],"replies":[{"embeddable":true,"href":"https:\/\/scf.se\/mountainbike\/wp-json\/wp\/v2\/comments?post=1726"}],"version-history":[{"count":3,"href":"https:\/\/scf.se\/mountainbike\/wp-json\/wp\/v2\/pages\/1726\/revisions"}],"predecessor-version":[{"id":9380,"href":"https:\/\/scf.se\/mountainbike\/wp-json\/wp\/v2\/pages\/1726\/revisions\/9380"}],"wp:attachment":[{"href":"https:\/\/scf.se\/mountainbike\/wp-json\/wp\/v2\/media?parent=1726"}],"curies":[{"name":"wp","href":"https:\/\/api.w.org\/{rel}","templated":true}]}}