
{"id":1720,"date":"2024-03-04T17:52:02","date_gmt":"2024-03-04T16:52:02","guid":{"rendered":"http:\/\/scf.se\/mountainbike\/?page_id=1720"},"modified":"2024-03-04T17:53:53","modified_gmt":"2024-03-04T16:53:53","slug":"strategi-och-utvecklingsgrupp-mtb","status":"publish","type":"page","link":"https:\/\/scf.se\/mountainbike\/strategi-och-utvecklingsgrupp-mtb\/","title":{"rendered":"Elitutvecklingskommitt\u00e9n MTB"},"content":{"rendered":"<p>Sedan 2019 har det funnits en \u201dStrategi och utvecklingsgrupp\u201d f\u00f6r MTB. Till 2023 d\u00f6ps gruppen om till Elitutvecklingskommitt\u00e9n f\u00f6r att \u00e4nnu starkare spegla vilket arbete som gruppen g\u00f6r.<\/p>\n<h3>I Elitutvecklingskommitt\u00e9n ing\u00e5r f\u00f6r n\u00e4rvarande:<\/h3>\n<ul>\n<li><strong>Fredrik Ericsson<\/strong> (fd f\u00f6rbundskapten MTB och tr\u00e4nare p\u00e5 Dala Sports Academy)<\/li>\n<li><strong>Marcus Johansso<\/strong>n (fd f\u00f6rbundskapten CX och tr\u00e4nare Hagstr\u00f6mska gymnasiet)<\/li>\n<li><strong>Alexandra Engen<\/strong> (fd proffscyklist MTB)<\/li>\n<li><strong>Pia Sundstedt<\/strong> (fd proffscyklist MTB och lvg)<\/li>\n<li><strong>Johan Nielsen<\/strong>\u00a0(F\u00f6rbundskapten MTB)<\/li>\n<li><strong>Felix Beckeman<\/strong> (F\u00f6rbundskapten MTB-Gravity)<\/li>\n<\/ul>\n<p>M\u00e5let med gruppen \u00e4r att tillsammans med f\u00f6rbundskaptenerna diskutera och fungera som st\u00f6d i fr\u00e5gor som r\u00f6r utveckling av landslagsverksamheten och eliten inom Sveriges MTB. Gruppen finns \u00e4ven med vid uttagningar och s\u00e4kerst\u00e4ller att de blir gjorda p\u00e5 ett r\u00e4ttvist s\u00e4tt.<\/p>\n<h3>Gruppens huvudsakliga uppgifter:<\/h3>\n<ul>\n<li>Att s\u00e4kerst\u00e4lla cyklisternas m\u00f6jlighet att samla in internationell rutin och erfarenhet i bra milj\u00f6.<\/li>\n<li>Att prioritera fler antal internationella starter f\u00f6re antal deltagare p\u00e5 internationella m\u00e4sterskap.<\/li>\n<li>Att vid nationella samlingar och l\u00e4ger utanf\u00f6r t\u00e4vlingsarenan utbilda, st\u00f6tta och supporta v\u00e5ra cyklister.<\/li>\n<li>Att jobba f\u00f6r att framg\u00e5ngar p\u00e5 internationella m\u00e4sterskap i stor utstr\u00e4ckning skall ske med hj\u00e4lp av den milj\u00f6 och st\u00f6ttning SCF har bidragit med.<\/li>\n<li>Att utifr\u00e5n de ekonomiskaf\u00f6ruts\u00e4ttningar som finns se till att landslagets verksamhet \u00e4r s\u00e5 bra som m\u00f6jlig.<\/li>\n<\/ul>\n","protected":false},"excerpt":{"rendered":"<p>Sedan 2019 har det funnits en \u201dStrategi och utvecklingsgrupp\u201d f\u00f6r MTB. Till 2023 d\u00f6ps gruppen om till Elitutvecklingskommitt\u00e9n f\u00f6r att \u00e4nnu starkare spegla vilket arbete som gruppen g\u00f6r. I Elitutvecklingskommitt\u00e9n ing\u00e5r f\u00f6r n\u00e4rvarande: Fredrik Ericsson (fd f\u00f6rbundskapten MTB och tr\u00e4nare p\u00e5 Dala Sports Academy) Marcus Johansson (fd f\u00f6rbundskapten CX och tr\u00e4nare Hagstr\u00f6mska gymnasiet) Alexandra<a href=\"https:\/\/scf.se\/mountainbike\/strategi-och-utvecklingsgrupp-mtb\/\" class=\"news-card__more\"> &#8230;<\/a><\/p>\n","protected":false},"author":30,"featured_media":0,"parent":0,"menu_order":0,"comment_status":"closed","ping_status":"closed","template":"","meta":{"_acf_changed":false,"footnotes":""},"class_list":["post-1720","page","type-page","status-publish","hentry"],"acf":[],"_links":{"self":[{"href":"https:\/\/scf.se\/mountainbike\/wp-json\/wp\/v2\/pages\/1720","targetHints":{"allow":["GET"]}}],"collection":[{"href":"https:\/\/scf.se\/mountainbike\/wp-json\/wp\/v2\/pages"}],"about":[{"href":"https:\/\/scf.se\/mountainbike\/wp-json\/wp\/v2\/types\/page"}],"author":[{"embeddable":true,"href":"https:\/\/scf.se\/mountainbike\/wp-json\/wp\/v2\/users\/30"}],"replies":[{"embeddable":true,"href":"https:\/\/scf.se\/mountainbike\/wp-json\/wp\/v2\/comments?post=1720"}],"version-history":[{"count":0,"href":"https:\/\/scf.se\/mountainbike\/wp-json\/wp\/v2\/pages\/1720\/revisions"}],"wp:attachment":[{"href":"https:\/\/scf.se\/mountainbike\/wp-json\/wp\/v2\/media?parent=1720"}],"curies":[{"name":"wp","href":"https:\/\/api.w.org\/{rel}","templated":true}]}}

Elitutvecklingskommittén MTB

<p>Sedan 2019 har det funnits en ”Strategi och utvecklingsgrupp” för MTB. Till 2023 döps gruppen om till Elitutvecklingskommittén för att ännu starkare spegla vilket arbete som gruppen gör.</p>
<h3>I Elitutvecklingskommittén ingår för närvarande:</h3>
<ul>
<li><strong>Fredrik Ericsson</strong> (fd förbundskapten MTB och tränare på Dala Sports Academy)</li>
<li><strong>Marcus Johansso</strong>n (fd förbundskapten CX och tränare Hagströmska gymnasiet)</li>
<li><strong>Alexandra Engen</strong> (fd proffscyklist MTB)</li>
<li><strong>Pia Sundstedt</strong> (fd proffscyklist MTB och lvg)</li>
<li><strong>Johan Nielsen</strong> (Förbundskapten MTB)</li>
<li><strong>Felix Beckeman</strong> (Förbundskapten MTB-Gravity)</li>
</ul>
<p>Målet med gruppen är att tillsammans med förbundskaptenerna diskutera och fungera som stöd i frågor som rör utveckling av landslagsverksamheten och eliten inom Sveriges MTB. Gruppen finns även med vid uttagningar och säkerställer att de blir gjorda på ett rättvist sätt.</p>
<h3>Gruppens huvudsakliga uppgifter:</h3>
<ul>
<li>Att säkerställa cyklisternas möjlighet att samla in internationell rutin och erfarenhet i bra miljö.</li>
<li>Att prioritera fler antal internationella starter före antal deltagare på internationella mästerskap.</li>
<li>Att vid nationella samlingar och läger utanför tävlingsarenan utbilda, stötta och supporta våra cyklister.</li>
<li>Att jobba för att framgångar på internationella mästerskap i stor utsträckning skall ske med hjälp av den miljö och stöttning SCF har bidragit med.</li>
<li>Att utifrån de ekonomiskaförutsättningar som finns se till att landslagets verksamhet är så bra som möjlig.</li>
</ul>

<p>Sedan 2019 har det funnits en ”Strategi och utvecklingsgrupp” för MTB. Till 2023 döps gruppen om till Elitutvecklingskommittén för att ännu starkare spegla vilket arbete som gruppen gör. I Elitutvecklingskommittén ingår för närvarande: Fredrik Ericsson (fd förbundskapten MTB och tränare på Dala Sports Academy) Marcus Johansson (fd förbundskapten CX och tränare Hagströmska gymnasiet) Alexandra<a href="https://scf.se/mountainbike/strategi-och-utvecklingsgrupp-mtb/" class="news-card__more"> &#8230;</a></p>
