
{"id":1494,"date":"2019-05-23T10:52:48","date_gmt":"2019-05-23T08:52:48","guid":{"rendered":"http:\/\/scf.se\/mountainbike\/?page_id=1494"},"modified":"2019-05-27T14:05:24","modified_gmt":"2019-05-27T12:05:24","slug":"sm-downhill-2019","status":"publish","type":"page","link":"https:\/\/scf.se\/mountainbike\/tavling\/sm-downhill-2019\/","title":{"rendered":"SM Downhill 2019"},"content":{"rendered":"<div class=\"single-card__title\">\n<p>Svenska m\u00e4sterskapen i downhill 2019 arrangeras av den norska f\u00f6reningen Mysen IF Sykkel i norska Hafjell i samband med de norska m\u00e4sterskapen (NM). Banan \u00e4r den som tidigare har anv\u00e4nts f\u00f6r b\u00e5de World Cup och VM i Downhill.<\/p>\n<h4>Datum och plats:<\/h4>\n<div class=\"single-card__title\">\n<p>Den 20-21 juli 2019 i Hafjell Bike Park<br \/>\nSeedning, l\u00f6rdag 20\/7 kl. 15.00<br \/>\nFinal p\u00e5 s\u00f6ndag 21\/7 kl. 13:30<\/p>\n<\/div>\n<p>Tanken \u00e4r att m\u00e4sterskapen ska g\u00e5 vartannat \u00e5r i Norge (Hafjell) och vartannat i Sverige (\u00c5re), genom ett samarbete mellan arrang\u00f6rsf\u00f6reningar och de nationella f\u00f6rbunden. \u00c5re Bergscyklister projektleder delar av arrangemanget 2019 och hj\u00e4lper den norska arrang\u00f6ren med alla eventualiteter g\u00e4llande SM.\u00a0T\u00e4vlingen kommer att genomf\u00f6ras p\u00e5 vanligt vis, men med dubbla prisceremonier f\u00f6r respektive land. Svenska t\u00e4vlingsregler till\u00e4mpas f\u00f6r svenska cyklister,<\/p>\n<p>F\u00f6rbunden och arrang\u00f6rsf\u00f6reningarna i b\u00e5da l\u00e4nderna ser m\u00e5nga f\u00f6rdelar med att samk\u00f6ra m\u00e4sterskapen.<\/p>\n<blockquote><p>B\u00e5de i Hafjell och i \u00c5re finns r\u00e4tt f\u00f6ruts\u00e4ttningar och erfarenhet f\u00f6r att genomf\u00f6ra stora, r\u00e4ttvisa arrangemang, s\u00e4ger Fidde Widell, \u00c5re Bergscyklister.<\/p><\/blockquote>\n<\/div>\n<div class=\"single-card__title\">\n<p>Anm\u00e4lan enligt l\u00e4nk i inbjudan.<br \/>\n<a href=\"https:\/\/scf.se\/mountainbike\/wp-content\/uploads\/sites\/6\/2019\/05\/Invitasjon-og-Program.pdf\">Inbjudan och Program SM och NM (Norska m\u00e4steskapen) i Hafjell 2019<\/a><\/p>\n<\/div>\n","protected":false},"excerpt":{"rendered":"<p>Svenska m\u00e4sterskapen i downhill 2019 arrangeras av den norska f\u00f6reningen Mysen IF Sykkel i norska Hafjell i samband med de norska m\u00e4sterskapen (NM). Banan \u00e4r den som tidigare har anv\u00e4nts f\u00f6r b\u00e5de World Cup och VM i Downhill. Datum och plats: Den 20-21 juli 2019 i Hafjell Bike Park Seedning, l\u00f6rdag 20\/7 kl. 15.00<a href=\"https:\/\/scf.se\/mountainbike\/tavling\/sm-downhill-2019\/\" class=\"news-card__more\"> &#8230;<\/a><\/p>\n","protected":false},"author":2,"featured_media":0,"parent":11,"menu_order":0,"comment_status":"closed","ping_status":"closed","template":"","meta":{"_acf_changed":false,"footnotes":""},"class_list":["post-1494","page","type-page","status-publish","hentry"],"acf":[],"_links":{"self":[{"href":"https:\/\/scf.se\/mountainbike\/wp-json\/wp\/v2\/pages\/1494","targetHints":{"allow":["GET"]}}],"collection":[{"href":"https:\/\/scf.se\/mountainbike\/wp-json\/wp\/v2\/pages"}],"about":[{"href":"https:\/\/scf.se\/mountainbike\/wp-json\/wp\/v2\/types\/page"}],"author":[{"embeddable":true,"href":"https:\/\/scf.se\/mountainbike\/wp-json\/wp\/v2\/users\/2"}],"replies":[{"embeddable":true,"href":"https:\/\/scf.se\/mountainbike\/wp-json\/wp\/v2\/comments?post=1494"}],"version-history":[{"count":0,"href":"https:\/\/scf.se\/mountainbike\/wp-json\/wp\/v2\/pages\/1494\/revisions"}],"up":[{"embeddable":true,"href":"https:\/\/scf.se\/mountainbike\/wp-json\/wp\/v2\/pages\/11"}],"wp:attachment":[{"href":"https:\/\/scf.se\/mountainbike\/wp-json\/wp\/v2\/media?parent=1494"}],"curies":[{"name":"wp","href":"https:\/\/api.w.org\/{rel}","templated":true}]}}