
{"id":1135,"date":"2017-10-27T15:39:05","date_gmt":"2017-10-27T13:39:05","guid":{"rendered":"http:\/\/scf.se\/mountainbike\/?page_id=1135"},"modified":"2018-09-26T15:46:16","modified_gmt":"2018-09-26T13:46:16","slug":"sm-maraton-xcm-2018","status":"publish","type":"page","link":"https:\/\/scf.se\/mountainbike\/tavling\/sm-maraton-xcm-2018\/","title":{"rendered":"SM Maraton (XCM) 2018"},"content":{"rendered":"<a href=\"https:\/\/scf.se\/mountainbike\/wp-content\/uploads\/sites\/6\/2017\/10\/SM_logo_XCM.jpg\"><img loading=\"lazy\" decoding=\"async\" class=\"alignnone size-full wp-image-1156\" src=\"https:\/\/scf.se\/mountainbike\/wp-content\/uploads\/sites\/6\/2017\/10\/SM_logo_XCM.jpg\" alt=\"SM Mountainbike XCM 2018\" width=\"2165\" height=\"532\" srcset=\"https:\/\/scf.se\/mountainbike\/wp-content\/uploads\/sites\/6\/2017\/10\/SM_logo_XCM.jpg 2165w, https:\/\/scf.se\/mountainbike\/wp-content\/uploads\/sites\/6\/2017\/10\/SM_logo_XCM-300x74.jpg 300w, https:\/\/scf.se\/mountainbike\/wp-content\/uploads\/sites\/6\/2017\/10\/SM_logo_XCM-768x189.jpg 768w, https:\/\/scf.se\/mountainbike\/wp-content\/uploads\/sites\/6\/2017\/10\/SM_logo_XCM-1024x252.jpg 1024w\" sizes=\"auto, (max-width: 2165px) 100vw, 2165px\" \/><\/a>\n<p>L\u00f6rdag den 4 augusti 2018 \u00e4r det \u00e5terigen dags f\u00f6r 1572 MTB Challenge att arrangera Svenska m\u00e4sterskapen i mountainbike maraton (XCM) med h\u00e4rliga singeltrails, snabba skogsv\u00e4gar, utmanande stigningar, vacker cykling utmed V\u00e4tterns str\u00e4nder. Arrangemanget har ett t\u00e4vlingscentrum av toppklass med ett start- och m\u00e5lomr\u00e5de som g\u00f6r det enkelt f\u00f6r alla. Dessutom \u00e4r loppet ett av seedningsloppen f\u00f6r Cykelvasan.<\/p>\n<section class=\"av_textblock_section\">\n<div class=\"avia_textblock \">\n<p class=\"p1\">Banan v\u00e4nder sig till alla typer av \u00e5kare oavsett niv\u00e5. Samtliga stigpartier \u00e4r v\u00e4l preparerade, men bjuder trots detta p\u00e5 MTB-\u00e5kning n\u00e4r den \u00e4r som allra b\u00e4st!<\/p>\n<\/div>\n<\/section>\n<p>&nbsp;<\/p>\n<p>&nbsp;<\/p>\n<p>&nbsp;<\/p>\n","protected":false},"excerpt":{"rendered":"<p>L\u00f6rdag den 4 augusti 2018 \u00e4r det \u00e5terigen dags f\u00f6r 1572 MTB Challenge att arrangera Svenska m\u00e4sterskapen i mountainbike maraton (XCM) med h\u00e4rliga singeltrails, snabba skogsv\u00e4gar, utmanande stigningar, vacker cykling utmed V\u00e4tterns str\u00e4nder. Arrangemanget har ett t\u00e4vlingscentrum av toppklass med ett start- och m\u00e5lomr\u00e5de som g\u00f6r det enkelt f\u00f6r alla. Dessutom \u00e4r loppet ett<a href=\"https:\/\/scf.se\/mountainbike\/tavling\/sm-maraton-xcm-2018\/\" class=\"news-card__more\"> &#8230;<\/a><\/p>\n","protected":false},"author":2,"featured_media":0,"parent":11,"menu_order":0,"comment_status":"closed","ping_status":"closed","template":"","meta":{"_acf_changed":false,"footnotes":""},"class_list":["post-1135","page","type-page","status-publish","hentry"],"acf":[],"_links":{"self":[{"href":"https:\/\/scf.se\/mountainbike\/wp-json\/wp\/v2\/pages\/1135","targetHints":{"allow":["GET"]}}],"collection":[{"href":"https:\/\/scf.se\/mountainbike\/wp-json\/wp\/v2\/pages"}],"about":[{"href":"https:\/\/scf.se\/mountainbike\/wp-json\/wp\/v2\/types\/page"}],"author":[{"embeddable":true,"href":"https:\/\/scf.se\/mountainbike\/wp-json\/wp\/v2\/users\/2"}],"replies":[{"embeddable":true,"href":"https:\/\/scf.se\/mountainbike\/wp-json\/wp\/v2\/comments?post=1135"}],"version-history":[{"count":0,"href":"https:\/\/scf.se\/mountainbike\/wp-json\/wp\/v2\/pages\/1135\/revisions"}],"up":[{"embeddable":true,"href":"https:\/\/scf.se\/mountainbike\/wp-json\/wp\/v2\/pages\/11"}],"wp:attachment":[{"href":"https:\/\/scf.se\/mountainbike\/wp-json\/wp\/v2\/media?parent=1135"}],"curies":[{"name":"wp","href":"https:\/\/api.w.org\/{rel}","templated":true}]}}