
{"id":101,"date":"2026-02-03T15:42:37","date_gmt":"2026-02-03T14:42:37","guid":{"rendered":"http:\/\/svenskcykel.grandpublic.se\/mountainbike\/?page_id=101"},"modified":"2026-02-10T11:38:37","modified_gmt":"2026-02-10T10:38:37","slug":"borja-cykla","status":"publish","type":"page","link":"https:\/\/scf.se\/mountainbike\/borja-cykla\/","title":{"rendered":"B\u00f6rja cykla"},"content":{"rendered":"<blockquote><p>Cykeltr\u00e4ning och cykelt\u00e4vling \u00e4r en lek \u2013 en kul och utvecklande lek! Det \u00e4r roligt att f\u00e5 dela cykelupplevelserna med andra och genom cykling kan man f\u00e5 s\u00e5 m\u00e5nga, fina v\u00e4nner \u2013 i alla \u00e5ldrar! Det finns plats f\u00f6r s\u00e5 m\u00e5nga fler i v\u00e5r sport! Svensk cykel \u00e4r till f\u00f6r att ALLA, oavsett k\u00f6n, h\u00e4rkomst, \u00e5lder och f\u00f6ruts\u00e4ttningar, ska kunna cykla p\u00e5 lika villkor!<\/p><\/blockquote>\n<h2><a href=\"https:\/\/scf.se\/mountainbike\/wp-content\/uploads\/sites\/6\/2025\/08\/IMG_6950.jpeg\"><img loading=\"lazy\" decoding=\"async\" class=\"alignnone size-full wp-image-8363\" src=\"https:\/\/scf.se\/mountainbike\/wp-content\/uploads\/sites\/6\/2025\/08\/IMG_6950.jpeg\" alt=\"\" width=\"1536\" height=\"1033\" srcset=\"https:\/\/scf.se\/mountainbike\/wp-content\/uploads\/sites\/6\/2025\/08\/IMG_6950.jpeg 1536w, https:\/\/scf.se\/mountainbike\/wp-content\/uploads\/sites\/6\/2025\/08\/IMG_6950-300x202.jpeg 300w, https:\/\/scf.se\/mountainbike\/wp-content\/uploads\/sites\/6\/2025\/08\/IMG_6950-1024x689.jpeg 1024w, https:\/\/scf.se\/mountainbike\/wp-content\/uploads\/sites\/6\/2025\/08\/IMG_6950-768x517.jpeg 768w\" sizes=\"auto, (max-width: 1536px) 100vw, 1536px\" \/><\/a><\/h2>\n<h2>Mountainbike<\/h2>\n<p>Mountainbiken f\u00f6ddes i USA p\u00e5 1970-talet n\u00e4r n\u00e5gra cykelentusiaster ville utforska terr\u00e4ngen bredvid landsv\u00e4gen. De blev s\u00e5klart fr\u00e4lsta direkt de fick k\u00e4nna p\u00e5 fartk\u00e4nslan och adrenalinet p\u00e5 de slingrande stigarna. Efter detta har det rullat p\u00e5 i en rasande takt. Numera best\u00e5r mountainbike av m\u00e5nga olika discipliner, fr\u00e5n sprint till l\u00e5nglopp, s\u00e5 det \u00e4r l\u00e4tt att hitta en favorit. OS-disciplinen och den st\u00f6rsta \u00e4r cross country olympic (XCO), som \u00e4r mycket n\u00e4rbesl\u00e4ktad med kortbanevarianten short-track (XCC). Relativt n\u00e4rbesl\u00e4ktat med dessa tv\u00e5 har vi l\u00e5nglopp, cross country marathon (XCM) och sprint, cross country eliminator (XCE). Bland de mera fartfyllda grenarna hamnar downhill (DHI), enduro (EDR) och 4X.<\/p>\n<ul>\n<li><strong>XCO<\/strong> &#8211; I denna disciplin startar man klassvis och k\u00f6r ett f\u00f6rutbest\u00e4mt antal varv p\u00e5 en rundbana som \u00e4r ca 4-6 km. Tekniska sv\u00e5righeter i form av stenkistor, hopp, dropp, m.m. f\u00f6rekommer. Banan utformas \u00f6nskv\u00e4rt som en trekl\u00f6ver d\u00e4r cyklisterna kan ses vid flertalet tillf\u00e4llen.<\/li>\n<li><strong>XCC<\/strong> &#8211; Systerdisciplin till XCO men k\u00f6rs p\u00e5 ett kortare varv och med kortare t\u00e4vlingstid. Tekniska sv\u00e5righeter i form av stenkistor, hopp, dropp, m.m. f\u00f6rekommer. Banan l\u00e4ggs ofta s\u00e5 att det finns goda m\u00f6jligheter till omk\u00f6rning, vilket ofta ger mer samlade t\u00e4vlingar.<\/li>\n<li><strong>XCM<\/strong> &#8211; L\u00e5nglopp, en form som passar de flesta cyklister, fr\u00e5n nyb\u00f6rjare till elit. Masstart d\u00e4r man k\u00f6r en l\u00e5ng bana p\u00e5 ca 60-120 km. L\u00e4ttare tekniskt \u00e4n XCO men med st\u00f6rre inslag av taktik.<\/li>\n<li><strong>XCE<\/strong> &#8211; Sprinten fungerar likadant som l\u00e4ngdskid\u00e5karnas variant, med den skillnaden att cyklisterna startar 4 och 4 i heaten ist\u00e4llet f\u00f6r 6 st varje heat som p\u00e5 skid\u00e5kning. De 2 f\u00f6rsta g\u00e5r vidare till n\u00e4sta heat. Banorna m\u00e4ter mellan 500 till 1000 m.<\/li>\n<li><strong>XCR <\/strong>&#8211; Cross Country Team Relay. Laget best\u00e5r av fyra cyklister i olika klasser, samtliga k\u00f6r ett banvarv var.<\/li>\n<li><strong>DHI<\/strong> &#8211; Vill du se n\u00e5got otroligt spektakul\u00e4rt med sv\u00e5righeter som du inte trodde gick att ta sig nerf\u00f6r till fots? D\u00e5 ska du kolla cyklingens svar p\u00e5 st\u00f6rtlopp. Individuell start (f\u00f6rkortningen DHI st\u00e5r f\u00f6r Downhill Individual. Detta pga att det \u00e4ven finns masstarter inom downhillen, DHM, dock ganska ovanligt) och snabbast tid nerf\u00f6r berget vinner. T\u00e4vlingstid internationellt 2-5 min.<\/li>\n<li><strong>EDR<\/strong> &#8211; Enduron har p\u00e5 senare \u00e5r v\u00e4xt ordentligt i storlek. T\u00e4nk er en lite sn\u00e4llare downhill-bana och transportstr\u00e4ckor mellan m\u00e5l och n\u00e4sta start. Typ samma uppl\u00e4gg som p\u00e5 en rallyt\u00e4vling. Tiden m\u00e4ts bara p\u00e5 special- eller downhillstr\u00e4ckorna och summeras sedan efter att man avverkat ca 5 str\u00e4ckor.<\/li>\n<li><strong>4X<\/strong> &#8211; T\u00e4nk er skicross fast p\u00e5 cykel. Maxpuls f\u00f6r b\u00e5de cyklist och \u00e5sk\u00e5dare. Ett kval\u00e5k som seedar \u00e5karna, och sedan m\u00f6ts de 4 och 4 tills en segrare har utkristalliserats. Banan tar mellan 30 till 60 sekunder.<\/li>\n<\/ul>\n","protected":false},"excerpt":{"rendered":"<p>Cykeltr\u00e4ning och cykelt\u00e4vling \u00e4r en lek \u2013 en kul och utvecklande lek! Det \u00e4r roligt att f\u00e5 dela cykelupplevelserna med andra och genom cykling kan man f\u00e5 s\u00e5 m\u00e5nga, fina v\u00e4nner \u2013 i alla \u00e5ldrar! Det finns plats f\u00f6r s\u00e5 m\u00e5nga fler i v\u00e5r sport! Svensk cykel \u00e4r till f\u00f6r att ALLA, oavsett k\u00f6n,<a href=\"https:\/\/scf.se\/mountainbike\/borja-cykla\/\" class=\"news-card__more\"> &#8230;<\/a><\/p>\n","protected":false},"author":32,"featured_media":0,"parent":0,"menu_order":0,"comment_status":"closed","ping_status":"closed","template":"","meta":{"_acf_changed":false,"footnotes":""},"class_list":["post-101","page","type-page","status-publish","hentry"],"acf":[],"_links":{"self":[{"href":"https:\/\/scf.se\/mountainbike\/wp-json\/wp\/v2\/pages\/101","targetHints":{"allow":["GET"]}}],"collection":[{"href":"https:\/\/scf.se\/mountainbike\/wp-json\/wp\/v2\/pages"}],"about":[{"href":"https:\/\/scf.se\/mountainbike\/wp-json\/wp\/v2\/types\/page"}],"author":[{"embeddable":true,"href":"https:\/\/scf.se\/mountainbike\/wp-json\/wp\/v2\/users\/32"}],"replies":[{"embeddable":true,"href":"https:\/\/scf.se\/mountainbike\/wp-json\/wp\/v2\/comments?post=101"}],"version-history":[{"count":4,"href":"https:\/\/scf.se\/mountainbike\/wp-json\/wp\/v2\/pages\/101\/revisions"}],"predecessor-version":[{"id":9144,"href":"https:\/\/scf.se\/mountainbike\/wp-json\/wp\/v2\/pages\/101\/revisions\/9144"}],"wp:attachment":[{"href":"https:\/\/scf.se\/mountainbike\/wp-json\/wp\/v2\/media?parent=101"}],"curies":[{"name":"wp","href":"https:\/\/api.w.org\/{rel}","templated":true}]}}