
{"id":6205,"date":"2024-12-11T12:16:02","date_gmt":"2024-12-11T11:16:02","guid":{"rendered":"https:\/\/scf.se\/landsvag\/?page_id=6205"},"modified":"2024-12-11T12:40:36","modified_gmt":"2024-12-11T11:40:36","slug":"landslagsprogram-landsvag-2025","status":"publish","type":"page","link":"https:\/\/scf.se\/landsvag\/landslagsprogram-landsvag-2025\/","title":{"rendered":"Landslagsprogram 2025 (prel)"},"content":{"rendered":"<h3><strong>Mars:<\/strong><\/h3>\n<ul>\n<li><strong>14\u201316 mars:<\/strong> Junior och U23 b\u00e5de damer och herrar \u2013 l\u00e4ger i Skara.<\/li>\n<\/ul>\n<h3>April:<\/h3>\n<ul>\n<li><strong>13 april:<\/strong> HJ \u2013 Paris-Roubaix, Frankrike \u2013 Nations Cup (herrunior).<\/li>\n<li><strong>16\u201320 april:<\/strong> HU23 \u2013 Tour du Loir et Cher UCI 2.2 (herrelit\/U23 herr).<\/li>\n<li><strong>25\u201327 april:<\/strong> DJ \u2013 EPZ Omloop van Borsele, Nederl\u00e4nderna \u2013 Nations Cup (damjunior).<\/li>\n<\/ul>\n<h3>Maj:<\/h3>\n<ul>\n<li><strong>1\u20134 maj:<\/strong> DU23\/E \u2013 Gracia Tour UCI 2.2 (damelit).<\/li>\n<li><strong>8\u201311 maj:<\/strong> HJ \u2013 Course de la Paix Junior, Tjeckien \u2013 Nations Cup (herrjunior).<\/li>\n<li><strong>14\u201318 maj:<\/strong> HU23 \u2013 Orlen Nations GP, Nations Cup.<\/li>\n<li><strong>29\u201331 maj<\/strong>: HU23 \u2013 Tour of Estonia, Estland \u2013 2.1 (herrelit\/U23 herr).<\/li>\n<li><strong>31 maj:<\/strong> DU23\/E \u2013 Ladies Tour of Estonia, Estland \u2013 1.2 (damelit\/U23 dam).<\/li>\n<\/ul>\n<h3>Juni:<\/h3>\n<ul>\n<li><strong>19\u201322 juni:<\/strong> HJ \u2013 LVM Saarland Trofeo, Tyskland \u2013 Nations Cup (herrjunior).<\/li>\n<\/ul>\n<h3>Juli:<\/h3>\n<ul>\n<li><strong>25\u201327 juli:<\/strong> DJ \u2013 Watersley Ladies Challenge, Nations Cup (damunior).<\/li>\n<\/ul>\n<h3>Augusti:<\/h3>\n<ul>\n<li><strong>17\u201324 augusti:<\/strong> HU23 \u2013 Tour de l\u2019Avenir, Nations Cup (U23 herr).<\/li>\n<\/ul>\n<h3>September:<\/h3>\n<ul>\n<li><strong>5\u20137 september:<\/strong> HJ \u2013 GP R\u00fcebliland, Schweiz \u2013 2.1 (herrjunior).<\/li>\n<li>21\u201328 september: Alla klasser. VM, Kigali, Rwanda (dam- och herrjunior, U23 dam och damelit och herrelit).<\/li>\n<\/ul>\n<h3>Oktober:<\/h3>\n<ul>\n<li><strong>1\u20135 oktober:<\/strong> Alla klasser. EM, Dr\u00f4me-Ard\u00e8che, Frankrike (dam- och herrjunior, U23 dam och damelit och herrelit).<\/li>\n<\/ul>\n<h3><a href=\"https:\/\/scf.se\/landsvag\/wp-content\/uploads\/sites\/5\/2024\/12\/Preliminart-Landslagsprogram-Landsvag-2025.pdf\"><em><strong>H\u00e4r finns det prelimin\u00e4ra landslagsprogrammet f\u00f6r landsv\u00e4g 2025 i pdf-form.<\/strong><\/em><\/a><\/h3>\n","protected":false},"excerpt":{"rendered":"<p>Mars: 14\u201316 mars: Junior och U23 b\u00e5de damer och herrar \u2013 l\u00e4ger i Skara. April: 13 april: HJ \u2013 Paris-Roubaix, Frankrike \u2013 Nations Cup (herrunior). 16\u201320 april: HU23 \u2013 Tour du Loir et Cher UCI 2.2 (herrelit\/U23 herr). 25\u201327 april: DJ \u2013 EPZ Omloop van Borsele, Nederl\u00e4nderna \u2013 Nations Cup (damjunior). Maj: 1\u20134 maj:<a href=\"https:\/\/scf.se\/landsvag\/landslagsprogram-landsvag-2025\/\" class=\"news-card__more\"> &#8230;<\/a><\/p>\n","protected":false},"author":41,"featured_media":0,"parent":0,"menu_order":0,"comment_status":"closed","ping_status":"closed","template":"","meta":{"_acf_changed":false,"footnotes":""},"class_list":["post-6205","page","type-page","status-publish","hentry"],"acf":[],"_links":{"self":[{"href":"https:\/\/scf.se\/landsvag\/wp-json\/wp\/v2\/pages\/6205","targetHints":{"allow":["GET"]}}],"collection":[{"href":"https:\/\/scf.se\/landsvag\/wp-json\/wp\/v2\/pages"}],"about":[{"href":"https:\/\/scf.se\/landsvag\/wp-json\/wp\/v2\/types\/page"}],"author":[{"embeddable":true,"href":"https:\/\/scf.se\/landsvag\/wp-json\/wp\/v2\/users\/41"}],"replies":[{"embeddable":true,"href":"https:\/\/scf.se\/landsvag\/wp-json\/wp\/v2\/comments?post=6205"}],"version-history":[{"count":4,"href":"https:\/\/scf.se\/landsvag\/wp-json\/wp\/v2\/pages\/6205\/revisions"}],"predecessor-version":[{"id":6211,"href":"https:\/\/scf.se\/landsvag\/wp-json\/wp\/v2\/pages\/6205\/revisions\/6211"}],"wp:attachment":[{"href":"https:\/\/scf.se\/landsvag\/wp-json\/wp\/v2\/media?parent=6205"}],"curies":[{"name":"wp","href":"https:\/\/api.w.org\/{rel}","templated":true}]}}