
{"id":5383,"date":"2024-06-14T12:44:58","date_gmt":"2024-06-14T10:44:58","guid":{"rendered":"https:\/\/scf.se\/landsvag\/?page_id=5383"},"modified":"2024-06-14T15:25:01","modified_gmt":"2024-06-14T13:25:01","slug":"vm-masters-2024","status":"publish","type":"page","link":"https:\/\/scf.se\/landsvag\/vm-masters-2024\/","title":{"rendered":"VM Masters 2024"},"content":{"rendered":"<p>2024 UCI Gran Fondo World Championships g\u00e5r i Aalborg, Danmark, 28\/8-1\/9.<\/p>\n<p>T\u00e4vlingen UCI Gran Fondo World Series och \u00e4r \u00f6ppen f\u00f6r deltagare fr\u00e5n 19 \u00e5r och upp\u00e5t. Yngsta klassen \u00e4r fr\u00e5n 19 \u00e5r till 34 \u00e5r, fr\u00e5n och med 35 \u00e5r \u00e4r \u00e5ldersklasserna indelade i 5-\u00e5rs intervall.\u00a0<a href=\"https:\/\/www.ucigranfondoworldseries.com\/\">Information om kvalt\u00e4vlingar, regler med mera finns H\u00c4R!<\/a><\/p>\n<p>F\u00f6r att f\u00e5 k\u00f6ra VM s\u00e5 m\u00e5ste man placera sig bland de 25% b\u00e4sta i sin respektive \u00e5ldersklass p\u00e5 n\u00e5got av kvalificeringsloppen.<\/p>\n<p>F\u00f6rutom kvalifikation (eller Wild Card) kr\u00e4vs ocks\u00e5 att man har SCF:s masters-, senior-, U23- eller elitlicens. Man f\u00e5r dock inte delta i VM Masters under dessa f\u00f6ruts\u00e4ttningar:<\/p>\n<ul>\n<li>om cyklisten innevarande \u00e5r varit medlem i ett UCI-registrerat lag\/team<\/li>\n<li>om cyklisten innevarande \u00e5r tj\u00e4nat UCI-po\u00e4ng<\/li>\n<li>om cyklisten innevarande \u00e5r varit med p\u00e5 OS, VM, NM, Commonwealth games eller v\u00e4rldscup som inte \u00e4r f\u00f6r Masters<\/li>\n<\/ul>\n<p>Du \u00e4r sj\u00e4lv ansvarig f\u00f6r att du uppfyller kriterierna f\u00f6r att delta.<\/p>\n<p><strong>Kl\u00e4der VM Masters<\/strong><\/p>\n<p>Enligt reglerna skall man t\u00e4vla i \u201dnational jersey\u201d. Denna tr\u00f6ja ska visa nationens f\u00e4rger och ha Sweden\/Sverige i tryck,\u00a0<strong>OBS tr\u00f6jor med reklam \u00e4r inte godk\u00e4nda att anv\u00e4nda<\/strong>. Du \u00e4r sj\u00e4lv ansvarig att ha en korrekt tr\u00f6ja. I SCF:s webbshop finns det supporterkl\u00e4der att k\u00f6pa (med 15% rabatt, rabattkoden finns i Cardskipper-appen f\u00f6r cyklister med \u00e5rslicens). Webbshopen kommer fyllas p\u00e5 under juli m\u00e5nad: <a href=\"https:\/\/scf.sportmerch.se\/product-category\/cykelklader\/\">Cykelkl\u00e4der &#8211; Svenska Cykelf\u00f6rbundet (sportmerch.se)<\/a><\/p>\n<p><strong>Wild Cards VM och regerande SM m\u00e4stare<\/strong><\/p>\n<p>Innevarande \u00e5rs svenska m\u00e4stare \u00e4r direktkvalificerade till masters VM. Sverige anm\u00e4ler de nationella m\u00e4starna i varje \u00e5ldersgrupp. Arrang\u00f6ren skickar ut personlig inbjudan.<\/p>\n<p>Masterr\u00e5det har 10 wildcard att dela ut (5 damer, 5 herrar). Om du vill ans\u00f6ka s\u00e5 skicka mail till Stefan Lindgren, <a href=\"mailto:stefan@linanad.se\">stefan@linanab.se<\/a> med din meritlista och motivering.<\/p>\n<p><strong>F\u00f6r mer information<\/strong><\/p>\n<p>Kontakta Stefan Lindgren,\u00a0<a href=\"mailto:stefan@linanab.se\">stefan@linanab.se<\/a><\/p>\n","protected":false},"excerpt":{"rendered":"<p>2024 UCI Gran Fondo World Championships g\u00e5r i Aalborg, Danmark, 28\/8-1\/9. T\u00e4vlingen UCI Gran Fondo World Series och \u00e4r \u00f6ppen f\u00f6r deltagare fr\u00e5n 19 \u00e5r och upp\u00e5t. Yngsta klassen \u00e4r fr\u00e5n 19 \u00e5r till 34 \u00e5r, fr\u00e5n och med 35 \u00e5r \u00e4r \u00e5ldersklasserna indelade i 5-\u00e5rs intervall.\u00a0Information om kvalt\u00e4vlingar, regler med mera finns H\u00c4R!<a href=\"https:\/\/scf.se\/landsvag\/vm-masters-2024\/\" class=\"news-card__more\"> &#8230;<\/a><\/p>\n","protected":false},"author":30,"featured_media":0,"parent":0,"menu_order":0,"comment_status":"closed","ping_status":"closed","template":"","meta":{"_acf_changed":false,"footnotes":""},"class_list":["post-5383","page","type-page","status-publish","hentry"],"acf":[],"_links":{"self":[{"href":"https:\/\/scf.se\/landsvag\/wp-json\/wp\/v2\/pages\/5383","targetHints":{"allow":["GET"]}}],"collection":[{"href":"https:\/\/scf.se\/landsvag\/wp-json\/wp\/v2\/pages"}],"about":[{"href":"https:\/\/scf.se\/landsvag\/wp-json\/wp\/v2\/types\/page"}],"author":[{"embeddable":true,"href":"https:\/\/scf.se\/landsvag\/wp-json\/wp\/v2\/users\/30"}],"replies":[{"embeddable":true,"href":"https:\/\/scf.se\/landsvag\/wp-json\/wp\/v2\/comments?post=5383"}],"version-history":[{"count":5,"href":"https:\/\/scf.se\/landsvag\/wp-json\/wp\/v2\/pages\/5383\/revisions"}],"predecessor-version":[{"id":5389,"href":"https:\/\/scf.se\/landsvag\/wp-json\/wp\/v2\/pages\/5383\/revisions\/5389"}],"wp:attachment":[{"href":"https:\/\/scf.se\/landsvag\/wp-json\/wp\/v2\/media?parent=5383"}],"curies":[{"name":"wp","href":"https:\/\/api.w.org\/{rel}","templated":true}]}}