
{"id":3880,"date":"2023-03-09T08:50:09","date_gmt":"2023-03-09T07:50:09","guid":{"rendered":"http:\/\/scf.se\/landsvag\/?page_id=3880"},"modified":"2025-05-23T08:16:24","modified_gmt":"2025-05-23T06:16:24","slug":"em-masters-2023","status":"publish","type":"page","link":"https:\/\/scf.se\/landsvag\/em-masters-2023\/","title":{"rendered":"EM Masters 2023"},"content":{"rendered":"<h2><strong>Europeiska M\u00e4sterskapen Masters 2023<\/strong><\/h2>\n<p>Den 11 Juni g\u00e5r EM i Verona Italien\u00a0 mer information om t\u00e4vlingarna och anm\u00e4lan kan ni hitta p\u00e5 f\u00f6ljande l\u00e4nk.<\/p>\n<p><a href=\"https:\/\/www.uec.ch\/en\/event\/206\/2023-uec-gran-fondo-medio-fondo-european-championships\">https:\/\/www.uec.ch\/en\/event\/206\/2023-uec-gran-fondo-medio-fondo-european-championships<\/a><\/p>\n","protected":false},"excerpt":{"rendered":"<p>Europeiska M\u00e4sterskapen Masters 2023 Den 11 Juni g\u00e5r EM i Verona Italien\u00a0 mer information om t\u00e4vlingarna och anm\u00e4lan kan ni hitta p\u00e5 f\u00f6ljande l\u00e4nk. https:\/\/www.uec.ch\/en\/event\/206\/2023-uec-gran-fondo-medio-fondo-european-championships<\/p>\n","protected":false},"author":16,"featured_media":0,"parent":0,"menu_order":0,"comment_status":"closed","ping_status":"closed","template":"","meta":{"_acf_changed":false,"footnotes":""},"class_list":["post-3880","page","type-page","status-publish","hentry"],"acf":[],"_links":{"self":[{"href":"https:\/\/scf.se\/landsvag\/wp-json\/wp\/v2\/pages\/3880","targetHints":{"allow":["GET"]}}],"collection":[{"href":"https:\/\/scf.se\/landsvag\/wp-json\/wp\/v2\/pages"}],"about":[{"href":"https:\/\/scf.se\/landsvag\/wp-json\/wp\/v2\/types\/page"}],"author":[{"embeddable":true,"href":"https:\/\/scf.se\/landsvag\/wp-json\/wp\/v2\/users\/16"}],"replies":[{"embeddable":true,"href":"https:\/\/scf.se\/landsvag\/wp-json\/wp\/v2\/comments?post=3880"}],"version-history":[{"count":1,"href":"https:\/\/scf.se\/landsvag\/wp-json\/wp\/v2\/pages\/3880\/revisions"}],"predecessor-version":[{"id":7144,"href":"https:\/\/scf.se\/landsvag\/wp-json\/wp\/v2\/pages\/3880\/revisions\/7144"}],"wp:attachment":[{"href":"https:\/\/scf.se\/landsvag\/wp-json\/wp\/v2\/media?parent=3880"}],"curies":[{"name":"wp","href":"https:\/\/api.w.org\/{rel}","templated":true}]}}

<h2><strong>Europeiska Mästerskapen Masters 2023</strong></h2>
<p>Den 11 Juni går EM i Verona Italien  mer information om tävlingarna och anmälan kan ni hitta på följande länk.</p>
<p><a href="https://www.uec.ch/en/event/206/2023-uec-gran-fondo-medio-fondo-european-championships">https://www.uec.ch/en/event/206/2023-uec-gran-fondo-medio-fondo-european-championships</a></p>

<p>Europeiska Mästerskapen Masters 2023 Den 11 Juni går EM i Verona Italien  mer information om tävlingarna och anmälan kan ni hitta på följande länk. https://www.uec.ch/en/event/206/2023-uec-gran-fondo-medio-fondo-european-championships</p>
