
{"id":3737,"date":"2022-09-19T07:24:30","date_gmt":"2022-09-19T05:24:30","guid":{"rendered":"http:\/\/scf.se\/landsvag\/?page_id=3737"},"modified":"2022-09-19T07:24:30","modified_gmt":"2022-09-19T05:24:30","slug":"slutstallning-2022","status":"publish","type":"page","link":"https:\/\/scf.se\/landsvag\/slutstallning-2022\/","title":{"rendered":"Slutst\u00e4llning 2022"},"content":{"rendered":"<p><strong>SWE Cup Masters 2022<\/strong><\/p>\n<p><strong>Alla mastert\u00e4vlingar ing\u00e5r i cupen, och de nio b\u00e4sta resultaten i dessa t\u00e4vlingar r\u00e4knas in i cupen. Klasserna H30 och H40 kommer ha tv\u00e5 \u201dextra\u201d delt\u00e4vlingar i po\u00e4ngtabellen f\u00f6r att SM k\u00f6rs i 5-\u00e5rsintervaller men i SWE Cup masters \u00e4r det 10-\u00e5rsintervaller, detta f\u00f6r att totaltabellen ska bli r\u00e4tt.<\/strong><\/p>\n<p><strong>T\u00e4vlingsprogram SWE Cup masters 2022<\/strong><\/p>\n<ul>\n<li>23\/4 Kinnekulleloppet<\/li>\n<li>30\/4 Himledalen tempo<\/li>\n<li>1\/5 Hofvettempo<\/li>\n<li>3\/6 Arlanda Testtrack<\/li>\n<li>4\/6 Kringelloppet<\/li>\n<li>5\/6 Falkenloppet<\/li>\n<li>20\/6 SM linje<\/li>\n<li>21\/6 SM tempo<\/li>\n<li>22\/6 SM tempo<\/li>\n<li>13\/8 Roslagsbro linje<\/li>\n<li>14\/8 Campus GP<\/li>\n<li>27\/8 Svanesund tempo<\/li>\n<li>28\/8 Svanesund linje<\/li>\n<\/ul>\n<p><strong>SWE Cup masters 2022 resultat<\/strong><\/p>\n<p>Eftersom 9 t\u00e4vlingar r\u00e4knas i cupen s\u00e5 \u00e4r resultaten ut\u00f6ver dessa nio inte med i sammanst\u00e4llningen och st\u00e5r med (-) framf\u00f6r po\u00e4ngen.(om man har t\u00e4vlat mer \u00e4n nio t\u00e4vlingar).<br \/>\n<strong>Dam:<\/strong><\/p>\n<ul>\n<li><a href=\"https:\/\/scf.se\/landsvag\/wp-content\/uploads\/sites\/5\/2022\/09\/D30-2022.pdf\">Resultat D30<\/a><\/li>\n<li><a href=\"https:\/\/scf.se\/landsvag\/wp-content\/uploads\/sites\/5\/2022\/09\/D40-2022.pdf\">Resultat D40<\/a><\/li>\n<li><a href=\"https:\/\/scf.se\/landsvag\/wp-content\/uploads\/sites\/5\/2022\/09\/D50-2022.pdf\">Resultat D50<\/a><\/li>\n<li><a href=\"https:\/\/scf.se\/landsvag\/wp-content\/uploads\/sites\/5\/2022\/09\/D60-2022.pdf\">Resultat D60<\/a><\/li>\n<\/ul>\n<p><strong>Herr:<\/strong><\/p>\n<ul>\n<li><a href=\"https:\/\/scf.se\/landsvag\/wp-content\/uploads\/sites\/5\/2022\/09\/H30-2022.pdf\">Resultat H30<\/a><\/li>\n<li><a href=\"https:\/\/scf.se\/landsvag\/wp-content\/uploads\/sites\/5\/2022\/09\/H40-2022.pdf\">Resultat H40<\/a><\/li>\n<li><a href=\"https:\/\/scf.se\/landsvag\/wp-content\/uploads\/sites\/5\/2022\/09\/H50-2022.pdf\">Resultat H50<\/a><\/li>\n<li><a href=\"https:\/\/scf.se\/landsvag\/wp-content\/uploads\/sites\/5\/2022\/09\/H55-2022.pdf\">Resultat H55<\/a><\/li>\n<li><a href=\"https:\/\/scf.se\/landsvag\/wp-content\/uploads\/sites\/5\/2022\/09\/H60-2022.pdf\">Resultat H60<\/a><\/li>\n<li><a href=\"https:\/\/scf.se\/landsvag\/wp-content\/uploads\/sites\/5\/2022\/09\/H65-2022.pdf\">Resultat H65<\/a><\/li>\n<li><a href=\"https:\/\/scf.se\/landsvag\/wp-content\/uploads\/sites\/5\/2022\/09\/H70-2022.pdf\">Resultat H70<\/a><\/li>\n<li><a href=\"https:\/\/scf.se\/landsvag\/wp-content\/uploads\/sites\/5\/2022\/09\/H75-2022.pdf\">Resultat H75<\/a><\/li>\n<\/ul>\n<p><strong>Po\u00e4ngber\u00e4kning SWE Cup masters 2022<\/strong><\/p>\n<p>Under 2022 delas po\u00e4ng ut till de 15 f\u00f6rsta i varje delt\u00e4vling enligt f\u00f6ljande po\u00e4ngskala:<br \/>\n25, 20, 15, 12, 11, 10, 9, 8, 7, 6, 5, 4, 3, 2, 1.<br \/>\nDet vill s\u00e4ga 1:an f\u00e5r 25 po\u00e4ng, 2:an 20 po\u00e4ng, 3:an 15 po\u00e4ng.<\/p>\n<p>Mastersr\u00e5det har vidare beslutat att dela ut dubbla po\u00e4ng i cupavslutningen. Detta f\u00f6r att \u00f6ka antalet t\u00e4vlande p\u00e5 avslutningshelgen och beh\u00e5lla sp\u00e4nningen i cupen in i det sista.<\/p>\n","protected":false},"excerpt":{"rendered":"<p>SWE Cup Masters 2022 Alla mastert\u00e4vlingar ing\u00e5r i cupen, och de nio b\u00e4sta resultaten i dessa t\u00e4vlingar r\u00e4knas in i cupen. Klasserna H30 och H40 kommer ha tv\u00e5 \u201dextra\u201d delt\u00e4vlingar i po\u00e4ngtabellen f\u00f6r att SM k\u00f6rs i 5-\u00e5rsintervaller men i SWE Cup masters \u00e4r det 10-\u00e5rsintervaller, detta f\u00f6r att totaltabellen ska bli r\u00e4tt. T\u00e4vlingsprogram<a href=\"https:\/\/scf.se\/landsvag\/slutstallning-2022\/\" class=\"news-card__more\"> &#8230;<\/a><\/p>\n","protected":false},"author":16,"featured_media":0,"parent":0,"menu_order":0,"comment_status":"closed","ping_status":"closed","template":"","meta":{"_acf_changed":false,"footnotes":""},"class_list":["post-3737","page","type-page","status-publish","hentry"],"acf":[],"_links":{"self":[{"href":"https:\/\/scf.se\/landsvag\/wp-json\/wp\/v2\/pages\/3737","targetHints":{"allow":["GET"]}}],"collection":[{"href":"https:\/\/scf.se\/landsvag\/wp-json\/wp\/v2\/pages"}],"about":[{"href":"https:\/\/scf.se\/landsvag\/wp-json\/wp\/v2\/types\/page"}],"author":[{"embeddable":true,"href":"https:\/\/scf.se\/landsvag\/wp-json\/wp\/v2\/users\/16"}],"replies":[{"embeddable":true,"href":"https:\/\/scf.se\/landsvag\/wp-json\/wp\/v2\/comments?post=3737"}],"version-history":[{"count":0,"href":"https:\/\/scf.se\/landsvag\/wp-json\/wp\/v2\/pages\/3737\/revisions"}],"wp:attachment":[{"href":"https:\/\/scf.se\/landsvag\/wp-json\/wp\/v2\/media?parent=3737"}],"curies":[{"name":"wp","href":"https:\/\/api.w.org\/{rel}","templated":true}]}}