
{"id":3069,"date":"2022-03-29T09:38:55","date_gmt":"2022-03-29T07:38:55","guid":{"rendered":"http:\/\/scf.se\/landsvag\/?page_id=3069"},"modified":"2022-03-29T09:38:55","modified_gmt":"2022-03-29T07:38:55","slug":"em-masters-2022","status":"publish","type":"page","link":"https:\/\/scf.se\/landsvag\/em-masters-2022\/","title":{"rendered":"EM Masters 2022"},"content":{"rendered":"<h2><strong>EM Masters 2022<\/strong><\/h2>\n<p>2022 UEC Gran Fondo &amp; Medio Championships g\u00e5r i Italien, Reggio Emilia, 17\/7.<\/p>\n<p>T\u00e4vlingen UCI Gran Fondo World Series och \u00e4r \u00f6ppen f\u00f6r deltagare fr\u00e5n 19 \u00e5r och upp\u00e5t. Yngsta klassen \u00e4r fr\u00e5n 19 \u00e5r till 34 \u00e5r, fr\u00e5n och med 34 \u00e5r \u00e4r \u00e5ldersklasserna indelade i 5-\u00e5rs intervall. Nytt f\u00f6r i \u00e5r \u00e4r att man utsett en delt\u00e4vling till\u00a0Granfondo European Championships. F\u00f6rutom att man kr\u00e4ver giltig licens och korar EM-medalj\u00f6rer s\u00e5 verkar inte detta Gran Fondo lopp skilja sig fr\u00e5n \u00f6vriga i serien.<\/p>\n<p><a href=\"http:\/\/(https:\/\/www.uec.ch\/en\/event\/184\/2022-uec-gran-fondo-medio-fondo-european-championships)\">L\u00e4s \u00e4ven om reglerna H\u00c4R<\/a> och notera att du m\u00e5ste ha ett l\u00e4karintyg f\u00f6r att f\u00e5 k\u00f6ra denna typ av lopp i Italien.<\/p>\n","protected":false},"excerpt":{"rendered":"<p>EM Masters 2022 2022 UEC Gran Fondo &amp; Medio Championships g\u00e5r i Italien, Reggio Emilia, 17\/7. T\u00e4vlingen UCI Gran Fondo World Series och \u00e4r \u00f6ppen f\u00f6r deltagare fr\u00e5n 19 \u00e5r och upp\u00e5t. Yngsta klassen \u00e4r fr\u00e5n 19 \u00e5r till 34 \u00e5r, fr\u00e5n och med 34 \u00e5r \u00e4r \u00e5ldersklasserna indelade i 5-\u00e5rs intervall. Nytt f\u00f6r<a href=\"https:\/\/scf.se\/landsvag\/em-masters-2022\/\" class=\"news-card__more\"> &#8230;<\/a><\/p>\n","protected":false},"author":41,"featured_media":0,"parent":0,"menu_order":0,"comment_status":"closed","ping_status":"closed","template":"","meta":{"_acf_changed":false,"footnotes":""},"class_list":["post-3069","page","type-page","status-publish","hentry"],"acf":[],"_links":{"self":[{"href":"https:\/\/scf.se\/landsvag\/wp-json\/wp\/v2\/pages\/3069","targetHints":{"allow":["GET"]}}],"collection":[{"href":"https:\/\/scf.se\/landsvag\/wp-json\/wp\/v2\/pages"}],"about":[{"href":"https:\/\/scf.se\/landsvag\/wp-json\/wp\/v2\/types\/page"}],"author":[{"embeddable":true,"href":"https:\/\/scf.se\/landsvag\/wp-json\/wp\/v2\/users\/41"}],"replies":[{"embeddable":true,"href":"https:\/\/scf.se\/landsvag\/wp-json\/wp\/v2\/comments?post=3069"}],"version-history":[{"count":0,"href":"https:\/\/scf.se\/landsvag\/wp-json\/wp\/v2\/pages\/3069\/revisions"}],"wp:attachment":[{"href":"https:\/\/scf.se\/landsvag\/wp-json\/wp\/v2\/media?parent=3069"}],"curies":[{"name":"wp","href":"https:\/\/api.w.org\/{rel}","templated":true}]}}