
{"id":2653,"date":"2020-02-25T09:00:38","date_gmt":"2020-02-25T08:00:38","guid":{"rendered":"http:\/\/scf.se\/landsvag\/?page_id=2653"},"modified":"2021-06-07T12:08:01","modified_gmt":"2021-06-07T10:08:01","slug":"landslagsprogram-2021","status":"publish","type":"page","link":"https:\/\/scf.se\/landsvag\/landslagsprogram-2021\/","title":{"rendered":"Landslagsprogram 2021\u00a0\u00a0"},"content":{"rendered":"<p><strong>Landslagsprogram 2021*<sub><br \/>\n<\/sub><\/strong><em>Prelimin\u00e4rt program uppdaterad 3 juni 2021<br \/>\n*Vi reserverar oss f\u00f6r \u00e4ndringar till f\u00f6ljd av coronapandemin<\/em><\/p>\n<p style=\"text-align: left;\"><strong>Mars<br \/>\n<\/strong><del>28-mars: Gent-Wevelgem Nations Cup (Junior \/U23)<\/del><\/p>\n<p style=\"text-align: left;\"><strong>April<\/strong> <strong><br \/>\n<\/strong><del>8-10 april: Healthy Ageing Tour, Holland \u2013 Nations Cup \u00a0(Dam Junior)<\/del><br \/>\n<del>10-april: Ronde van Vlaanderen,Belgien\u00a0 Nations Cup (Herr U23)<\/del><br \/>\n11-april: Paris-Roubaix, Frankrike \u2013 Nations Cup (Herr Junior)<br \/>\n<del>14-18 april: Tour du Loir et Cher UCI 2.2 (Herr U23\/Elit)<\/del><br \/>\n<del>23-25 april: EPZ Omloop van Borsele, Holland \u2013 Nations Cup (Dam Junior)<\/del><\/p>\n<p><strong>Maj<br \/>\n<\/strong>29 april &#8211; 2 maj: Gracia Tour UCI 2.2 (Dam Elit)<br \/>\n<del>5-7 maj: Tour of Uppsala, UCI 2.2 &#8211;<\/del> (Dam Elit) (Flyttad)<br \/>\n<del>8 maj: Scandinavian Race, Uppsala \u2013 1.2 (Herr Elit\/U23)<\/del> (Flyttad)<br \/>\n<del>6-9 maj: Course de la Paix Junior, Tjeckien \u2013 Nations Cup (Herr Junior)<\/del> (Flyttad)<br \/>\n27-30 maj: Tour of Estonia, Estland \u2013 2.1 (Herr Elit\/U23)<\/p>\n<p><strong>Juni<\/strong>\u00a0 <strong><br \/>\n<\/strong>10-13 juni: LVM Saarland Trofeo , Tyskland \u2013 Nations Cup (Herr Junior)<\/p>\n<p><strong>Juli<br \/>\n<\/strong>14-25 juli: OS Tokyo<br \/>\n31 juli: Scandinavian Race, Uppsala \u2013 1.2 (Herr Elit\/U23)<\/p>\n<p><strong>Augusti<\/strong><br \/>\n<del>1-3 augusti: Tour of Uppsala, UCI,\u00a02.2 &#8211; (Dam Elit)<strong><br \/>\n<\/strong>8 aug: V\u00e5rg\u00e5rda, Sverige \u2013 1.WWT (Dam Elit)<br \/>\n<\/del>19-22 augusti: Baltic Chain Tour UCI 2.2 (Herr Elit, Herr U23)<br \/>\n26-29 aug: Course de la Paix Junior, Tjeckien \u2013 Nations Cup (Herr Junior) <em><br \/>\n<\/em><\/p>\n<p><strong>September<\/strong> <strong><br \/>\n<\/strong>3-5 september: GP Ruebliland, Schweiz \u2013 2.1 (Herr Junior)<br \/>\n3-5 september: Watersley Ladies Challenge Nations Cup (Dam Junior)<br \/>\n8-12 september: European Championships, Italien (Alla klasser)<br \/>\n20-27 september: World Championship, Belgium (Elit\/U23\/Junior)<\/p>\n<p><strong>Oktober<\/strong><br \/>\n30 sept-3 oktober: LVM Saarland Trofeo, Tyskland &#8211; Nations Cup (Herr Junior)<\/p>\n<p><strong><u>S\u00f6ker nya t\u00e4vlingar:<\/u><\/strong><\/p>\n<p>8-9 maj \/ Tour du Gevaudan Occitanie (Dam J)<br \/>\n3-6 juni \/ Course de la Paix U23, Tjeckien \u2013 Nations Cup (Herr U23)<\/p>\n<p>&nbsp;<\/p>\n<p><em>\u00a0\u00a0\u00a0\u00a0<\/em><\/p>\n<p>&nbsp;<\/p>\n<p>&nbsp;<\/p>\n<p>&nbsp;<\/p>\n","protected":false},"excerpt":{"rendered":"<p>Landslagsprogram 2021* Prelimin\u00e4rt program uppdaterad 3 juni 2021 *Vi reserverar oss f\u00f6r \u00e4ndringar till f\u00f6ljd av coronapandemin Mars 28-mars: Gent-Wevelgem Nations Cup (Junior \/U23) April 8-10 april: Healthy Ageing Tour, Holland \u2013 Nations Cup \u00a0(Dam Junior) 10-april: Ronde van Vlaanderen,Belgien\u00a0 Nations Cup (Herr U23) 11-april: Paris-Roubaix, Frankrike \u2013 Nations Cup (Herr Junior) 14-18 april:<a href=\"https:\/\/scf.se\/landsvag\/landslagsprogram-2021\/\" class=\"news-card__more\"> &#8230;<\/a><\/p>\n","protected":false},"author":34,"featured_media":2391,"parent":0,"menu_order":0,"comment_status":"closed","ping_status":"closed","template":"","meta":{"_acf_changed":false,"footnotes":""},"class_list":["post-2653","page","type-page","status-publish","hentry"],"acf":[],"_links":{"self":[{"href":"https:\/\/scf.se\/landsvag\/wp-json\/wp\/v2\/pages\/2653","targetHints":{"allow":["GET"]}}],"collection":[{"href":"https:\/\/scf.se\/landsvag\/wp-json\/wp\/v2\/pages"}],"about":[{"href":"https:\/\/scf.se\/landsvag\/wp-json\/wp\/v2\/types\/page"}],"author":[{"embeddable":true,"href":"https:\/\/scf.se\/landsvag\/wp-json\/wp\/v2\/users\/34"}],"replies":[{"embeddable":true,"href":"https:\/\/scf.se\/landsvag\/wp-json\/wp\/v2\/comments?post=2653"}],"version-history":[{"count":0,"href":"https:\/\/scf.se\/landsvag\/wp-json\/wp\/v2\/pages\/2653\/revisions"}],"wp:featuredmedia":[{"embeddable":true,"href":"https:\/\/scf.se\/landsvag\/wp-json\/wp\/v2\/media\/2391"}],"wp:attachment":[{"href":"https:\/\/scf.se\/landsvag\/wp-json\/wp\/v2\/media?parent=2653"}],"curies":[{"name":"wp","href":"https:\/\/api.w.org\/{rel}","templated":true}]}}