
{"id":2649,"date":"2021-10-04T12:00:42","date_gmt":"2021-10-04T10:00:42","guid":{"rendered":"http:\/\/scf.se\/landsvag\/?page_id=2649"},"modified":"2021-10-04T14:31:34","modified_gmt":"2021-10-04T12:31:34","slug":"swe-cup-2021","status":"publish","type":"page","link":"https:\/\/scf.se\/landsvag\/swe-cup-2021\/","title":{"rendered":"SWE Cup 2021"},"content":{"rendered":"<h2><strong>T\u00e4vlingsprogram SWE Cup 2021<\/strong><\/h2>\n<p><strong>T\u00e4vlingsklasser 2021:<\/strong><\/p>\n<ul>\n<li>Herr Elit<\/li>\n<li>Dam (Junior, Elit, Master)<\/li>\n<li>Herr Junior\/Senior<\/li>\n<\/ul>\n<h3><strong>Delt\u00e4vling #1<\/strong><\/h3>\n<p>Giro Himledalen, Tempo, 22 maj<\/p>\n<p><strong>Resultat: <\/strong><\/p>\n<ul>\n<li><a href=\"https:\/\/scf.se\/landsvag\/wp-content\/uploads\/sites\/5\/2021\/09\/Himledalen-Tempo-HerrElit.pdf\">Herr Elit<\/a><\/li>\n<li><a href=\"https:\/\/scf.se\/landsvag\/wp-content\/uploads\/sites\/5\/2021\/09\/Himledalen-Tempo-DamElit.pdf\">Dam Elit<\/a><\/li>\n<\/ul>\n<h3><strong>Delt\u00e4vling #2<\/strong><\/h3>\n<p>Giro Himledalen, Linje, 23 maj<\/p>\n<p><strong>Resultat:<\/strong><\/p>\n<ul>\n<li><a href=\"https:\/\/scf.se\/landsvag\/wp-content\/uploads\/sites\/5\/2021\/09\/Himledalen-Linje-HerrElit.pdf\">Herr Elit<\/a><\/li>\n<li><a href=\"https:\/\/scf.se\/landsvag\/wp-content\/uploads\/sites\/5\/2021\/09\/Himledalen-Linje-DamElit.pdf\">Dam Elit<\/a><\/li>\n<\/ul>\n<h3><strong>Delt\u00e4vling #3<\/strong><\/h3>\n<p>Xamera Cup Mantorp, 11-12 juni<\/p>\n<ul>\n<li>Herr Elit<\/li>\n<li>Dam Elit<\/li>\n<\/ul>\n<p>Den totala slutst\u00e4llningen ing\u00e5r som en delt\u00e4vling i SWE Cup.<\/p>\n<h3 style=\"text-align: left\"><strong>Delt\u00e4vling #4<\/strong><\/h3>\n<p style=\"text-align: left\">Ringenloppet, Linje, 24 juli<\/p>\n<ul>\n<li style=\"text-align: left\"><a href=\"https:\/\/scf.se\/landsvag\/wp-content\/uploads\/sites\/5\/2021\/09\/Ringenloppet_HerrElit.pdf\">Herr Elit <\/a><\/li>\n<li style=\"text-align: left\"><a href=\"https:\/\/scf.se\/landsvag\/wp-content\/uploads\/sites\/5\/2021\/09\/Ringenloppet_DamElit_Jun.pdf\">Dam Elit<\/a><\/li>\n<li style=\"text-align: left\"><a href=\"https:\/\/scf.se\/landsvag\/wp-content\/uploads\/sites\/5\/2021\/09\/Ringenloppet_HerrSen_Jun.pdf\">Herr Junior\/Senior<\/a><\/li>\n<\/ul>\n<h3><strong>Delt\u00e4vling #5<\/strong><\/h3>\n<p>Kinnekulleloppet, 14 augusti<\/p>\n<ul>\n<li><a href=\"https:\/\/scf.se\/landsvag\/wp-content\/uploads\/sites\/5\/2021\/09\/Kinnekulleloppet_HerrElit.pdf\">Herr Elit<\/a><\/li>\n<li><a href=\"https:\/\/scf.se\/landsvag\/wp-content\/uploads\/sites\/5\/2021\/09\/Kinnekulleloppet_Damer.pdf\">Dam<\/a><\/li>\n<li><a href=\"https:\/\/scf.se\/landsvag\/wp-content\/uploads\/sites\/5\/2021\/09\/Kinnekulleloppet_HerrSen_Jun.pdf\">Herr Junior\/Senior<\/a><\/li>\n<\/ul>\n<h3><strong>Delt\u00e4vling #6<br \/>\n<\/strong><\/h3>\n<p>Kinnekulle Cyclassic, 15 augusti<\/p>\n<ul>\n<li><a href=\"https:\/\/scf.se\/landsvag\/wp-content\/uploads\/sites\/5\/2021\/09\/KinnekulleCyclassic_HerrElit.pdf\">Herr Elit<\/a><\/li>\n<li><a href=\"https:\/\/scf.se\/landsvag\/wp-content\/uploads\/sites\/5\/2021\/09\/KinnekulleCyclassic_HerrSen_Jun.pdf\">Herr Junior\/Senior<\/a><\/li>\n<\/ul>\n<p>G\u00f6tenetempot, 15 augusti<\/p>\n<ul>\n<li><a href=\"https:\/\/scf.se\/landsvag\/wp-content\/uploads\/sites\/5\/2021\/09\/GotenetempotDamer.pdf\">Dam<\/a><\/li>\n<\/ul>\n<h3><strong>Delt\u00e4vling #7<\/strong><\/h3>\n<p>Brudfj\u00e4llsracet, Linje, 22 augusti<\/p>\n<ul>\n<li><a href=\"https:\/\/scf.se\/landsvag\/wp-content\/uploads\/sites\/5\/2021\/09\/Brudfjallsracet_HerrElit.pdf\">Herr Elit <\/a><\/li>\n<li><a href=\"https:\/\/scf.se\/landsvag\/wp-content\/uploads\/sites\/5\/2021\/09\/Brudfjallsracet_Damer.pdf\">Dam <\/a><\/li>\n<li><a href=\"https:\/\/scf.se\/landsvag\/wp-content\/uploads\/sites\/5\/2021\/09\/Brudfjallsracet_HerrSen_Jun.pdf\">Herr Junior\/Senior<\/a><\/li>\n<\/ul>\n<h3><strong>Delt\u00e4vling #8<\/strong><\/h3>\n<p>V\u00e4stboloppet Burseryd, 19 september<\/p>\n<ul>\n<li><a href=\"https:\/\/scf.se\/landsvag\/wp-content\/uploads\/sites\/5\/2021\/10\/Vastboloppet_HerrElit.pdf\">Herr Elit<\/a><\/li>\n<li><a href=\"https:\/\/scf.se\/landsvag\/wp-content\/uploads\/sites\/5\/2021\/10\/Vastboloppet_DamElit.pdf\">Dam Elit<\/a><\/li>\n<li><a href=\"https:\/\/scf.se\/landsvag\/wp-content\/uploads\/sites\/5\/2021\/10\/Vastboloppet_JunSen.pdf\">Herr Junior, Herr Senior<\/a><\/li>\n<\/ul>\n<h3><strong>Delt\u00e4vling #9<\/strong><\/h3>\n<p>Nationaldagsloppet, 3 oktober<\/p>\n<ul>\n<li><a href=\"https:\/\/scf.se\/landsvag\/wp-content\/uploads\/sites\/5\/2021\/10\/Nationaldagsloppet_HerrElit.pdf\">Herr Elit<\/a><\/li>\n<li><a href=\"https:\/\/scf.se\/landsvag\/wp-content\/uploads\/sites\/5\/2021\/10\/Nationaldagsloppet_DamElit.pdf\">Dam Elit<\/a><\/li>\n<li><a href=\"https:\/\/scf.se\/landsvag\/wp-content\/uploads\/sites\/5\/2021\/10\/Nationaldagsloppet_JunSen.pdf\">Herr Junior, Herr Senior<\/a><\/li>\n<\/ul>\n<p><strong>Slutst\u00e4llning i SWE Cup 2021.<\/strong><\/p>\n<p><a href=\"https:\/\/scf.se\/landsvag\/wp-content\/uploads\/sites\/5\/2021\/10\/Swecup2021.pdf\" target=\"_blank\" rel=\"noopener noreferrer\">SWE Cup 2021<\/a><\/p>\n<hr \/>\n<h2>SWE Cup-regler<\/h2>\n<h3><strong>Klasser<\/strong><\/h3>\n<ul>\n<li><strong>Herr Elit<br \/>\n<\/strong>\u00d6ppen f\u00f6r cyklister som innehar licens i Elit Men eller U23 Men.<\/li>\n<li><strong>Dam <\/strong>\u00d6ppen f\u00f6r cyklister som innehar licens i Elit Women, U23 Women, Junior Women eller Master Women. Junior Women \u00e4ger r\u00e4tt till fri utv\u00e4xling.<\/li>\n<li><strong>Herr Junior\/Senior<\/strong><br \/>\n\u00d6ppen f\u00f6r cyklister som innehar licens i Junior Men, Elit Men, Under 23 Men eller Master Men.<br \/>\nJunior Men \u00e4ger r\u00e4tt till fri utv\u00e4xling.<\/li>\n<\/ul>\n<p><strong>Observera: <\/strong>cyklist med Elit Men eller U23 Men-licens bara kan t\u00e4vla i en av Cupklassena under \u00e5ret, det vill s\u00e4ga cyklisten f\u00e5r v\u00e4lja fr\u00e5n start antingen Herr Elit eller Herr Junior\/Senior.<\/p>\n<p>&nbsp;<\/p>\n<p><strong>Distanser Linje:<\/strong><\/p>\n<ul>\n<li>Herr Elit<br \/>\n150-180 km<\/li>\n<li>Dam<br \/>\n90-120 km<\/li>\n<li>Herr Junior\/Senior<br \/>\n90-120 km<\/li>\n<\/ul>\n<p>Alla i laget skall b\u00e4ra <u>enhetlig t\u00e4vlingstr\u00f6ja<\/u>. Lag kan vara klubblag, distriktslag, nationslag eller sammansatta team.<\/p>\n<h3>Po\u00e4ngber\u00e4kning<\/h3>\n<p><strong>Individuellt sammanlagt:<br \/>\n<\/strong><\/p>\n<ul>\n<li>Po\u00e4ngen delas ut till de 15 f\u00f6rsta.<\/li>\n<li>Po\u00e4ng delas ut p\u00e5 samtliga delt\u00e4vlingar. Linjelopp: 25, 20, 15, 12, 11, 10, 9, 8, 7, 6, 5, 4, 3, 2, 1<\/li>\n<li>Ledartr\u00f6ja i Alla tre klasser. U19 tr\u00f6ja i Damer och Herr Junior\/Senior.<\/li>\n<li>Spurttr\u00f6ja i Damklass och Herr Elit.<\/li>\n<\/ul>\n<p><strong>Spurtpris:<br \/>\n<\/strong><\/p>\n<ul>\n<li>Vid varje delt\u00e4vling skall arrang\u00f6ren ange tv\u00e5 spurtpris. F\u00f6rsta spurtpriset b\u00f6r vara under loppets f\u00f6rsta 40 km och andra mellan 50-90 km.<\/li>\n<li>Po\u00e4ng delas ut till de 4 f\u00f6rsta vid respektive sprint Spurt: 6, 4, 2, 1<\/li>\n<li>Vid lika po\u00e4ng vinner den som har flest segrar, andra platser osv. Kan detta inte skilja dem \u00e5t avg\u00f6r inb\u00f6rdes resultat i senaste delt\u00e4vlingen.<\/li>\n<\/ul>\n<p><strong>U19:<br \/>\n<\/strong><\/p>\n<ul>\n<li>U19-ledartr\u00f6ja delas ut i Damklassen. T\u00e4vlingen g\u00e4ller enbart cyklister med Junior Women-licens.<\/li>\n<li>U19-ledartr\u00f6ja i Herrar Junior\/Senior. T\u00e4vlingen g\u00e4ller enbart cyklister med Junior Men-licens.<\/li>\n<\/ul>\n<h3><strong>Prioritering ledartr\u00f6jor<br \/>\n<\/strong><\/h3>\n<p><strong>Herr Elit:<br \/>\n<\/strong><\/p>\n<ol>\n<li>Ledartr\u00f6ja<\/li>\n<li>Spurtpristr\u00f6ja<\/li>\n<\/ol>\n<p>Om totallederaren i klassen ocks\u00e5 leder spurtprist\u00e4vling s\u00e5 t\u00e4vlar 2:an i spurtprist\u00e4vling i spurtpristr\u00f6jan.<\/p>\n<p><strong>Dam:<br \/>\n<\/strong><\/p>\n<ol>\n<li>Ledartr\u00f6ja<\/li>\n<li>U19-tr\u00f6ja<\/li>\n<li>Spurtpristr\u00f6ja<\/li>\n<\/ol>\n<p>Om totallederaren i klassen ocks\u00e5 leder U19-tr\u00f6jan s\u00e5 t\u00e4vlar 2:an i U19-t\u00e4vling i denna tr\u00f6ja. Om totallederaren i klassen, alternativt ledaren i U19-klassen, ocks\u00e5 leder spurtprist\u00e4vling s\u00e5 t\u00e4vlar 2:an alternativt 3:an i spurtprist\u00e4vling i spurtpristr\u00f6jan.<\/p>\n<p><strong>Herr Junior\/Senior:<br \/>\n<\/strong><\/p>\n<ol>\n<li>Ledartr\u00f6ja<\/li>\n<li>U19-tr\u00f6ja<\/li>\n<\/ol>\n<p>Om totallederaren i klassen ocks\u00e5 leder U19-tr\u00f6jan s\u00e5 t\u00e4vlar 2:an i U19-t\u00e4vling i denna tr\u00f6ja.<\/p>\n<p><strong>Lagt\u00e4vling:<br \/>\n<\/strong>Lagt\u00e4vling i alla klasser. Ber\u00e4knas efter de tre fr\u00e4msta i totalen ifr\u00e5n respektive lag. F\u00f6r att delta i lagt\u00e4vlingen kr\u00e4vs minst tre startande cyklister\/ lag.<\/p>\n<p><strong>Anm\u00e4lan:<\/strong><\/p>\n<p>Anm\u00e4lan sker, av SCF, anvisat anm\u00e4lningssystem. Anm\u00e4lningsavgiften \u00e4r fastst\u00e4lld till maximalt 500 kr per anm\u00e4ld cyklist.<\/p>\n<p><strong>Lagledarm\u00f6te:<\/strong><\/p>\n<ul>\n<li>Samtliga cyklister i t\u00e4vlingen ska representeras p\u00e5 lagledarm\u00f6te som h\u00e5lls 1,5 timme f\u00f6re start.<\/li>\n<li>Ansvariga f\u00f6r lagservicebilar som skall delta under t\u00e4vlingen skall delta p\u00e5 lagledarm\u00f6tet.<\/li>\n<\/ul>\n<p><strong>Service:<\/strong><\/p>\n<ul>\n<li>Till\u00e4mpas i alla cupklasser.<\/li>\n<li>Alla anm\u00e4lda lag\/klubbar b\u00f6r ha egen servicebil (beh\u00f6ver ej vara med i lagt\u00e4vlingen f\u00f6r att ha servicebil)<\/li>\n<li>Lag\/ klubbar f\u00e5r dela servicebil.<\/li>\n<li>Samtliga servicebilar skall ha mekaniker och f\u00f6rare som genomg\u00e5tt utbildning i servicekurs p\u00e5 www.scf.se<\/li>\n<li>Bilar skall utrustas med radio som arrang\u00f6r tillhandah\u00e5ller. Egen scanner \u00e4r till\u00e5tet.<\/li>\n<li>Arrang\u00f6ren tillhandah\u00e5ller 1 st neutral servicebil.<\/li>\n<li>Cyklist utan egen servicebil kan l\u00e4mna material till neutral servicebil men kan ej r\u00e4kna med neutral service i alla l\u00e4gen beroende p\u00e5 t\u00e4vlingssituationen.<\/li>\n<li>Karavanordningen lottas inf\u00f6r f\u00f6rsta delt\u00e4vlingen, d\u00e4refter enligt den individuella totalst\u00e4llningen i cupen.<\/li>\n<\/ul>\n<p><strong>Prispengar:<\/strong><\/p>\n<ul>\n<li>Priser skall vara lika f\u00f6r dam och herr.<\/li>\n<li>Vid 11 eller f\u00e4rre anm\u00e4lda g\u00e4ller 3 priser. Vid fler, g\u00e4ller 5 priser.<\/li>\n<li>Arrang\u00f6ren st\u00e5r f\u00f6r prispengar f\u00f6r delt\u00e4vlingen och SCF f\u00f6r totalen.<\/li>\n<li>Prisutdelning skall h\u00e5llas snarast m\u00f6jligt efter t\u00e4vlingsklassens m\u00e5lg\u00e5ng.<\/li>\n<\/ul>\n<p><strong>Dam och Herr Elit p<\/strong><strong>er delt\u00e4vling <\/strong>(<strong>betalas av arrang\u00f6ren<\/strong>)<em><br \/>\n<\/em><\/p>\n<ol>\n<li>3000 kr<\/li>\n<li>2000 kr<\/li>\n<li>1500 kr<\/li>\n<li>750 kr<\/li>\n<li>400 kr<\/li>\n<\/ol>\n<ul>\n<li><strong>Dam U19\u00a0<\/strong> <strong>per delt\u00e4vling\u00a0(betalas av arrang\u00f6ren)<\/strong><em><br \/>\n<\/em><\/li>\n<\/ul>\n<ol>\n<li>1000 kr<\/li>\n<\/ol>\n<ul>\n<li><strong>Totalt SWE Cup Dam och Herr Elit<\/strong>\u00a0(<strong>betalas av<\/strong>\u00a0<strong>SCF<\/strong>)<em><br \/>\n<\/em><\/li>\n<\/ul>\n<ol>\n<li>10 000 kr<\/li>\n<li>8 000 kr<\/li>\n<li>5 000 kr<\/li>\n<\/ol>\n<ul>\n<li><strong>Totalt SWE Cup Spurtpris Dam och Herr Elit<\/strong>\u00a0(<strong>betalas av<\/strong>\u00a0<strong>SCF<\/strong>)<em><br \/>\n<\/em><\/li>\n<\/ul>\n<ol>\n<li>\u00a02000 kr<\/li>\n<\/ol>\n<ul>\n<li><strong>Herr Junior\/Senior<\/strong> <strong>p<\/strong><strong>er delt\u00e4vling<\/strong>\u00a0(<strong>betalas av arrang\u00f6ren<\/strong>)<em><br \/>\n<\/em><\/li>\n<\/ul>\n<ol>\n<li>\u00a01500 kr<\/li>\n<li>750 kr<\/li>\n<li>500 kr<\/li>\n<\/ol>\n<ul>\n<li><strong>Herr U19 p<\/strong><strong>er delt\u00e4vling <\/strong>(<strong>betalas av arrang\u00f6ren<\/strong>)<em><br \/>\n<\/em><\/li>\n<\/ul>\n<ol>\n<li>1000 kr<\/li>\n<\/ol>\n<ul>\n<li><strong>Totalt SWE Cup Herr Junior\/Senior <\/strong>(<strong>betalas av <\/strong><strong>SCF<\/strong>)<\/li>\n<\/ul>\n<ol>\n<li>4 000 kr<\/li>\n<li>3 000 kr<\/li>\n<li>2 000 kr<\/li>\n<\/ol>\n<ul>\n<li><strong>\u00a0<\/strong><strong>Totalt Lagt\u00e4vling<\/strong>\u00a0<strong>SWE Cup<\/strong>\u00a0(<strong>betalas av<\/strong>\u00a0<strong>SCF<\/strong>)<\/li>\n<\/ul>\n<p>Dam och Herr Elit: 5000 kr<br \/>\n1:a Herr Junior\/Senior:\u00a0 3000 kr<\/p>\n","protected":false},"excerpt":{"rendered":"<p>T\u00e4vlingsprogram SWE Cup 2021 T\u00e4vlingsklasser 2021: Herr Elit Dam (Junior, Elit, Master) Herr Junior\/Senior Delt\u00e4vling #1 Giro Himledalen, Tempo, 22 maj Resultat: Herr Elit Dam Elit Delt\u00e4vling #2 Giro Himledalen, Linje, 23 maj Resultat: Herr Elit Dam Elit Delt\u00e4vling #3 Xamera Cup Mantorp, 11-12 juni Herr Elit Dam Elit Den totala slutst\u00e4llningen ing\u00e5r som<a href=\"https:\/\/scf.se\/landsvag\/swe-cup-2021\/\" class=\"news-card__more\"> &#8230;<\/a><\/p>\n","protected":false},"author":34,"featured_media":0,"parent":0,"menu_order":0,"comment_status":"closed","ping_status":"closed","template":"","meta":{"_acf_changed":false,"footnotes":""},"class_list":["post-2649","page","type-page","status-publish","hentry"],"acf":[],"_links":{"self":[{"href":"https:\/\/scf.se\/landsvag\/wp-json\/wp\/v2\/pages\/2649","targetHints":{"allow":["GET"]}}],"collection":[{"href":"https:\/\/scf.se\/landsvag\/wp-json\/wp\/v2\/pages"}],"about":[{"href":"https:\/\/scf.se\/landsvag\/wp-json\/wp\/v2\/types\/page"}],"author":[{"embeddable":true,"href":"https:\/\/scf.se\/landsvag\/wp-json\/wp\/v2\/users\/34"}],"replies":[{"embeddable":true,"href":"https:\/\/scf.se\/landsvag\/wp-json\/wp\/v2\/comments?post=2649"}],"version-history":[{"count":0,"href":"https:\/\/scf.se\/landsvag\/wp-json\/wp\/v2\/pages\/2649\/revisions"}],"wp:attachment":[{"href":"https:\/\/scf.se\/landsvag\/wp-json\/wp\/v2\/media?parent=2649"}],"curies":[{"name":"wp","href":"https:\/\/api.w.org\/{rel}","templated":true}]}}