
{"id":2097,"date":"2019-08-07T08:54:06","date_gmt":"2019-08-07T06:54:06","guid":{"rendered":"http:\/\/scf.se\/landsvag\/?page_id=2097"},"modified":"2019-08-18T08:20:11","modified_gmt":"2019-08-18T06:20:11","slug":"resultat-em-landsvag-alkmaar-7-11-augusti-2019","status":"publish","type":"page","link":"https:\/\/scf.se\/landsvag\/resultat-em-landsvag-alkmaar-7-11-augusti-2019\/","title":{"rendered":"Resultat EM landsv\u00e4g, Alkmaar  7-11 augusti 2019"},"content":{"rendered":"<h3>Resultat tempo (ITT)<\/h3>\n<p>Fullst\u00e4ndiga resultatlistor <a href=\"https:\/\/www.alkmaar-cycling.com\/wedstrijdinformatie.html#services3-99\">finns att h\u00e4mta h\u00e4r:<\/a>\u00a0Nedan finns alla pallplatser och svenskarnas placeringar.<\/p>\n<div id=\"attachment_2103\" class=\"wp-caption alignnone\" ><a style=\"font-size: 11px;\" href=\"https:\/\/scf.se\/landsvag\/wp-content\/uploads\/sites\/5\/2019\/08\/Wilma-Olausson-brons-EM-tempo-2019.jpg\"><img loading=\"lazy\" decoding=\"async\" class=\"wp-image-2103 size-post-small\" src=\"https:\/\/scf.se\/landsvag\/wp-content\/uploads\/sites\/5\/2019\/08\/Wilma-Olausson-brons-EM-tempo-2019-740x462.jpg\" alt=\"\" width=\"740\" height=\"462\" \/><\/a><p class=\"wp-caption-text\">Wilma Olausson startade EM 2019 genom att ta en bronsmedalj i tempoloppet f\u00f6r dam junior.<\/p><\/div>\n<div class=\"mceTemp\"><\/div>\n<blockquote><p>Det blev en riktigt bra start f\u00f6r Wilma som \u00f6verraskade oss lite i tempot. Damjuniorerna k\u00f6r inte s\u00e5 mycket tempolopp, men tidigare i somras klev hon upp p\u00e5 pallen n\u00e4r hon k\u00f6rde med dameliten p\u00e5 U6-loppet, s\u00e5 vi visste att hon k\u00f6r bra. Det var\u00a0v\u00e4ldigt kul att se henne ta ett EM-brons idag s\u00e4ger Lucas Persson, f\u00f6rbundskapten landsv\u00e4g.<\/p><\/blockquote>\n<h3><strong>Onsdag 7\/8<\/strong><\/h3>\n<h4><strong>Dam junior\u00a0<\/strong><\/h4>\n<ol>\n<li>Shirin Van Anrooij, Nederl\u00e4nderna<\/li>\n<li>Aigul Gareeva, Ryssland<\/li>\n<li>Wilma Olausson, Sverige<\/li>\n<\/ol>\n<p>Julia Borgstr\u00f6m (24:a)<\/p>\n<p><span style=\"font-size: 16px; font-weight: bold;\">Herrar junior<\/span><\/p>\n<ol>\n<li>Andrea Piccolo, Italien<\/li>\n<li>Lars Boven, Nederl\u00e4nderna<\/li>\n<li>Enzo Leijnse, Nederl\u00e4nderna<\/li>\n<\/ol>\n<p>Hjalmar Klyver (29:a)<\/p>\n<h3><span style=\"color: #333333;\">Torsdag 8\/8<\/span><\/h3>\n<p><strong>Herr U23<\/strong><\/p>\n<ol>\n<li>Johan Price-Pejtersen, Danmark<\/li>\n<li>Mikkel Bjerg, Danmark<\/li>\n<li>Stefan Bissegger, Schweiz<\/li>\n<\/ol>\n<p>Erik Bergstr\u00f6m-Frisk (22:a)<\/p>\n<p><strong>Herr Elit<br \/>\n<\/strong><\/p>\n<ol>\n<li>Remco Evenepoel, Belgien<\/li>\n<li>Kasper Asgreen, Danmark<\/li>\n<li>Edoardo Affini, Italien<\/li>\n<\/ol>\n<p>Tobias Ludvigsson (14:e)<\/p>\n<h3>Resultat linjelopp (RR)<\/h3>\n<h3>Fredag 9\/8<\/h3>\n<p><strong>Dam Junior<\/strong><\/p>\n<ol>\n<li>Ilse Pluimers, Nederl\u00e4nderna<\/li>\n<li>Sofie Van Rooijen, Nederl\u00e4nderna<\/li>\n<li>Kristina Nenadovic, Frankrike<\/li>\n<\/ol>\n<p>Julia Borgstr\u00f6m (12:a)<br \/>\nWilma Olausson (53:a)<\/p>\n<blockquote><p>Julia k\u00f6rde riktigt stark och satt h\u00f6gt upp i toppen av klungan hela loppet. Julia spurtade in p\u00e5 en 12:e plats.\u00a0Tyv\u00e4rr s\u00e5 vurpade Wilma p\u00e5 f\u00f6rsta varvet och slog i sitt kn\u00e4, hon k\u00e4mpade l\u00e4nge f\u00f6r att ansluta men lyckades ej att komma tillbaka p\u00e5 det tekniska varvet.<\/p><\/blockquote>\n<p><strong>U23 Dam<\/strong><\/p>\n<ol>\n<li>Letizia Paternoster, Italien<\/li>\n<li>Marta Lach, Italien<\/li>\n<li>Lonneke Uneken, Nederl\u00e4nderna<\/li>\n<\/ol>\n<p>Clara Lundmark (26)<\/p>\n<blockquote><p>Clara startade som ensam svenska. Hon k\u00f6rde starkt och var bra placerade hela loppet. I Spurten var det tr\u00f6tta ben och hon slutade p\u00e5 en 26:e plats.<\/p><\/blockquote>\n<p><strong>Herr Junior<\/strong><\/p>\n<ol>\n<li>Andrii Ponomar, Ukraina<\/li>\n<li>Maruice Ballerstedt, Tyskland<\/li>\n<li>Andrea Piccolo, Italien<\/li>\n<\/ol>\n<p>Edvin Lovidius (24), Hjalmar Klyver (73), Anton Dahlblom (DNF), Jonathan Ahlsson (DNF))<\/p>\n<blockquote><p>Killarna k\u00f6rde stark tillsammans och tog sig snabbt upp till fronten av klungan och var med p\u00e5 attackerna. Halvv\u00e4gs in i loppet s\u00e5 vurpade tyv\u00e4rr Anton. Edvin kommer med f\u00f6rsta gruppen in och blir 24:a<\/p><\/blockquote>\n<h3>L\u00f6rdag 10\/8<\/h3>\n<p><strong>U23 Herr <\/strong><\/p>\n<ol>\n<li>Alberto Dainese, Italien<\/li>\n<li>Niklas Larsen, Danmark<\/li>\n<li>Rait \u00c4rm, Estland<\/li>\n<\/ol>\n<p>Emil Lindgren (12), Erik Bergstr\u00f6m-Frisk (33), Hugo Forssell (DNF) och Jacob Eriksson (DNF)<\/p>\n<blockquote><p>Killarna k\u00f6rde starkt som lag och hj\u00e4lpte varandra att h\u00e5lla bra position i klungan. Halvv\u00e4gs in i loppet vurpade Jacob Eriksson, han k\u00e4mpade f\u00f6r att komma tillbaka med lyckades inte att ansluta igen p\u00e5 det tekniska varvet. Emil Lindgren satt fint med hela dagen och spurtade in p\u00e5 en 12:e plats.<\/p><\/blockquote>\n<p><strong>Dam Elit\u00a0<\/strong><\/p>\n<ol>\n<li>Amy Pieters, Nederl\u00e4nderna<\/li>\n<li>Elena Cecchini, Italien<\/li>\n<li>Lisa Klein, Tyskland<\/li>\n<\/ol>\n<p>Sara Penton (DNF), Sara Mustonen (DNF)<\/p>\n<blockquote><p>Tjejerna hann inte komma upp i fronten av klungan innan det delade sig i flera grupper s\u00e5 t\u00e4vling tog slut ganska snabbt f\u00f6r b\u00e5da svenskarna.<\/p><\/blockquote>\n<h3>S\u00f6ndag 11\/8<\/h3>\n<p><strong>Herr Elit <\/strong><\/p>\n<ol>\n<li>Elia Viviani, Italien<\/li>\n<li>Yves Lampaert, Belgien<\/li>\n<li>Pascal Ackermann, Tyskland<\/li>\n<\/ol>\n<p>Lucas Eriksson (DNF)<\/p>\n<blockquote><p>Herr eliten k\u00f6rde ut p\u00e5 ett st\u00f6rre varv innan dom kom in p\u00e5 varv banan. Det bl\u00e5ste 13 m\/s. Det blev ganska snabbt 6-7 grupper. Lucas k\u00e4mpade p\u00e5 bra som ensam svensk och kom in p\u00e5 varv banan i grupp 2. Med 40 km kvar s\u00e5 var gruppen 4 min efter och blev avplockade vid varvningen.<\/p><\/blockquote>\n<p><a href=\"https:\/\/scf.se\/landsvag\/truppen-uttagen-till-landsvags-em-i-alkmaar\/\">H\u00e4r \u00e4r truppen<\/a><\/p>\n","protected":false},"excerpt":{"rendered":"<p>Resultat tempo (ITT) Fullst\u00e4ndiga resultatlistor finns att h\u00e4mta h\u00e4r:\u00a0Nedan finns alla pallplatser och svenskarnas placeringar. Det blev en riktigt bra start f\u00f6r Wilma som \u00f6verraskade oss lite i tempot. Damjuniorerna k\u00f6r inte s\u00e5 mycket tempolopp, men tidigare i somras klev hon upp p\u00e5 pallen n\u00e4r hon k\u00f6rde med dameliten p\u00e5 U6-loppet, s\u00e5 vi visste<a href=\"https:\/\/scf.se\/landsvag\/resultat-em-landsvag-alkmaar-7-11-augusti-2019\/\" class=\"news-card__more\"> &#8230;<\/a><\/p>\n","protected":false},"author":2,"featured_media":0,"parent":0,"menu_order":0,"comment_status":"closed","ping_status":"closed","template":"","meta":{"_acf_changed":false,"footnotes":""},"class_list":["post-2097","page","type-page","status-publish","hentry"],"acf":[],"_links":{"self":[{"href":"https:\/\/scf.se\/landsvag\/wp-json\/wp\/v2\/pages\/2097","targetHints":{"allow":["GET"]}}],"collection":[{"href":"https:\/\/scf.se\/landsvag\/wp-json\/wp\/v2\/pages"}],"about":[{"href":"https:\/\/scf.se\/landsvag\/wp-json\/wp\/v2\/types\/page"}],"author":[{"embeddable":true,"href":"https:\/\/scf.se\/landsvag\/wp-json\/wp\/v2\/users\/2"}],"replies":[{"embeddable":true,"href":"https:\/\/scf.se\/landsvag\/wp-json\/wp\/v2\/comments?post=2097"}],"version-history":[{"count":0,"href":"https:\/\/scf.se\/landsvag\/wp-json\/wp\/v2\/pages\/2097\/revisions"}],"wp:attachment":[{"href":"https:\/\/scf.se\/landsvag\/wp-json\/wp\/v2\/media?parent=2097"}],"curies":[{"name":"wp","href":"https:\/\/api.w.org\/{rel}","templated":true}]}}