
{"id":1528,"date":"2025-10-23T14:53:47","date_gmt":"2025-10-23T12:53:47","guid":{"rendered":"http:\/\/scf.se\/landsvag\/?page_id=1528"},"modified":"2025-10-23T15:36:24","modified_gmt":"2025-10-23T13:36:24","slug":"svenska-mastare-landsvag-kortdistans","status":"publish","type":"page","link":"https:\/\/scf.se\/landsvag\/svenska-mastare-landsvag-kortdistans\/","title":{"rendered":"Svenska M\u00e4stare Landsv\u00e4g Kortdistans"},"content":{"rendered":"<div id=\"attachment_4376\" class=\"wp-caption alignnone\" ><a href=\"https:\/\/scf.se\/landsvag\/wp-content\/uploads\/sites\/5\/2023\/08\/HugoWincent.jpg\"><img loading=\"lazy\" decoding=\"async\" class=\"size-full wp-image-4376\" src=\"https:\/\/scf.se\/landsvag\/wp-content\/uploads\/sites\/5\/2023\/08\/HugoWincent.jpg\" alt=\"\" width=\"2015\" height=\"1400\" srcset=\"https:\/\/scf.se\/landsvag\/wp-content\/uploads\/sites\/5\/2023\/08\/HugoWincent.jpg 2015w, https:\/\/scf.se\/landsvag\/wp-content\/uploads\/sites\/5\/2023\/08\/HugoWincent-300x208.jpg 300w, https:\/\/scf.se\/landsvag\/wp-content\/uploads\/sites\/5\/2023\/08\/HugoWincent-1024x711.jpg 1024w, https:\/\/scf.se\/landsvag\/wp-content\/uploads\/sites\/5\/2023\/08\/HugoWincent-768x534.jpg 768w, https:\/\/scf.se\/landsvag\/wp-content\/uploads\/sites\/5\/2023\/08\/HugoWincent-1536x1067.jpg 1536w\" sizes=\"auto, (max-width: 2015px) 100vw, 2015px\" \/><\/a><p class=\"wp-caption-text\"><em>Hugo Forssell fr\u00e5n CK Hymer segrade p\u00e5 SM-kortdistansen 2023, n\u00e4rmast f\u00f6re pigga uppstickaren Michael Wincent Team UV IK.<\/em><\/p><\/div>\n<h2>SM kortdistans herrar<\/h2>\n<p>1999: \u00d6rjan Gustavsson, Skoghalls CK Hammar\u00f6<br \/>\n2000:Kristoffer Ingeby, Team M\u00e4larenergi CK, V\u00e4ster\u00e5s<br \/>\n2001:\u00a0Henrik Oldin, Team M\u00e4larenergi CK, V\u00e4ster\u00e5s<br \/>\n2002:\u00a0Petter Ren\u00e4ng, Team Crescent CK, Varberg<br \/>\n2003:\u00a0Thomas L\u00f6vkvist, Team Bianchi Scandinavia<br \/>\n2004:\u00a0Petter Ren\u00e4ng, Team Bianchi Nordic<br \/>\n2005: Mattias Westling, Team Trek \u00c5storps CK<br \/>\n2006:\u00a0Lucas Persson, Team M\u00e4larenergi CK<br \/>\n2007:\u00a0Sead Mujacecic, CK Ringen<br \/>\n2008:\u00a0Patrik Mor\u00e9n, CK Valhall<br \/>\n2009: Sebastian Balck, Team Cykelcity<br \/>\n2010: Jonas Ahlstrand, Team Cykelcity<br \/>\n2011: Sebastian Balck, CK Cykelcity.se<br \/>\n2012: Jonas Bjelkmark, CK Cykelcity.se<br \/>\n2013: Marcus Johansson, CK Hymer<br \/>\n2014: Jonas Ahlstrand, H\u00f6llviken CK<br \/>\n2015:\u00a0Alexander Wetterhall, Skara CK<br \/>\n2016:\u00a0Alexander Wetterhall, Tre Berg CK<br \/>\n2017:\u00a0Hannes Bergstr\u00f6m, Ryska Posten SK<br \/>\n2018:\u00a0Emil Andersson, Giro Cycle Club<br \/>\n2019:\u00a0Lucas Eriksson, Motala AIF CK<br \/>\n2020: Edvin Lovidius, S\u00f6dert\u00e4lje, CK<br \/>\n2021: Jonathan Ahlsson, Motala AIF CK<br \/>\n2022: Linus Eriksson Kvist, Motala AIF CK<br \/>\n2023: Hugo Forssell, CK Hymer<br \/>\n2024: Jonathan Ahlsson, Motala AIF CK<br \/>\n2025: Hugo Forssell, CK Hymer<\/p>\n<hr \/>\n<div id=\"attachment_4377\" class=\"wp-caption alignnone\" ><a href=\"https:\/\/scf.se\/landsvag\/wp-content\/uploads\/sites\/5\/2023\/08\/SMdamdrag-788x480-1.jpg\"><img loading=\"lazy\" decoding=\"async\" class=\"size-full wp-image-4377\" src=\"https:\/\/scf.se\/landsvag\/wp-content\/uploads\/sites\/5\/2023\/08\/SMdamdrag-788x480-1.jpg\" alt=\"\" width=\"788\" height=\"480\" srcset=\"https:\/\/scf.se\/landsvag\/wp-content\/uploads\/sites\/5\/2023\/08\/SMdamdrag-788x480-1.jpg 788w, https:\/\/scf.se\/landsvag\/wp-content\/uploads\/sites\/5\/2023\/08\/SMdamdrag-788x480-1-300x183.jpg 300w, https:\/\/scf.se\/landsvag\/wp-content\/uploads\/sites\/5\/2023\/08\/SMdamdrag-788x480-1-768x468.jpg 768w\" sizes=\"auto, (max-width: 788px) 100vw, 788px\" \/><\/a><p class=\"wp-caption-text\"><em>Matilda Frantzich, CK Ringen, segrade i SM-kortdistansen i Ume\u00e5 2023, n\u00e4rmast f\u00f6re Karin S\u00f6derqvist och Sofie Rosencrantz.<\/em><\/p><\/div>\n<h2>SM kortdistans damer<\/h2>\n<p>1999:\u00a0Inget m\u00e4sterskap p.g.a f\u00f6r f\u00e5 startande cyklister<br \/>\n2000:\u00a0Malin Gustavsson, V\u00e4rnamo CK<br \/>\n2001:\u00a0Malin Gustavsson, V\u00e4rnamo CK<br \/>\n2002:\u00a0Jenny Algelid-Bengtsson, \u00c5storps CK<br \/>\n2003:\u00a0Madeleine Lindberg, Team M\u00e4larenergi CK<br \/>\n2004:\u00a0\u00c5sa Hagberg, Borl\u00e4nge CK<br \/>\n2005:\u00a0Monica Holler, Lax\u00e5 CK<br \/>\n2006:\u00a0Sara Mustonen, CK Valhall<br \/>\n2007:\u00a0Sara Mustonen, CK Valhall<br \/>\n2008:\u00a0Sara Mustonen, CK Valhall<br \/>\n2009: Madelene Olsson, Svanesunds GIF<br \/>\n2010: Monica Holler, CK Hymer<br \/>\n2011: Monica Holler, Alriksson Go:Green<br \/>\n2012: Marie Lindberg, \u00c5storps CK<br \/>\n2013: Sara Mustonen, Team Crescent D.A.R.E Staffanstorp CK<br \/>\n2014:\u00a0Sara Olsson,\u00a0Uddevalla CK<br \/>\n2015:\u00a0Frida Knutsson, Falu CK<br \/>\n2016:Sara Mustonen, Team Crescent D.A.R.E. Staffanstorp CK,<br \/>\n2017:\u00a0Ida Erngren, Team Crescent D.A.R.E. CK<br \/>\n2018: Frida Knutsson, Team Ormsalva Athletic Club<br \/>\n2019:\u00a0Alexandra Nessmar, Team Ormsalva Athletic Club<br \/>\n2020: Johanna Palmqvist, CK Hymer<br \/>\n2021: Johanna Palmqvist, CK Hymer<br \/>\n2022: Johanna Palmqvist, CK Hymer<br \/>\n2023: Matilda Frantzich, CK Ringen<br \/>\n2024: Matilda Frantzich, CK Ringen<br \/>\n2025: Clara Lundmark, Norbergs CK<\/p>\n","protected":false},"excerpt":{"rendered":"<p>SM kortdistans herrar 1999: \u00d6rjan Gustavsson, Skoghalls CK Hammar\u00f6 2000:Kristoffer Ingeby, Team M\u00e4larenergi CK, V\u00e4ster\u00e5s 2001:\u00a0Henrik Oldin, Team M\u00e4larenergi CK, V\u00e4ster\u00e5s 2002:\u00a0Petter Ren\u00e4ng, Team Crescent CK, Varberg 2003:\u00a0Thomas L\u00f6vkvist, Team Bianchi Scandinavia 2004:\u00a0Petter Ren\u00e4ng, Team Bianchi Nordic 2005: Mattias Westling, Team Trek \u00c5storps CK 2006:\u00a0Lucas Persson, Team M\u00e4larenergi CK 2007:\u00a0Sead Mujacecic, CK Ringen 2008:\u00a0Patrik<a href=\"https:\/\/scf.se\/landsvag\/svenska-mastare-landsvag-kortdistans\/\" class=\"news-card__more\"> &#8230;<\/a><\/p>\n","protected":false},"author":16,"featured_media":0,"parent":0,"menu_order":0,"comment_status":"closed","ping_status":"closed","template":"","meta":{"_acf_changed":false,"footnotes":""},"class_list":["post-1528","page","type-page","status-publish","hentry"],"acf":[],"_links":{"self":[{"href":"https:\/\/scf.se\/landsvag\/wp-json\/wp\/v2\/pages\/1528","targetHints":{"allow":["GET"]}}],"collection":[{"href":"https:\/\/scf.se\/landsvag\/wp-json\/wp\/v2\/pages"}],"about":[{"href":"https:\/\/scf.se\/landsvag\/wp-json\/wp\/v2\/types\/page"}],"author":[{"embeddable":true,"href":"https:\/\/scf.se\/landsvag\/wp-json\/wp\/v2\/users\/16"}],"replies":[{"embeddable":true,"href":"https:\/\/scf.se\/landsvag\/wp-json\/wp\/v2\/comments?post=1528"}],"version-history":[{"count":3,"href":"https:\/\/scf.se\/landsvag\/wp-json\/wp\/v2\/pages\/1528\/revisions"}],"predecessor-version":[{"id":7978,"href":"https:\/\/scf.se\/landsvag\/wp-json\/wp\/v2\/pages\/1528\/revisions\/7978"}],"wp:attachment":[{"href":"https:\/\/scf.se\/landsvag\/wp-json\/wp\/v2\/media?parent=1528"}],"curies":[{"name":"wp","href":"https:\/\/api.w.org\/{rel}","templated":true}]}}