
{"id":1367,"date":"2017-10-27T15:26:09","date_gmt":"2017-10-27T13:26:09","guid":{"rendered":"http:\/\/scf.se\/landsvag\/?page_id=1367"},"modified":"2018-06-05T11:05:06","modified_gmt":"2018-06-05T09:05:06","slug":"sm-kortdistans-2018","status":"publish","type":"page","link":"https:\/\/scf.se\/landsvag\/sm-kortdistans-2018\/","title":{"rendered":"SM Kortdistans 2018"},"content":{"rendered":"<p>CK Fix h\u00e4lsar v\u00e4lkomna till SM kortdistans l\u00f6rdag 7 juli 2018 p\u00e5 Gr\u00f6ningen i Helsingborg\u00a0i samband med SM-veckan sommar.\u00a0T\u00e4vlingen \u00e4r \u00f6ppen f\u00f6r cyklister som innehar g\u00e4llande licens f\u00f6r Herr Elit, U23 och Junior samt Dam Elit\u00a0och Junior. Licens enligt SCF:s TR ska finnas vid ordinarie anm\u00e4lningstids utg\u00e5ng, den 22 juni. Anm\u00e4lan g\u00f6rs i swecyclingonline.se.<\/p>\n<p>T\u00e4vlingsbanan \u00e4r 1950 meter p\u00e5 avst\u00e4ngd bana i centrala Helsingborg. Start och m\u00e5l p\u00e5 strandpromenaden\u00a0p\u00e5 Gr\u00f6ningen.<\/p>\n<p>V\u00c4LKOMNA TILL HELSINGBORG OCH CK FIX<\/p>\n<p>L\u00e4s mer om <a href=\"http:\/\/http;\/\/www.smveckan.se\">SM-veckan<\/a><\/p>\n<p>&nbsp;<\/p>\n","protected":false},"excerpt":{"rendered":"<p>CK Fix h\u00e4lsar v\u00e4lkomna till SM kortdistans l\u00f6rdag 7 juli 2018 p\u00e5 Gr\u00f6ningen i Helsingborg\u00a0i samband med SM-veckan sommar.\u00a0T\u00e4vlingen \u00e4r \u00f6ppen f\u00f6r cyklister som innehar g\u00e4llande licens f\u00f6r Herr Elit, U23 och Junior samt Dam Elit\u00a0och Junior. Licens enligt SCF:s TR ska finnas vid ordinarie anm\u00e4lningstids utg\u00e5ng, den 22 juni. Anm\u00e4lan g\u00f6rs i swecyclingonline.se.<a href=\"https:\/\/scf.se\/landsvag\/sm-kortdistans-2018\/\" class=\"news-card__more\"> &#8230;<\/a><\/p>\n","protected":false},"author":2,"featured_media":0,"parent":0,"menu_order":0,"comment_status":"closed","ping_status":"closed","template":"","meta":{"_acf_changed":false,"footnotes":""},"class_list":["post-1367","page","type-page","status-publish","hentry"],"acf":[],"_links":{"self":[{"href":"https:\/\/scf.se\/landsvag\/wp-json\/wp\/v2\/pages\/1367","targetHints":{"allow":["GET"]}}],"collection":[{"href":"https:\/\/scf.se\/landsvag\/wp-json\/wp\/v2\/pages"}],"about":[{"href":"https:\/\/scf.se\/landsvag\/wp-json\/wp\/v2\/types\/page"}],"author":[{"embeddable":true,"href":"https:\/\/scf.se\/landsvag\/wp-json\/wp\/v2\/users\/2"}],"replies":[{"embeddable":true,"href":"https:\/\/scf.se\/landsvag\/wp-json\/wp\/v2\/comments?post=1367"}],"version-history":[{"count":0,"href":"https:\/\/scf.se\/landsvag\/wp-json\/wp\/v2\/pages\/1367\/revisions"}],"wp:attachment":[{"href":"https:\/\/scf.se\/landsvag\/wp-json\/wp\/v2\/media?parent=1367"}],"curies":[{"name":"wp","href":"https:\/\/api.w.org\/{rel}","templated":true}]}}