
{"id":1364,"date":"2017-10-27T15:20:20","date_gmt":"2017-10-27T13:20:20","guid":{"rendered":"http:\/\/scf.se\/landsvag\/?page_id=1364"},"modified":"2018-03-09T08:37:01","modified_gmt":"2018-03-09T07:37:01","slug":"sm-ungdom-2018","status":"publish","type":"page","link":"https:\/\/scf.se\/landsvag\/sm-ungdom-2018\/","title":{"rendered":"SM Ungdom 2018"},"content":{"rendered":"<div class=\"single-card__title\">\n<a href=\"https:\/\/scf.se\/landsvag\/wp-content\/uploads\/sites\/5\/2017\/10\/SM_logo_landsva\u0308g-1.jpg\"><img loading=\"lazy\" decoding=\"async\" class=\"alignnone size-full wp-image-1383\" src=\"https:\/\/scf.se\/landsvag\/wp-content\/uploads\/sites\/5\/2017\/10\/SM_logo_landsva\u0308g-1.jpg\" alt=\"SM landsv\u00e4g i B\u00e5stad 2018\" width=\"3487\" height=\"842\" srcset=\"https:\/\/scf.se\/landsvag\/wp-content\/uploads\/sites\/5\/2017\/10\/SM_logo_landsva\u0308g-1.jpg 3487w, https:\/\/scf.se\/landsvag\/wp-content\/uploads\/sites\/5\/2017\/10\/SM_logo_landsva\u0308g-1-300x72.jpg 300w, https:\/\/scf.se\/landsvag\/wp-content\/uploads\/sites\/5\/2017\/10\/SM_logo_landsva\u0308g-1-768x185.jpg 768w, https:\/\/scf.se\/landsvag\/wp-content\/uploads\/sites\/5\/2017\/10\/SM_logo_landsva\u0308g-1-1024x247.jpg 1024w\" sizes=\"auto, (max-width: 3487px) 100vw, 3487px\" \/><\/a>\n<p>Den 18-24 juni kommer ett hundratal svenska guldmedalj\u00f6rer att koras i B\u00e5stad. F\u00f6r f\u00f6rsta g\u00e5ngen p\u00e5 m\u00e5nga \u00e5r sl\u00e5r vi ihop alla m\u00e4sterskapst\u00e4vlingar i landsv\u00e4g och skapar ett stort SM f\u00f6r alla t\u00e4vlingsklasser \u2013 elit, junior, ungdom, master och paracykel \u2013 under en och samma vecka. Alla lopp kommer att arrangeras inom ramen av B\u00e5stad Bike Week d\u00e4r man nu samlar b\u00e5de SM-t\u00e4vlingar, motionslopp, guidade turer och diverse kringevent. Cykelveckan i B\u00e5stad blir ett unikt samarbete mellan Svenska Cykelf\u00f6rbundet, arrang\u00f6rsf\u00f6reningen Cykelklubben Bure, B\u00e5stad Bike Week, B\u00e5stads kommun och Event in Sk\u00e5ne.<\/p>\n<p><a href=\"http:\/\/www.bastadbikeweek.se\">L\u00e4s mer om\u00a0B\u00e5stad Bike Week h\u00e4r<\/a><\/p>\n<\/div>\n","protected":false},"excerpt":{"rendered":"<p>Den 18-24 juni kommer ett hundratal svenska guldmedalj\u00f6rer att koras i B\u00e5stad. F\u00f6r f\u00f6rsta g\u00e5ngen p\u00e5 m\u00e5nga \u00e5r sl\u00e5r vi ihop alla m\u00e4sterskapst\u00e4vlingar i landsv\u00e4g och skapar ett stort SM f\u00f6r alla t\u00e4vlingsklasser \u2013 elit, junior, ungdom, master och paracykel \u2013 under en och samma vecka. Alla lopp kommer att arrangeras inom ramen av<a href=\"https:\/\/scf.se\/landsvag\/sm-ungdom-2018\/\" class=\"news-card__more\"> &#8230;<\/a><\/p>\n","protected":false},"author":2,"featured_media":0,"parent":0,"menu_order":0,"comment_status":"closed","ping_status":"closed","template":"","meta":{"_acf_changed":false,"footnotes":""},"class_list":["post-1364","page","type-page","status-publish","hentry"],"acf":[],"_links":{"self":[{"href":"https:\/\/scf.se\/landsvag\/wp-json\/wp\/v2\/pages\/1364","targetHints":{"allow":["GET"]}}],"collection":[{"href":"https:\/\/scf.se\/landsvag\/wp-json\/wp\/v2\/pages"}],"about":[{"href":"https:\/\/scf.se\/landsvag\/wp-json\/wp\/v2\/types\/page"}],"author":[{"embeddable":true,"href":"https:\/\/scf.se\/landsvag\/wp-json\/wp\/v2\/users\/2"}],"replies":[{"embeddable":true,"href":"https:\/\/scf.se\/landsvag\/wp-json\/wp\/v2\/comments?post=1364"}],"version-history":[{"count":0,"href":"https:\/\/scf.se\/landsvag\/wp-json\/wp\/v2\/pages\/1364\/revisions"}],"wp:attachment":[{"href":"https:\/\/scf.se\/landsvag\/wp-json\/wp\/v2\/media?parent=1364"}],"curies":[{"name":"wp","href":"https:\/\/api.w.org\/{rel}","templated":true}]}}