
{"id":861,"date":"2026-03-10T15:11:58","date_gmt":"2026-03-10T14:11:58","guid":{"rendered":"https:\/\/scf.se\/gravel\/?page_id=861"},"modified":"2026-04-29T11:18:42","modified_gmt":"2026-04-29T09:18:42","slug":"swe-cup-gravel-2026","status":"publish","type":"page","link":"https:\/\/scf.se\/gravel\/swe-cup-gravel-2026\/","title":{"rendered":"SWE Cup Gravel 2026"},"content":{"rendered":"<h3>SWE Cup gravel 2026<\/h3>\n<ul>\n<li><strong>14 maj:<\/strong>\u00a0Isaberg Gravel, \u00c5senh\u00f6ga.\u00a0<a href=\"https:\/\/raceid.com\/sv\/races\/14757\/about\">Anm\u00e4lan h\u00e4r<\/a><\/li>\n<li><strong>18 juli:<\/strong> V\u00e4stmanland Gravel, V\u00e4ster\u00e5s. <a href=\"https:\/\/raceid.com\/campaigns\/f60e85fe-3daa-11f1-8c60-0242ac1e0002\">Anm\u00e4lan h\u00e4r<\/a><\/li>\n<li><strong>19 september:<\/strong>\u00a0Dalsland Gravel Race, Bengtsfors.<\/li>\n<li><strong>26 september<\/strong>: Bergslagen Bike Race, H\u00e4llefors.<\/li>\n<\/ul>\n<h3>Klassindelning<\/h3>\n<p>Till s\u00e4songen 2026 s\u00e5 har klassindelningen gjorts om enligt \u00f6nskem\u00e5l fr\u00e5n b\u00e5de arrang\u00f6rer och \u00e5kare. SWE Cup gravel har fr\u00e5n 2026 f\u00f6ljande klassindelning:<\/p>\n<ul>\n<li><strong>Elit<\/strong>, Elit- eller U23*-licens<\/li>\n<li><strong>H\/D 17 (17-29\u00e5r)<\/strong>, Bas-, U23*-, Junior-, Motions- eller Eng\u00e5ngslicens<\/li>\n<li><strong>H\/D 30 (30-39\u00e5r)<\/strong>, Master-, Bas-, Motions- eller Eng\u00e5ngslicens<\/li>\n<li><strong>H\/D 40 (40-49\u00e5r)<\/strong>, Master-, Bas-, Motions- eller Eng\u00e5ngslicens<\/li>\n<li><strong>H\/D 50 (50-59\u00e5r)<\/strong>, Master-, Bas-, Motions- eller Eng\u00e5ngslicens<\/li>\n<li><strong>H\/D 60 (60-)<\/strong>, Master-, Bas-, Motions- eller Eng\u00e5ngslicens<\/li>\n<\/ul>\n<p>*U23-cyklister kan v\u00e4lja att delta i Elit- eller H\/D 17-klass. Po\u00e4ng som er\u00f6vrats i en klass flyttas ej med vid byte av klass under \u00e5ret.<\/p>\n<p>Observera, f\u00f6r att ing\u00e5 i SM-klass vid SM (Hansa Bygg Grand Prix, 13 september 2026 i M\u00f6nster\u00e5s \/ Blomsterm\u00e5la) kr\u00e4vs Junior-, U23-, Elit- eller Masterlicens.<\/p>\n<h3>SWE Cup-po\u00e4ng<\/h3>\n<p>Po\u00e4ng till deltagarna i SWE Cup gravel delas ut enligt po\u00e4ngtabell nedan. Segrare i varje SWE Cup-klass f\u00e5r 250 po\u00e4ng. Samtliga fullf\u00f6ljande med s\u00e4mre placering \u00e4n 66 f\u00e5r 1 po\u00e4ng. Om tv\u00e5 deltagare har samma po\u00e4ng i slutresultatet s\u00e5 blir resultatet fr\u00e5n senaste delt\u00e4vlingen \u00f6verordnat.<\/p>\n<h3>Po\u00e4ngtabell f\u00f6r placering<\/h3>\n<ul>\n<li>1)\u00a0<strong>250<\/strong>\u00a0po\u00e4ng<\/li>\n<li>2)\u00a0<strong>200<\/strong><\/li>\n<li>3)<strong>\u00a0160<\/strong><\/li>\n<li>4)\u00a0<strong>150<\/strong><\/li>\n<li>5)\u00a0<strong>140<\/strong><\/li>\n<li>6)\u00a0<strong>130<\/strong><\/li>\n<li>7)<strong>\u00a0120<\/strong><\/li>\n<li>8)<strong>\u00a0110<\/strong><\/li>\n<li>9)\u00a0<strong>100<\/strong><\/li>\n<li>10)<strong>\u00a095<\/strong><\/li>\n<li>11)<strong>\u00a090<\/strong><\/li>\n<li>12)<strong>\u00a085<\/strong><\/li>\n<li>13)<strong>\u00a080<\/strong><\/li>\n<li>14)<strong>\u00a078<\/strong><\/li>\n<li>15)\u00a0<strong>76<\/strong><\/li>\n<li>16)<strong>\u00a074<\/strong><\/li>\n<li>17)<strong>\u00a072<\/strong><\/li>\n<li>18)\u00a0<strong>70<\/strong><\/li>\n<li>19)\u00a0<strong>68<\/strong><\/li>\n<li>20)\u00a0<strong>66<\/strong><\/li>\n<li>21)\u00a0<strong>64<\/strong><\/li>\n<li>22)\u00a0<strong>62<\/strong><\/li>\n<li>23)\u00a0<strong>60<\/strong><\/li>\n<li>24)\u00a0<strong>58<\/strong><\/li>\n<li>25)\u00a0<strong>56<\/strong><\/li>\n<li>26)\u00a0<strong>54<\/strong><\/li>\n<li>27)\u00a0<strong>52<\/strong><\/li>\n<li>28)\u00a0<strong>50<\/strong><\/li>\n<li>29)\u00a0<strong>48<\/strong><\/li>\n<li>30)\u00a0<strong>46<\/strong><\/li>\n<li>31)\u00a0<strong>44<\/strong><\/li>\n<li>32)\u00a0<strong>42<\/strong><\/li>\n<li>33)\u00a0<strong>40<\/strong><\/li>\n<li>34)\u00a0<strong>38<\/strong><\/li>\n<li>35)\u00a0<strong>36<\/strong><\/li>\n<li>36)\u00a0<strong>34<\/strong><\/li>\n<li>37)\u00a0<strong>32<\/strong><\/li>\n<li>38)\u00a0<strong>30<\/strong><\/li>\n<li>39)\u00a0<strong>29<\/strong><\/li>\n<li>40)\u00a0<strong>28<\/strong><\/li>\n<li>41)\u00a0<strong>27<\/strong><\/li>\n<li>42)\u00a0<strong>26<\/strong><\/li>\n<li>43)\u00a0<strong>25<\/strong><\/li>\n<li>44)\u00a0<strong>24<\/strong><\/li>\n<li>45)\u00a0<strong>23<\/strong><\/li>\n<li>46)\u00a0<strong>22<\/strong><\/li>\n<li>47)\u00a0<strong>21<\/strong><\/li>\n<li>48)\u00a0<strong>20<\/strong><\/li>\n<li>49)\u00a0<strong>19<\/strong><\/li>\n<li>50)\u00a0<strong>18<\/strong><\/li>\n<li>51)\u00a0<strong>17<\/strong><\/li>\n<li>52)\u00a0<strong>16<\/strong><\/li>\n<li>53)\u00a0<strong>15<\/strong><\/li>\n<li>54)\u00a0<strong>14<\/strong><\/li>\n<li>55)\u00a0<strong>13<\/strong><\/li>\n<li>56)\u00a0<strong>12<\/strong><\/li>\n<li>57)\u00a0<strong>11<\/strong><\/li>\n<li>58)\u00a0<strong>10<\/strong><\/li>\n<li>59)<strong>\u00a09<\/strong><\/li>\n<li>60)<strong>\u00a08<\/strong><\/li>\n<li>61)\u00a0<strong>7<\/strong><\/li>\n<li>62)\u00a0<strong>6<\/strong><\/li>\n<li>63)\u00a0<strong>5<\/strong><\/li>\n<li>64)\u00a0<strong>4<\/strong><\/li>\n<li>65)\u00a0<strong>3<\/strong><\/li>\n<li>66)\u00a0<strong>2<\/strong><\/li>\n<li>67)<strong>\u00a01*<\/strong><\/li>\n<\/ul>\n<p><em>*Alla som fullf\u00f6ljer med placering 67 och ned\u00e5t f\u00e5r en po\u00e4ng.<\/em><\/p>\n<h3>SWE Cup gravel priser totalsammanst\u00e4llning<\/h3>\n<p>Placering\u00a0 \u00a0 \u00a0 \u00a0 \u00a0 \u00a0 \u00a0 \u00a0\u00a0<strong>Elit Dam\u00a0 \u00a0 \u00a0 \u00a0 \u00a0 \u00a0 \u00a0 \u00a0 \u00a0\u00a0<\/strong><strong>Elit Herr<\/strong><\/p>\n<p>1:a\u00a0 \u00a0 \u00a0 \u00a0 \u00a0 \u00a0 \u00a0 \u00a0 \u00a0 \u00a0 \u00a0 \u00a0 \u00a0 \u00a0 5\u2019000 kr\u00a0 \u00a0 \u00a0 \u00a0 \u00a0 \u00a0 \u00a0 \u00a0 \u00a0 \u00a05\u2019000 kr<\/p>\n<p>2:a\u00a0 \u00a0 \u00a0 \u00a0 \u00a0 \u00a0 \u00a0 \u00a0 \u00a0 \u00a0 \u00a0 \u00a0 \u00a0 \u00a03\u2019000 kr\u00a0 \u00a0 \u00a0 \u00a0 \u00a0 \u00a0 \u00a0 \u00a0 \u00a0 \u00a03\u2019000 kr<\/p>\n<p>3:a\u00a0 \u00a0 \u00a0 \u00a0 \u00a0 \u00a0 \u00a0 \u00a0 \u00a0 \u00a0 \u00a0 \u00a0 \u00a0 \u00a02\u2019000 kr\u00a0 \u00a0 \u00a0 \u00a0 \u00a0 \u00a0 \u00a0 \u00a0 \u00a0 \u00a02\u2019000 kr<\/p>\n","protected":false},"excerpt":{"rendered":"<p>SWE Cup gravel 2026 14 maj:\u00a0Isaberg Gravel, \u00c5senh\u00f6ga.\u00a0Anm\u00e4lan h\u00e4r 18 juli: V\u00e4stmanland Gravel, V\u00e4ster\u00e5s. Anm\u00e4lan h\u00e4r 19 september:\u00a0Dalsland Gravel Race, Bengtsfors. 26 september: Bergslagen Bike Race, H\u00e4llefors. Klassindelning Till s\u00e4songen 2026 s\u00e5 har klassindelningen gjorts om enligt \u00f6nskem\u00e5l fr\u00e5n b\u00e5de arrang\u00f6rer och \u00e5kare. SWE Cup gravel har fr\u00e5n 2026 f\u00f6ljande klassindelning: Elit, Elit- eller<a href=\"https:\/\/scf.se\/gravel\/swe-cup-gravel-2026\/\" class=\"news-card__more\"> &#8230;<\/a><\/p>\n","protected":false},"author":58,"featured_media":868,"parent":0,"menu_order":0,"comment_status":"closed","ping_status":"closed","template":"","meta":{"_acf_changed":false,"footnotes":""},"class_list":["post-861","page","type-page","status-publish","hentry"],"acf":[],"_links":{"self":[{"href":"https:\/\/scf.se\/gravel\/wp-json\/wp\/v2\/pages\/861","targetHints":{"allow":["GET"]}}],"collection":[{"href":"https:\/\/scf.se\/gravel\/wp-json\/wp\/v2\/pages"}],"about":[{"href":"https:\/\/scf.se\/gravel\/wp-json\/wp\/v2\/types\/page"}],"author":[{"embeddable":true,"href":"https:\/\/scf.se\/gravel\/wp-json\/wp\/v2\/users\/58"}],"replies":[{"embeddable":true,"href":"https:\/\/scf.se\/gravel\/wp-json\/wp\/v2\/comments?post=861"}],"version-history":[{"count":8,"href":"https:\/\/scf.se\/gravel\/wp-json\/wp\/v2\/pages\/861\/revisions"}],"predecessor-version":[{"id":888,"href":"https:\/\/scf.se\/gravel\/wp-json\/wp\/v2\/pages\/861\/revisions\/888"}],"wp:featuredmedia":[{"embeddable":true,"href":"https:\/\/scf.se\/gravel\/wp-json\/wp\/v2\/media\/868"}],"wp:attachment":[{"href":"https:\/\/scf.se\/gravel\/wp-json\/wp\/v2\/media?parent=861"}],"curies":[{"name":"wp","href":"https:\/\/api.w.org\/{rel}","templated":true}]}}