
{"id":27,"date":"2026-03-31T13:33:45","date_gmt":"2026-03-31T11:33:45","guid":{"rendered":"https:\/\/scf.se\/gravity\/?page_id=27"},"modified":"2026-03-31T13:34:17","modified_gmt":"2026-03-31T11:34:17","slug":"grengruppen","status":"publish","type":"page","link":"https:\/\/scf.se\/gravel\/grengruppen\/","title":{"rendered":"Grengruppen"},"content":{"rendered":"<h3><strong>Grengrupp Gravel<\/strong><\/h3>\n<p>Kontakt: <a href=\"mailto:gravel@scf.se\">gravel@scf.se<\/a><\/p>\n<p><strong>Grengruppsansvarig:<\/strong> Fredrik Kessiakoff<\/p>\n<p><strong>Adjugerad styrelserepresentant:<\/strong> Ulrika Ahlb\u00e4ck<\/p>\n<p><strong>Arrang\u00f6rsrepresentant:<\/strong> Peter Larsson<\/p>\n<p><strong>Kommissarierepresentant:<\/strong> Per Wolde<\/p>\n<p><strong>\u00c5karrepresentant:<\/strong> Hanna Johansson<\/p>\n<p><strong>Expert:<\/strong> Oscar Ekstam<\/p>\n<p>&nbsp;<\/p>\n<p>Tidigare nyheter fr\u00e5n grengrupp gravel:<\/p>\n<p><a href=\"https:\/\/scf.se\/forbundet\/nya-grengrupp-gravel-bjuder-in-till-mote-9-maj-for-landets-arrangorer\/\">Nya grengrupp gravel bjuder in till m\u00f6te 9 maj f\u00f6r landets arrang\u00f6rer &#8211; F\u00f6rbundet &#8211; Svenska Cykelf\u00f6rbundet (scf.se)<\/a><\/p>\n<p><a href=\"https:\/\/scf.se\/forbundet\/nya-interimsgrengruppen-har-hittat-vag-att-utveckla-gravel-i-sverige\/\">Nya interimsgrengruppen har hittat en v\u00e4g att utveckla gravel i Sverige &#8211; F\u00f6rbundet &#8211; Svenska Cykelf\u00f6rbundet (scf.se)<\/a><\/p>\n","protected":false},"excerpt":{"rendered":"<p>Grengrupp Gravel Kontakt: gravel@scf.se Grengruppsansvarig: Fredrik Kessiakoff Adjugerad styrelserepresentant: Ulrika Ahlb\u00e4ck Arrang\u00f6rsrepresentant: Peter Larsson Kommissarierepresentant: Per Wolde \u00c5karrepresentant: Hanna Johansson Expert: Oscar Ekstam &nbsp; Tidigare nyheter fr\u00e5n grengrupp gravel: Nya grengrupp gravel bjuder in till m\u00f6te 9 maj f\u00f6r landets arrang\u00f6rer &#8211; F\u00f6rbundet &#8211; Svenska Cykelf\u00f6rbundet (scf.se) Nya interimsgrengruppen har hittat en v\u00e4g att<a href=\"https:\/\/scf.se\/gravel\/grengruppen\/\" class=\"news-card__more\"> &#8230;<\/a><\/p>\n","protected":false},"author":30,"featured_media":0,"parent":0,"menu_order":0,"comment_status":"closed","ping_status":"closed","template":"","meta":{"_acf_changed":false,"footnotes":""},"class_list":["post-27","page","type-page","status-publish","hentry"],"acf":[],"_links":{"self":[{"href":"https:\/\/scf.se\/gravel\/wp-json\/wp\/v2\/pages\/27","targetHints":{"allow":["GET"]}}],"collection":[{"href":"https:\/\/scf.se\/gravel\/wp-json\/wp\/v2\/pages"}],"about":[{"href":"https:\/\/scf.se\/gravel\/wp-json\/wp\/v2\/types\/page"}],"author":[{"embeddable":true,"href":"https:\/\/scf.se\/gravel\/wp-json\/wp\/v2\/users\/30"}],"replies":[{"embeddable":true,"href":"https:\/\/scf.se\/gravel\/wp-json\/wp\/v2\/comments?post=27"}],"version-history":[{"count":8,"href":"https:\/\/scf.se\/gravel\/wp-json\/wp\/v2\/pages\/27\/revisions"}],"predecessor-version":[{"id":885,"href":"https:\/\/scf.se\/gravel\/wp-json\/wp\/v2\/pages\/27\/revisions\/885"}],"wp:attachment":[{"href":"https:\/\/scf.se\/gravel\/wp-json\/wp\/v2\/media?parent=27"}],"curies":[{"name":"wp","href":"https:\/\/api.w.org\/{rel}","templated":true}]}}

<h3><strong>Grengrupp Gravel</strong></h3>
<p>Kontakt: <a href="mailto:gravel@scf.se">gravel@scf.se</a></p>
<p><strong>Grengruppsansvarig:</strong> Fredrik Kessiakoff</p>
<p><strong>Adjugerad styrelserepresentant:</strong> Ulrika Ahlbäck</p>
<p><strong>Arrangörsrepresentant:</strong> Peter Larsson</p>
<p><strong>Kommissarierepresentant:</strong> Per Wolde</p>
<p><strong>Åkarrepresentant:</strong> Hanna Johansson</p>
<p><strong>Expert:</strong> Oscar Ekstam</p>
<p>&nbsp;</p>
<p>Tidigare nyheter från grengrupp gravel:</p>
<p><a href="https://scf.se/forbundet/nya-grengrupp-gravel-bjuder-in-till-mote-9-maj-for-landets-arrangorer/">Nya grengrupp gravel bjuder in till möte 9 maj för landets arrangörer &#8211; Förbundet &#8211; Svenska Cykelförbundet (scf.se)</a></p>
<p><a href="https://scf.se/forbundet/nya-interimsgrengruppen-har-hittat-vag-att-utveckla-gravel-i-sverige/">Nya interimsgrengruppen har hittat en väg att utveckla gravel i Sverige &#8211; Förbundet &#8211; Svenska Cykelförbundet (scf.se)</a></p>

<p>Grengrupp Gravel Kontakt: gravel@scf.se Grengruppsansvarig: Fredrik Kessiakoff Adjugerad styrelserepresentant: Ulrika Ahlbäck Arrangörsrepresentant: Peter Larsson Kommissarierepresentant: Per Wolde Åkarrepresentant: Hanna Johansson Expert: Oscar Ekstam &nbsp; Tidigare nyheter från grengrupp gravel: Nya grengrupp gravel bjuder in till möte 9 maj för landets arrangörer &#8211; Förbundet &#8211; Svenska Cykelförbundet (scf.se) Nya interimsgrengruppen har hittat en väg att<a href="https://scf.se/gravel/grengruppen/" class="news-card__more"> &#8230;</a></p>
