
{"id":4275,"date":"2020-09-10T11:41:09","date_gmt":"2020-09-10T09:41:09","guid":{"rendered":"http:\/\/scf.se\/forbundet\/?page_id=4275"},"modified":"2020-09-10T11:41:09","modified_gmt":"2020-09-10T09:41:09","slug":"trygg-idrott","status":"publish","type":"page","link":"https:\/\/scf.se\/forbundet\/trygg-idrott\/","title":{"rendered":"Trygg idrott"},"content":{"rendered":"<p><strong>En trygg idrott \u00e4r en idrott fri fr\u00e5n mobbning, trakasserier, hot, v\u00e5ld och \u00f6vergrepp. En idrott d\u00e4r alla k\u00e4nner sig v\u00e4lkomna och delaktiga och f\u00e5r delta och utvecklas efter sina egna f\u00f6ruts\u00e4ttningar.<\/strong><\/p>\n<p class=\"paragraph\">F\u00f6r att vi ska f\u00e5 en trygg idrottsmilj\u00f6 beh\u00f6ver vi arbeta utifr\u00e5n den v\u00e4rdegrund som idrottsr\u00f6relsen gemensamt kommit fram till. Den omfattar de fyra grundpelarna:<\/p>\n<ul>\n<li class=\"paragraph\">Gl\u00e4dje och gemenskap<\/li>\n<li class=\"paragraph\">Demokrati och delaktighet<\/li>\n<li class=\"paragraph\">Allas r\u00e4tt att vara med<\/li>\n<li class=\"paragraph\">Rent spel<\/li>\n<\/ul>\n<p class=\"paragraph\">Du hittar mer om v\u00e5r v\u00e4rdegrund i id\u00e9programmet\u00a0<a title=\"Sida Idrotten Vill\" href=\"https:\/\/www.rf.se\/omriksidrottsforbundet\/idrottsrorelsensstyrandedokument\/idrottenvillidrottsrorelsensideprogram\/\">Idrotten vill<\/a>.<\/p>\n<p class=\"paragraph\">En trygg idrottsmilj\u00f6 f\u00f6ruts\u00e4tter \u00e4ven att verksamheten g\u00e5r i linje med barnkonventionen och att vi arbetar efter v\u00e5ra\u00a0<a title=\"Sida Strategi 2025\" href=\"https:\/\/www.rf.se\/RFarbetarmed\/Strategi2025\/\">strategiska m\u00e5ls\u00e4ttningar<\/a>.<\/p>\n<p class=\"paragraph\">Inom idrottsr\u00f6relsen r\u00e5der nolltolerans mot all form av mobbning, trakasserier, hot, v\u00e5ld och \u00f6vergrepp. Alla \u2013 b\u00e5de barn, ungdomar och vuxna \u2013 ska kunna idrotta utan att riskera att uts\u00e4ttas f\u00f6r detta.<\/p>\n<h2>Hitta r\u00e4tt om v\u00e4rdegrunden bryts<\/h2>\n<ul>\n<li>Om du \u00e4r orolig f\u00f6r n\u00e5gonting i din f\u00f6rening ska du i f\u00f6rsta hand v\u00e4nda dig till\u00a0<strong>f\u00f6reningens styrelse<\/strong>. Styrelsen \u00e4r ansvarig och kan till exempel avsluta ett samarbete med en tr\u00e4nare.<\/li>\n<li>Om det finns hinder att v\u00e4nda sig till f\u00f6reningens styrelse, s\u00e5som personkopplingar eller att oron \u00e4r kopplad till styrelsen, kan du h\u00f6ra av dig till ditt\u00a0<strong>specialidrottsf\u00f6rbund (SF)<\/strong>.<\/li>\n<li>Det g\u00e5r \u00e4ven att ta kontakt med n\u00e5got av\u00a0<strong>RF\/SISU:s 19 distrikt<\/strong>\u00a0d\u00e4r det finns sakkunniga i barn- och ungdomsidrott som kan hj\u00e4lpa till att f\u00f6ra dialog med f\u00f6reningen eller guida r\u00e4tt.<\/li>\n<li>Om ett \u00e4rende inte kan hanteras av varken f\u00f6rening, SF eller RF\/SISU:s distrikt kan du kontakta\u00a0<strong>idrottsombudsmannen<\/strong>\u00a0p\u00e5 08-627 40 10 eller\u00a0<a title=\"Skyddad adress\" href=\"mailto:idrottsombudsmannen@rf.se\">idrottsombudsmannen@rf.se<\/a>.\u00a0Vid h\u00f6g belastning kan det vara sv\u00e5rt att komma fram p\u00e5 telefon \u2013 l\u00e4mna ett meddelande eller skicka e-post s\u00e5 blir du kontaktad. Idrottsombudsmannen kan till exempel v\u00e4gleda kring polisanm\u00e4lan.<\/li>\n<li>Om du inte vill eller v\u00e5gar v\u00e4nda dig till idrottsombudsmannen direkt kan du anv\u00e4nda den anonyma och krypterade\u00a0<a title=\"Sida Visselbl\u00e5sartj\u00e4nsten\" href=\"https:\/\/report.whistleb.com\/riksidrottsforbundet\" target=\"_blank\" rel=\"noopener\">visselbl\u00e5sartj\u00e4nsten<\/a>, d\u00e4r idrottsombudsmannen tar emot \u00e4renden.<\/li>\n<li><strong>Kontakta polisen vid brott<\/strong>.\u00a0Grundregeln \u00e4r att idrottsr\u00f6relsen sj\u00e4lv hanterar \u00e4renden som bryter mot RF:s stadgar. Misst\u00e4nker du ett brott ska du kontakta polisen och g\u00e4ller det orosanm\u00e4lan ska du v\u00e4nda dig till socialtj\u00e4nsten. Om du \u00e4r os\u00e4ker s\u00e5 hj\u00e4lper idrottsombudsmannen dig med r\u00e5d.<\/li>\n<\/ul>\n<h2>Om idrottsombudsmannen<\/h2>\n<p>Under 2018 \u00f6ppnade RF funktionen idrottsombudsman.\u00a0Idrottsombudsmannens uppgift \u00e4r att<\/p>\n<ul>\n<li>ta emot \u00e4renden, ge r\u00e5d och v\u00e4gledning<\/li>\n<li>utreda \u00e4renden som inneh\u00e5ller misst\u00e4nkta f\u00f6rseelser enligt\u00a0<a title=\"Dokument RF:s stadgar\" href=\"https:\/\/www.rf.se\/globalassets\/riksidrottsforbundet\/nya-dokument\/nya-dokumentbanken\/stadgar-och-regelverk\/rfs-stadgar-2020-01-01.pdf\" target=\"_blank\" rel=\"noopener\">kap 14 RF:s stadgar<\/a>\u00a0(om bestraffning)<a href=\"https:\/\/www.rf.se\/globalassets\/riksidrottsforbundet\/dokument\/dokumentbank\/stadgar-och-regelverk\/rfs-stadgar-2017.pdf\"><br \/>\n<\/a><\/li>\n<li>hantera \u00e4renden med st\u00f6d av interna sakkunniga, till exempel jurist eller expert p\u00e5 barn- och ungdomsidrott<\/li>\n<li>hantera \u00e4rendelogg i visselbl\u00e5sartj\u00e4nsten.<\/li>\n<\/ul>\n<p>Du kontaktar idrottsombudsmannen p\u00e5 telefon 08-627 40 10 eller e-post\u00a0<a title=\"Skyddad adress\" href=\"mailto:idrottsombudsmannen@rf.se\">idrottsombudsmannen@rf.se<\/a>.\u00a0Idrottsombudsmannen svarar i telefon p\u00e5 vardagar under kontorstid.\u00a0<strong>Vid h\u00f6g belastning kan det vara sv\u00e5rt att komma fram p\u00e5 telefon \u2013 l\u00e4mna ett meddelande eller skicka e-post s\u00e5 blir du kontaktad.<\/strong><\/p>\n","protected":false},"excerpt":{"rendered":"<p>En trygg idrott \u00e4r en idrott fri fr\u00e5n mobbning, trakasserier, hot, v\u00e5ld och \u00f6vergrepp. En idrott d\u00e4r alla k\u00e4nner sig v\u00e4lkomna och delaktiga och f\u00e5r delta och utvecklas efter sina egna f\u00f6ruts\u00e4ttningar. F\u00f6r att vi ska f\u00e5 en trygg idrottsmilj\u00f6 beh\u00f6ver vi arbeta utifr\u00e5n den v\u00e4rdegrund som idrottsr\u00f6relsen gemensamt kommit fram till. Den omfattar<a href=\"https:\/\/scf.se\/forbundet\/trygg-idrott\/\" class=\"news-card__more\"> &#8230;<\/a><\/p>\n","protected":false},"author":30,"featured_media":0,"parent":0,"menu_order":0,"comment_status":"closed","ping_status":"closed","template":"","meta":{"_acf_changed":false,"footnotes":""},"class_list":["post-4275","page","type-page","status-publish","hentry"],"acf":[],"_links":{"self":[{"href":"https:\/\/scf.se\/forbundet\/wp-json\/wp\/v2\/pages\/4275","targetHints":{"allow":["GET"]}}],"collection":[{"href":"https:\/\/scf.se\/forbundet\/wp-json\/wp\/v2\/pages"}],"about":[{"href":"https:\/\/scf.se\/forbundet\/wp-json\/wp\/v2\/types\/page"}],"author":[{"embeddable":true,"href":"https:\/\/scf.se\/forbundet\/wp-json\/wp\/v2\/users\/30"}],"replies":[{"embeddable":true,"href":"https:\/\/scf.se\/forbundet\/wp-json\/wp\/v2\/comments?post=4275"}],"version-history":[{"count":0,"href":"https:\/\/scf.se\/forbundet\/wp-json\/wp\/v2\/pages\/4275\/revisions"}],"wp:attachment":[{"href":"https:\/\/scf.se\/forbundet\/wp-json\/wp\/v2\/media?parent=4275"}],"curies":[{"name":"wp","href":"https:\/\/api.w.org\/{rel}","templated":true}]}}