
{"id":38,"date":"2015-11-09T16:09:53","date_gmt":"2015-11-09T15:09:53","guid":{"rendered":"http:\/\/svenskcykel.grandpublic.se\/forbundet\/?page_id=38"},"modified":"2022-02-17T13:35:33","modified_gmt":"2022-02-17T12:35:33","slug":"press","status":"publish","type":"page","link":"https:\/\/scf.se\/forbundet\/press\/","title":{"rendered":"Press"},"content":{"rendered":"<p>I pressrummet hittar ni nyheter och h\u00f6guppl\u00f6sta bilder, fria f\u00f6r publicering. Ladda ner direkt fr\u00e5n <a href=\"https:\/\/via.tt.se\/pressrum?publisherId=3235773\">Via TT<\/a>.<\/p>\n<p><strong>Presskontakt:<\/strong> Tomas Larsson, telefon 08-699 63 64, mejl tomas.larsson@scf.se<\/p>\n","protected":false},"excerpt":{"rendered":"<p>I pressrummet hittar ni nyheter och h\u00f6guppl\u00f6sta bilder, fria f\u00f6r publicering. Ladda ner direkt fr\u00e5n Via TT. Presskontakt: Tomas Larsson, telefon 08-699 63 64, mejl tomas.larsson@scf.se<\/p>\n","protected":false},"author":1,"featured_media":0,"parent":0,"menu_order":0,"comment_status":"closed","ping_status":"closed","template":"","meta":{"_acf_changed":false,"footnotes":""},"class_list":["post-38","page","type-page","status-publish","hentry"],"acf":[],"_links":{"self":[{"href":"https:\/\/scf.se\/forbundet\/wp-json\/wp\/v2\/pages\/38","targetHints":{"allow":["GET"]}}],"collection":[{"href":"https:\/\/scf.se\/forbundet\/wp-json\/wp\/v2\/pages"}],"about":[{"href":"https:\/\/scf.se\/forbundet\/wp-json\/wp\/v2\/types\/page"}],"author":[{"embeddable":true,"href":"https:\/\/scf.se\/forbundet\/wp-json\/wp\/v2\/users\/1"}],"replies":[{"embeddable":true,"href":"https:\/\/scf.se\/forbundet\/wp-json\/wp\/v2\/comments?post=38"}],"version-history":[{"count":0,"href":"https:\/\/scf.se\/forbundet\/wp-json\/wp\/v2\/pages\/38\/revisions"}],"wp:attachment":[{"href":"https:\/\/scf.se\/forbundet\/wp-json\/wp\/v2\/media?parent=38"}],"curies":[{"name":"wp","href":"https:\/\/api.w.org\/{rel}","templated":true}]}}