
{"id":2320,"date":"2018-10-22T09:52:06","date_gmt":"2018-10-22T07:52:06","guid":{"rendered":"http:\/\/scf.se\/forbundet\/?page_id=2320"},"modified":"2018-10-22T09:55:23","modified_gmt":"2018-10-22T07:55:23","slug":"scf-utmarkelser","status":"publish","type":"page","link":"https:\/\/scf.se\/forbundet\/scf-utmarkelser\/","title":{"rendered":"SCF &#8211; Utm\u00e4rkelser"},"content":{"rendered":"<p>Kan tilldelas organisation, cykelledare och personer, som underst\u00f6tt cykelsporten<\/p>\n<p>Stipulationer:<\/p>\n<p><strong>F\u00f6rtj\u00e4nstdiplom <\/strong>kan tilldelas<\/p>\n<ul>\n<li>cykelledare, som under en tid av i regel minst fem \u00e5r utr\u00e4ttat ett p\u00e5visbart gott arbete som styrelseledamot av inom cykelsporten verksam organisation;<\/li>\n<li>annan enskild person, som under en f\u00f6ljd av \u00e5r f\u00f6r cykelsporten gjort v\u00e4rdefulla insatser;<\/li>\n<li>organisation f\u00f6r i regel minst 10 \u00e5rs livaktigt medlemskap av SCF<\/li>\n<\/ul>\n<p><strong>F\u00f6rtj\u00e4nstplakett i brons <\/strong>kan efter erh\u00e5llet f\u00f6rtj\u00e4nstdiplom tilldelas<\/p>\n<ul>\n<li>cykelledare, som under en tid av i regel ytterligare minst fem \u00e5r fortsatt sitt arbete enligt vad som fordras f\u00f6r erh\u00e5llande av f\u00f6rtj\u00e4nstdiplom;<\/li>\n<li>annan enskild person, som under ytterligare en f\u00f6ljd av \u00e5r f\u00f6r cykelsporten gjort v\u00e4rdefulla insatser;<\/li>\n<li>organisation f\u00f6r i regel minst 25 \u00e5rs livaktigt medlemskap av SCF<\/li>\n<\/ul>\n<p><strong>F\u00f6rtj\u00e4nstplakett i silver <\/strong>kan efter erh\u00e5llen f\u00f6rtj\u00e4nstplakett i brons tilldelas<\/p>\n<ul>\n<li>cykelledare, som under en tid av i regel ytterligare minst fem \u00e5r fortsatt sitt arbete enligt vad som fordras f\u00f6r erh\u00e5llande f\u00f6rtj\u00e4nstplakett i brons;<\/li>\n<li>annan enskild person, som under ytterligare en f\u00f6ljd av \u00e5r f\u00f6r cykelsporten gjort v\u00e4rdefulla insatser;<\/li>\n<li>organisation f\u00f6r i regel minst 35 \u00e5rs livaktigt medlemskap av SCF.<\/li>\n<\/ul>\n<p><strong>F\u00f6rtj\u00e4nstmedalj\u00a0<\/strong>kan tilldelas<\/p>\n<ul>\n<li>cykelledare, som erh\u00e5llit f\u00f6rtj\u00e4nstplakett i silver efter sammanlagt minst 25 \u00e5rs nitiskt och framg\u00e5ngsrikt arbete i syssla av betydelse p\u00e5 lokal och distrikts- eller riksplanet; (Arbetet p\u00e5 distriktsplanet skall inneh\u00e5lla minst fem \u00e5r som ordf\u00f6rande, sekreterare eller kass\u00f6r);<\/li>\n<li>annan enskild person, som inom cykelsporten utr\u00e4ttat ett m\u00e5ng\u00e5rigt, nitiskt och framg\u00e5ngsrikt arbete eller som genom f\u00f6r cykelsporten synnerligen v\u00e4rdefulla insatser gjort sig s\u00e4rskilt f\u00f6rtj\u00e4nt.<\/li>\n<\/ul>\n<p><strong>Hederstecken f\u00f6r ledare <\/strong>kan tilldelas<\/p>\n<ul>\n<li>cykelledare, som p\u00e5 riksplanet i framskjuten syssla p\u00e5 ett synnerligen f\u00f6rtj\u00e4nstfullt s\u00e4tt utr\u00e4ttat ett m\u00e5ng\u00e5rigt och framg\u00e5ngsrikt arbete f\u00f6r cykelsporten. (Hederstecknet \u00e4r f\u00f6rbundets h\u00f6gsta utm\u00e4rkelse f\u00f6r ledare och skall utdelas med st\u00f6rsta restriktivitet).<\/li>\n<\/ul>\n<p><strong>Specialdiplom <\/strong>kan tilldelas person eller organisation, som gjort f\u00f6r cykelsporten v\u00e4rdefull insats.<\/p>\n<p><strong>Standar<\/strong>\u00a0kan tilldelas<\/p>\n<ul>\n<li>vid s\u00e4rskilt tillf\u00e4lle h\u00f6gt f\u00f6rtj\u00e4nt person eller organisation inom eller utom f\u00f6rbundet;<\/li>\n<li>organisation f\u00f6r i regel minst 50 \u00e5rs livaktigt medlemskap i SCF. (Utdelningen av standar skall i g\u00f6rligaste m\u00e5n begr\u00e4nsas).<\/li>\n<\/ul>\n<p><strong>F\u00f6rslag <\/strong>om utdelande av SCF:s utm\u00e4rkelser skall p\u00e5 s\u00e4rskild blankett g\u00f6ras av f\u00f6rbundsstyrelseledamot, distriktsorganisation eller f\u00f6reningsstyrelse.<\/p>\n<p><strong>Beslut<\/strong><br \/>\nF\u00f6rtj\u00e4nstdiplom, f\u00f6rtj\u00e4nstplakett, specialdiplom och standar utdelas av GS. F\u00f6rtj\u00e4nstmedalj och hederstecken f\u00f6r ledare utdelas av styrelsen efter f\u00f6rslag fr\u00e5n GS. F\u00f6r utdelning av f\u00f6rtj\u00e4nstmedalj och hederstecken erfordras enh\u00e4lligt beslut.<\/p>\n<p><a href=\"https:\/\/scf.se\/forbundet\/wp-content\/uploads\/sites\/9\/2017\/10\/Ans\u00f6kan_utm\u00e4rkelse.doc\">Ans\u00f6kan om utm\u00e4rkelse<\/a><\/p>\n","protected":false},"excerpt":{"rendered":"<p>Kan tilldelas organisation, cykelledare och personer, som underst\u00f6tt cykelsporten Stipulationer: F\u00f6rtj\u00e4nstdiplom kan tilldelas cykelledare, som under en tid av i regel minst fem \u00e5r utr\u00e4ttat ett p\u00e5visbart gott arbete som styrelseledamot av inom cykelsporten verksam organisation; annan enskild person, som under en f\u00f6ljd av \u00e5r f\u00f6r cykelsporten gjort v\u00e4rdefulla insatser; organisation f\u00f6r i regel<a href=\"https:\/\/scf.se\/forbundet\/scf-utmarkelser\/\" class=\"news-card__more\"> &#8230;<\/a><\/p>\n","protected":false},"author":2,"featured_media":0,"parent":0,"menu_order":0,"comment_status":"closed","ping_status":"closed","template":"","meta":{"_acf_changed":false,"footnotes":""},"class_list":["post-2320","page","type-page","status-publish","hentry"],"acf":[],"_links":{"self":[{"href":"https:\/\/scf.se\/forbundet\/wp-json\/wp\/v2\/pages\/2320","targetHints":{"allow":["GET"]}}],"collection":[{"href":"https:\/\/scf.se\/forbundet\/wp-json\/wp\/v2\/pages"}],"about":[{"href":"https:\/\/scf.se\/forbundet\/wp-json\/wp\/v2\/types\/page"}],"author":[{"embeddable":true,"href":"https:\/\/scf.se\/forbundet\/wp-json\/wp\/v2\/users\/2"}],"replies":[{"embeddable":true,"href":"https:\/\/scf.se\/forbundet\/wp-json\/wp\/v2\/comments?post=2320"}],"version-history":[{"count":0,"href":"https:\/\/scf.se\/forbundet\/wp-json\/wp\/v2\/pages\/2320\/revisions"}],"wp:attachment":[{"href":"https:\/\/scf.se\/forbundet\/wp-json\/wp\/v2\/media?parent=2320"}],"curies":[{"name":"wp","href":"https:\/\/api.w.org\/{rel}","templated":true}]}}