
{"id":21,"date":"2024-12-16T07:50:12","date_gmt":"2024-12-16T06:50:12","guid":{"rendered":"http:\/\/svenskcykel.grandpublic.se\/forbundet\/?page_id=21"},"modified":"2024-12-16T14:23:44","modified_gmt":"2024-12-16T13:23:44","slug":"antidoping","status":"publish","type":"page","link":"https:\/\/scf.se\/forbundet\/tavlingsverksamhet\/antidoping\/","title":{"rendered":"Antidoping"},"content":{"rendered":"<blockquote><p><strong>Svenska Cykelf\u00f6rbundets antidopingplan 2024<\/strong><\/p>\n<p>Svenska Cykelf\u00f6rbundets styrelse har under 2024 antagit en ny Antidopingplan.<\/p>\n<p>Ladda ner dokumentet i sin helhet h\u00e4r: <a href=\"https:\/\/scf.se\/forbundet\/wp-content\/uploads\/sites\/9\/2024\/12\/2024-12-14-SCF-Antidopingplan.pdf\">2024-12-14 SCF Antidopingplan<\/a><\/p>\n<hr \/>\n<p><strong>Ny nationell Antidopingorganisation<\/strong><\/p>\n<p>Den 1 januari 2021 fick Sverige en ny Nationell Antidopingorganisation, Antidoping Sverige. L\u00e4s mer p\u00e5 hemsidan<a href=\"https:\/\/www.antidoping.se\/\"> antidoping.se<\/a>.<\/p>\n<hr \/>\n<p><strong>Har din klubb koll p\u00e5 dopingproblematiken?\u00a0<\/strong><\/p>\n<p>Fortfarande har v\u00e4ldigt f\u00e5 av landets 500 cykelf\u00f6reningar en godk\u00e4nd handlingsplan f\u00f6r att motverka doping. En alldeles f\u00f6r l\u00e5g siffra. Som alla f\u00f6reningar b\u00f6r k\u00e4nna till har Antidoping Sverige tagit fram programmet <a href=\"https:\/\/www.vaccineraklubben.se\/\">Vaccinera klubben<\/a> f\u00f6r att underl\u00e4tta f\u00f6r f\u00f6reningarna att skapa egna handlingsprogram mot doping.<\/p>\n<hr \/>\n<p>Svenska Cykelf\u00f6rbundet arbetar aktivt med antidoping genom en tillsatt kommitt\u00e9 som l\u00f6pande reviderar <a href=\"https:\/\/scf.se\/forbundet\/wp-content\/uploads\/sites\/9\/2024\/12\/2024-12-14-SCF-Antidopingplan.pdf\">SCF Antidopingplan<\/a>\u00a0i enlighet med RF:s och ADSE:s (Antidoping Sverige) riktlinjer.<\/p><\/blockquote>\n<p>Genomf\u00f6rd antidoping-utbildning &#8221;REN VINNARE&#8221; \u00e4r ett krav f\u00f6r licensinnehavare i klasser fr\u00e5n junior och upp\u00e5t.<\/p>\n<ul>\n<li><a href=\"https:\/\/scf.se\/forbundet\/tavlingsverksamhet\/antidoping\/ren-vinnare\" target=\"_blank\" rel=\"noopener noreferrer\">Ren vinnare<\/a><\/li>\n<\/ul>\n<p>P\u00e5\u00a0<a href=\"https:\/\/www.antidoping.se\/\">Antidoping Sverige<\/a>s hemsida finns mer information och praktiska h\u00e4nvisningar kring antidoping<\/p>\n<p>Svenska Cykelf\u00f6rbundets Antidopingkommitt\u00e9 ska vara ett st\u00f6d till aktiva och ledare och kunna besvara fr\u00e5gor inom omr\u00e5det. Antidoping-kommitt\u00e9n deltar i RF:s arbete mot doping och kan \u00e4ven vid behov st\u00f6dja f\u00f6reningarnas arbete att genomf\u00f6ra programmet &#8221;Vaccinera klubben&#8221;. F\u00f6r fr\u00e5gor, skicka ett mejl till: <a href=\"mailto:ulf.naslund@scf.se\">ulf.naslund@scf.se<\/a>.<\/p>\n<p>Svenska cyklister kontrolleras regelbundet med antidopingtester som utf\u00f6rs av Antidoping Sverige.<\/p>\n<p><strong>Ta ansvar och tipsa om misst\u00e4nkt doping!<\/strong><br \/>\nNy tipsfunktion, l\u00e4r mer <a href=\"https:\/\/www.antidoping.se\/regler\/tipsa-oss\/\">h\u00e4r<\/a> om sidan dopingtips.se !<\/p>\n","protected":false},"excerpt":{"rendered":"<p>Svenska Cykelf\u00f6rbundets antidopingplan 2024 Svenska Cykelf\u00f6rbundets styrelse har under 2024 antagit en ny Antidopingplan. Ladda ner dokumentet i sin helhet h\u00e4r: 2024-12-14 SCF Antidopingplan Ny nationell Antidopingorganisation Den 1 januari 2021 fick Sverige en ny Nationell Antidopingorganisation, Antidoping Sverige. L\u00e4s mer p\u00e5 hemsidan antidoping.se. Har din klubb koll p\u00e5 dopingproblematiken?\u00a0 Fortfarande har v\u00e4ldigt f\u00e5<a href=\"https:\/\/scf.se\/forbundet\/tavlingsverksamhet\/antidoping\/\" class=\"news-card__more\"> &#8230;<\/a><\/p>\n","protected":false},"author":32,"featured_media":0,"parent":96,"menu_order":0,"comment_status":"closed","ping_status":"closed","template":"","meta":{"_acf_changed":false,"footnotes":""},"class_list":["post-21","page","type-page","status-publish","hentry"],"acf":[],"_links":{"self":[{"href":"https:\/\/scf.se\/forbundet\/wp-json\/wp\/v2\/pages\/21","targetHints":{"allow":["GET"]}}],"collection":[{"href":"https:\/\/scf.se\/forbundet\/wp-json\/wp\/v2\/pages"}],"about":[{"href":"https:\/\/scf.se\/forbundet\/wp-json\/wp\/v2\/types\/page"}],"author":[{"embeddable":true,"href":"https:\/\/scf.se\/forbundet\/wp-json\/wp\/v2\/users\/32"}],"replies":[{"embeddable":true,"href":"https:\/\/scf.se\/forbundet\/wp-json\/wp\/v2\/comments?post=21"}],"version-history":[{"count":9,"href":"https:\/\/scf.se\/forbundet\/wp-json\/wp\/v2\/pages\/21\/revisions"}],"predecessor-version":[{"id":9334,"href":"https:\/\/scf.se\/forbundet\/wp-json\/wp\/v2\/pages\/21\/revisions\/9334"}],"up":[{"embeddable":true,"href":"https:\/\/scf.se\/forbundet\/wp-json\/wp\/v2\/pages\/96"}],"wp:attachment":[{"href":"https:\/\/scf.se\/forbundet\/wp-json\/wp\/v2\/media?parent=21"}],"curies":[{"name":"wp","href":"https:\/\/api.w.org\/{rel}","templated":true}]}}