
{"id":1861,"date":"2016-10-19T14:38:46","date_gmt":"2016-10-19T12:38:46","guid":{"rendered":"http:\/\/scf.se\/forbundet\/?page_id=1861"},"modified":"2019-09-02T09:24:29","modified_gmt":"2019-09-02T07:24:29","slug":"frivillig-vardpersonal","status":"publish","type":"page","link":"https:\/\/scf.se\/forbundet\/tavlingsverksamhet\/arrangera-tavling\/frivillig-vardpersonal\/","title":{"rendered":"Frivillig v\u00e5rdpersonal"},"content":{"rendered":"<p>Vi st\u00f6ter ofta p\u00e5 f\u00f6reningar som har sv\u00e5righeter att hitta friviliig v\u00e5rdpersonal till t\u00e4vlingar. Det kan bero p\u00e5 en misstolkning\u00a0av \u00e4n regel\u00e4ndring som Socialstyrelsen gjorde f\u00f6r n\u00e5got \u00e5r sedan. F\u00f6r ideella f\u00f6reningar \u00e4r det inte riktigt lika str\u00e4nga regler som f\u00f6r praktiserande v\u00e5rdgivare. F\u00f6rhoppningen \u00e4r att vi med nedan information kan f\u00e5 fler att vilja st\u00e4lla upp som sjukv\u00e5rdspersonal vid cykelt\u00e4vlingar. Ni beh\u00f6vs!<\/p>\n<p><a href=\"https:\/\/www.socialstyrelsen.se\/globalassets\/sharepoint-dokument\/artikelkatalog\/kunskapsstod\/2016-6-3.pdf\">H\u00e4lso- och sjukv\u00e5rdspersonal som arbetar i ideella f\u00f6reningar<br \/>\n<\/a>RF Frivillig V\u00e5rdpersonal<\/p>\n<p>&nbsp;<\/p>\n","protected":false},"excerpt":{"rendered":"<p>Vi st\u00f6ter ofta p\u00e5 f\u00f6reningar som har sv\u00e5righeter att hitta friviliig v\u00e5rdpersonal till t\u00e4vlingar. Det kan bero p\u00e5 en misstolkning\u00a0av \u00e4n regel\u00e4ndring som Socialstyrelsen gjorde f\u00f6r n\u00e5got \u00e5r sedan. F\u00f6r ideella f\u00f6reningar \u00e4r det inte riktigt lika str\u00e4nga regler som f\u00f6r praktiserande v\u00e5rdgivare. F\u00f6rhoppningen \u00e4r att vi med nedan information kan f\u00e5 fler att<a href=\"https:\/\/scf.se\/forbundet\/tavlingsverksamhet\/arrangera-tavling\/frivillig-vardpersonal\/\" class=\"news-card__more\"> &#8230;<\/a><\/p>\n","protected":false},"author":7,"featured_media":0,"parent":64,"menu_order":0,"comment_status":"closed","ping_status":"closed","template":"","meta":{"_acf_changed":false,"footnotes":""},"class_list":["post-1861","page","type-page","status-publish","hentry"],"acf":[],"_links":{"self":[{"href":"https:\/\/scf.se\/forbundet\/wp-json\/wp\/v2\/pages\/1861","targetHints":{"allow":["GET"]}}],"collection":[{"href":"https:\/\/scf.se\/forbundet\/wp-json\/wp\/v2\/pages"}],"about":[{"href":"https:\/\/scf.se\/forbundet\/wp-json\/wp\/v2\/types\/page"}],"author":[{"embeddable":true,"href":"https:\/\/scf.se\/forbundet\/wp-json\/wp\/v2\/users\/7"}],"replies":[{"embeddable":true,"href":"https:\/\/scf.se\/forbundet\/wp-json\/wp\/v2\/comments?post=1861"}],"version-history":[{"count":0,"href":"https:\/\/scf.se\/forbundet\/wp-json\/wp\/v2\/pages\/1861\/revisions"}],"up":[{"embeddable":true,"href":"https:\/\/scf.se\/forbundet\/wp-json\/wp\/v2\/pages\/64"}],"wp:attachment":[{"href":"https:\/\/scf.se\/forbundet\/wp-json\/wp\/v2\/media?parent=1861"}],"curies":[{"name":"wp","href":"https:\/\/api.w.org\/{rel}","templated":true}]}}

Frivillig vårdpersonal

<p>Vi stöter ofta på föreningar som har svårigheter att hitta friviliig vårdpersonal till tävlingar. Det kan bero på en misstolkning av än regeländring som Socialstyrelsen gjorde för något år sedan. För ideella föreningar är det inte riktigt lika stränga regler som för praktiserande vårdgivare. Förhoppningen är att vi med nedan information kan få fler att vilja ställa upp som sjukvårdspersonal vid cykeltävlingar. Ni behövs!</p>
<p><a href="https://www.socialstyrelsen.se/globalassets/sharepoint-dokument/artikelkatalog/kunskapsstod/2016-6-3.pdf">Hälso- och sjukvårdspersonal som arbetar i ideella föreningar<br />
</a>RF Frivillig Vårdpersonal</p>
<p>&nbsp;</p>

<p>Vi stöter ofta på föreningar som har svårigheter att hitta friviliig vårdpersonal till tävlingar. Det kan bero på en misstolkning av än regeländring som Socialstyrelsen gjorde för något år sedan. För ideella föreningar är det inte riktigt lika stränga regler som för praktiserande vårdgivare. Förhoppningen är att vi med nedan information kan få fler att<a href="https://scf.se/forbundet/tavlingsverksamhet/arrangera-tavling/frivillig-vardpersonal/" class="news-card__more"> &#8230;</a></p>
