
{"id":1853,"date":"2016-10-19T13:04:33","date_gmt":"2016-10-19T11:04:33","guid":{"rendered":"http:\/\/scf.se\/forbundet\/?page_id=1853"},"modified":"2016-10-19T13:05:42","modified_gmt":"2016-10-19T11:05:42","slug":"ck-bure","status":"publish","type":"page","link":"https:\/\/scf.se\/forbundet\/stod-service\/idrottslyftet\/ck-bure\/","title":{"rendered":"Sociala aktiviteter f\u00f6r att beh\u00e5lla ungdomar"},"content":{"rendered":"<p>CK Bure har\u00a0ett flertal sociala aktiviteter under \u00e5ret f\u00f6r att st\u00e4rka sammanh\u00e5llningen mellan cyklisterna i klasserna ungdom, junior och U23. B\u00e5de tjejer och killar \u00e4r med och vi f\u00f6rs\u00f6ker tr\u00e4ffas b\u00e5de landsv\u00e4g och MTB ihop. Vi har ocks\u00e5 haft en &#8221;Klubbkamp&#8221; mot Staffanstorp CK under \u00d6restads 2-dagars i v\u00e5ras. Klubben tycker det \u00e4r viktigt att prioritera svenska cykelt\u00e4vlingar i ungdomsklasserna och f\u00f6r att g\u00f6ra det extra roligt s\u00e5 hade de en egen t\u00e4vling i t\u00e4vlingen mot Staffanstorp. Komplicerad po\u00e4ngber\u00e4kning f\u00f6r alla som deltog fr\u00e5n de tv\u00e5 klubbarna och prisutdelning med fika efter\u00e5t f\u00f6r att f\u00e5 nya v\u00e4nner \u00f6ver klubbgr\u00e4nserna.<\/p>\n<a href=\"https:\/\/scf.se\/forbundet\/wp-content\/uploads\/sites\/9\/2016\/10\/CK-Bure-Projekt-beh\u00e5lla-ungdomar3.jpg\"><img loading=\"lazy\" decoding=\"async\" class=\"alignnone size-full wp-image-1856\" src=\"https:\/\/scf.se\/forbundet\/wp-content\/uploads\/sites\/9\/2016\/10\/CK-Bure-Projekt-beh\u00e5lla-ungdomar3.jpg\" alt=\"CK Bure Projekt beh\u00e5lla ungdomar3\" width=\"320\" height=\"240\" srcset=\"https:\/\/scf.se\/forbundet\/wp-content\/uploads\/sites\/9\/2016\/10\/CK-Bure-Projekt-beh\u00e5lla-ungdomar3.jpg 320w, https:\/\/scf.se\/forbundet\/wp-content\/uploads\/sites\/9\/2016\/10\/CK-Bure-Projekt-beh\u00e5lla-ungdomar3-300x225.jpg 300w\" sizes=\"auto, (max-width: 320px) 100vw, 320px\" \/><\/a>\n<p>Som avslutning p\u00e5 s\u00e4songen blev det tr\u00e4ff i klubblokalen varefter ungdomarna, juniorerna och U23:orna var p\u00e5 Laserdome tillsammans. Det var ett 30-tal killar och tjejer i \u00e5ldrarna 9-19 \u00e5r, b\u00e5de landsv\u00e4gs- och MTB-cyklister. De yngre cyklisterna tycker att det \u00e4r roligt att tr\u00e4ffa de \u00e4ldre som de ser upp till och det \u00e4r viktigt att de \u00e4ldre tar hand om de yngre och visar sig som bra f\u00f6rebilder.<\/p>\n<p>Sista svenska t\u00e4vlingshelgen i \u00e5r samlades CK Bures P13-14 f\u00f6r att \u00e5ka till Ramn\u00e4s och V\u00e4ster\u00e5s. Sex cyklister med helt olika erfarenhet var med. En kille t\u00e4vlade f\u00f6r f\u00f6rsta g\u00e5ngen, en annan har t\u00e4vlat i fem \u00e5r. Det \u00e4r ett stort steg att g\u00e5 upp i P15-16 och vi ville avsluta s\u00e4songen p\u00e5 ett roligt och socialt s\u00e4tt f\u00f6r att motivera killarna att tr\u00e4na bra inf\u00f6r 2017.<\/p>\n<p>Leo, som k\u00f6rde sin f\u00f6rsta t\u00e4vling. S\u00f6kte eng\u00e5ngslicens i P13-14 sa s\u00e5 h\u00e4r om resan:<\/p>\n<blockquote><p>Det var roligt p\u00e5 v\u00e4gen upp. F\u00f6rsta g\u00e5ngen f\u00f6r n\u00e5gra av killarna. Vi pratade j\u00e4ttemycket om roliga saker p\u00e5 v\u00e4gen upp.\u00a0Det var sp\u00e4nnande med sin f\u00f6rsta t\u00e4vling, det gick inte s\u00e5 bra men b\u00e4ttre andra t\u00e4vlingen och det var roligt. Vi var p\u00e5 Kokpunkten som alla tyckte va j\u00e4tteroligt.<\/p><\/blockquote>\n<p>Ludwig, som inte bor i Halmstad och d\u00e4rf\u00f6r inte kan tr\u00e4na s\u00e5 mycket med de andra killarna:<\/p>\n<blockquote><p>Jag tycker att resan till V\u00e4ster\u00e5s var v\u00e4ldigt l\u00e4rorik och framf\u00f6r allt rolig. Det var bra att f\u00e5 umg\u00e5s mycket med de andra killarna i laget och f\u00e5 t\u00e4vla ihop. Det \u00e4r nog bra att \u00e5ka upp s\u00e5 h\u00e4r med laget och l\u00e4ra k\u00e4nna varandra. Vi kunde hitta p\u00e5 saker som gjorde att helgen blev v\u00e4ldigt rolig, vilket gjorde att man fick bra k\u00e4nsla p\u00e5 loppen dessutom. Det var en kul och bra resa som jag g\u00e4rna \u00e5ker med p\u00e5 igen.<\/p><\/blockquote>\n<a href=\"https:\/\/scf.se\/forbundet\/wp-content\/uploads\/sites\/9\/2016\/10\/CK-Bure-Projekt-beh\u00e5lla-ungdomar5.jpg\"><img loading=\"lazy\" decoding=\"async\" class=\"alignnone size-full wp-image-1858\" src=\"https:\/\/scf.se\/forbundet\/wp-content\/uploads\/sites\/9\/2016\/10\/CK-Bure-Projekt-beh\u00e5lla-ungdomar5.jpg\" alt=\"CK Bure Projekt beh\u00e5lla ungdomar5\" width=\"320\" height=\"240\" srcset=\"https:\/\/scf.se\/forbundet\/wp-content\/uploads\/sites\/9\/2016\/10\/CK-Bure-Projekt-beh\u00e5lla-ungdomar5.jpg 320w, https:\/\/scf.se\/forbundet\/wp-content\/uploads\/sites\/9\/2016\/10\/CK-Bure-Projekt-beh\u00e5lla-ungdomar5-300x225.jpg 300w\" sizes=\"auto, (max-width: 320px) 100vw, 320px\" \/><\/a> <a href=\"https:\/\/scf.se\/forbundet\/wp-content\/uploads\/sites\/9\/2016\/10\/CK-Bure-Projekt-beh\u00e5lla-ungdomar4.jpg\"><img loading=\"lazy\" decoding=\"async\" class=\"alignnone size-full wp-image-1857\" src=\"https:\/\/scf.se\/forbundet\/wp-content\/uploads\/sites\/9\/2016\/10\/CK-Bure-Projekt-beh\u00e5lla-ungdomar4.jpg\" alt=\"CK Bure Projekt beh\u00e5lla ungdomar4\" width=\"320\" height=\"240\" srcset=\"https:\/\/scf.se\/forbundet\/wp-content\/uploads\/sites\/9\/2016\/10\/CK-Bure-Projekt-beh\u00e5lla-ungdomar4.jpg 320w, https:\/\/scf.se\/forbundet\/wp-content\/uploads\/sites\/9\/2016\/10\/CK-Bure-Projekt-beh\u00e5lla-ungdomar4-300x225.jpg 300w\" sizes=\"auto, (max-width: 320px) 100vw, 320px\" \/><\/a>\u00a0\u00a0<a href=\"https:\/\/scf.se\/forbundet\/wp-content\/uploads\/sites\/9\/2016\/10\/CK-Bure-Projekt-beh\u00e5lla-ungdomar2.jpg\"><img loading=\"lazy\" decoding=\"async\" class=\"alignnone size-full wp-image-1855\" src=\"https:\/\/scf.se\/forbundet\/wp-content\/uploads\/sites\/9\/2016\/10\/CK-Bure-Projekt-beh\u00e5lla-ungdomar2.jpg\" alt=\"CK Bure Projekt beh\u00e5lla ungdomar2\" width=\"320\" height=\"240\" srcset=\"https:\/\/scf.se\/forbundet\/wp-content\/uploads\/sites\/9\/2016\/10\/CK-Bure-Projekt-beh\u00e5lla-ungdomar2.jpg 320w, https:\/\/scf.se\/forbundet\/wp-content\/uploads\/sites\/9\/2016\/10\/CK-Bure-Projekt-beh\u00e5lla-ungdomar2-300x225.jpg 300w\" sizes=\"auto, (max-width: 320px) 100vw, 320px\" \/><\/a> <a href=\"https:\/\/scf.se\/forbundet\/wp-content\/uploads\/sites\/9\/2016\/10\/CK-Bure-Projekt-beh\u00e5lla-ungdomar.jpg\"><img loading=\"lazy\" decoding=\"async\" class=\"alignnone size-full wp-image-1854\" src=\"https:\/\/scf.se\/forbundet\/wp-content\/uploads\/sites\/9\/2016\/10\/CK-Bure-Projekt-beh\u00e5lla-ungdomar.jpg\" alt=\"CK Bure Projekt beh\u00e5lla ungdomar\" width=\"320\" height=\"240\" srcset=\"https:\/\/scf.se\/forbundet\/wp-content\/uploads\/sites\/9\/2016\/10\/CK-Bure-Projekt-beh\u00e5lla-ungdomar.jpg 320w, https:\/\/scf.se\/forbundet\/wp-content\/uploads\/sites\/9\/2016\/10\/CK-Bure-Projekt-beh\u00e5lla-ungdomar-300x225.jpg 300w\" sizes=\"auto, (max-width: 320px) 100vw, 320px\" \/><\/a>\n","protected":false},"excerpt":{"rendered":"<p>CK Bure har\u00a0ett flertal sociala aktiviteter under \u00e5ret f\u00f6r att st\u00e4rka sammanh\u00e5llningen mellan cyklisterna i klasserna ungdom, junior och U23. B\u00e5de tjejer och killar \u00e4r med och vi f\u00f6rs\u00f6ker tr\u00e4ffas b\u00e5de landsv\u00e4g och MTB ihop. Vi har ocks\u00e5 haft en &#8221;Klubbkamp&#8221; mot Staffanstorp CK under \u00d6restads 2-dagars i v\u00e5ras. Klubben tycker det \u00e4r viktigt<a href=\"https:\/\/scf.se\/forbundet\/stod-service\/idrottslyftet\/ck-bure\/\" class=\"news-card__more\"> &#8230;<\/a><\/p>\n","protected":false},"author":2,"featured_media":0,"parent":74,"menu_order":0,"comment_status":"closed","ping_status":"closed","template":"","meta":{"_acf_changed":false,"footnotes":""},"class_list":["post-1853","page","type-page","status-publish","hentry"],"acf":[],"_links":{"self":[{"href":"https:\/\/scf.se\/forbundet\/wp-json\/wp\/v2\/pages\/1853","targetHints":{"allow":["GET"]}}],"collection":[{"href":"https:\/\/scf.se\/forbundet\/wp-json\/wp\/v2\/pages"}],"about":[{"href":"https:\/\/scf.se\/forbundet\/wp-json\/wp\/v2\/types\/page"}],"author":[{"embeddable":true,"href":"https:\/\/scf.se\/forbundet\/wp-json\/wp\/v2\/users\/2"}],"replies":[{"embeddable":true,"href":"https:\/\/scf.se\/forbundet\/wp-json\/wp\/v2\/comments?post=1853"}],"version-history":[{"count":0,"href":"https:\/\/scf.se\/forbundet\/wp-json\/wp\/v2\/pages\/1853\/revisions"}],"up":[{"embeddable":true,"href":"https:\/\/scf.se\/forbundet\/wp-json\/wp\/v2\/pages\/74"}],"wp:attachment":[{"href":"https:\/\/scf.se\/forbundet\/wp-json\/wp\/v2\/media?parent=1853"}],"curies":[{"name":"wp","href":"https:\/\/api.w.org\/{rel}","templated":true}]}}