
{"id":1332,"date":"2026-01-30T07:56:03","date_gmt":"2026-01-30T06:56:03","guid":{"rendered":"http:\/\/scf.se\/forbundet\/?page_id=1332"},"modified":"2026-01-30T08:37:02","modified_gmt":"2026-01-30T07:37:02","slug":"materielbokning","status":"publish","type":"page","link":"https:\/\/scf.se\/forbundet\/tavlingsverksamhet\/arrangera-tavling\/materielbokning\/","title":{"rendered":"Materielbokning samt bokning av resultathanterare"},"content":{"rendered":"<p><em><strong>Samtliga arrang\u00f6rer<\/strong> ansvarar f\u00f6r att r\u00e4tt information finns inlagd i bokningsformul\u00e4ret.\u00a0<\/em><\/p>\n<hr \/>\n<h2 data-start=\"123\" data-end=\"143\">Material fr\u00e5n SCF<\/h2>\n<h3 data-start=\"145\" data-end=\"174\">Bokning av radioapparater<\/h3>\n<p data-start=\"175\" data-end=\"276\">F\u00f6rbundet har ett antal radioapparater som fungerar via 4G-n\u00e4tet. Dessa kan hyras ut till arrang\u00f6rer.<\/p>\n<p data-start=\"278\" data-end=\"305\"><strong data-start=\"278\" data-end=\"305\">Riktpris (exkl. frakt):<\/strong><\/p>\n<ul data-start=\"306\" data-end=\"401\">\n<li data-start=\"306\" data-end=\"333\">\n<p data-start=\"308\" data-end=\"333\">50 kr per enhet och dag<\/p>\n<\/li>\n<li data-start=\"334\" data-end=\"364\">\n<p data-start=\"336\" data-end=\"364\">100 kr per enhet och vecka<\/p>\n<\/li>\n<li data-start=\"365\" data-end=\"401\">\n<p data-start=\"367\" data-end=\"401\">Returkontroll: 500 kr (tillkommer)<\/p>\n<\/li>\n<\/ul>\n<p data-start=\"403\" data-end=\"511\">F\u00f6r att hyra radioapparater, kontakta <strong data-start=\"441\" data-end=\"465\"><a class=\"decorated-link cursor-pointer\" rel=\"noopener\" data-start=\"443\" data-end=\"463\">jonas.haglund@scf.se<\/a><\/strong> f\u00f6r att kontrollera antal och tillg\u00e4nglighet.<\/p>\n<p data-start=\"513\" data-end=\"590\"><strong data-start=\"513\" data-end=\"549\">SWE Cup-, UCI- och SM-arrang\u00f6rer<\/strong> betalar ingen hyra f\u00f6r radioapparaterna.<\/p>\n<hr data-start=\"592\" data-end=\"595\" \/>\n<h3 data-start=\"597\" data-end=\"621\">Bokning av m\u00e5lkamera<\/h3>\n<p data-start=\"622\" data-end=\"676\">M\u00e5lkamera kan hyras enligt nedan (priser exkl. frakt):<\/p>\n<ul data-start=\"677\" data-end=\"741\">\n<li data-start=\"677\" data-end=\"696\">\n<p data-start=\"679\" data-end=\"696\">1 dag: 1 500 kr<\/p>\n<\/li>\n<li data-start=\"697\" data-end=\"718\">\n<p data-start=\"699\" data-end=\"718\">En helg: 2 100 kr<\/p>\n<\/li>\n<li data-start=\"719\" data-end=\"741\">\n<p data-start=\"721\" data-end=\"741\">En vecka: 2 500 kr<\/p>\n<\/li>\n<\/ul>\n<p data-start=\"743\" data-end=\"814\"><strong data-start=\"743\" data-end=\"779\">SWE Cup-, UCI- och SM-arrang\u00f6rer<\/strong> betalar ingen hyra f\u00f6r m\u00e5lkameran.<\/p>\n<p data-start=\"816\" data-end=\"955\">F\u00f6r att hyra m\u00e5lkamera kr\u00e4vs en <strong data-start=\"848\" data-end=\"878\">utbildad m\u00e5lkameraoperat\u00f6r<\/strong>. Lista \u00f6ver godk\u00e4nda operat\u00f6rer tillhandah\u00e5lls via <strong data-start=\"930\" data-end=\"954\"><a class=\"decorated-link cursor-pointer\" rel=\"noopener\" data-start=\"932\" data-end=\"952\">jonas.haglund@scf.se<\/a><\/strong>.<\/p>\n<p data-start=\"957\" data-end=\"986\"><strong data-start=\"957\" data-end=\"986\">Riktpris operat\u00f6rsarvode:<\/strong><\/p>\n<ul data-start=\"987\" data-end=\"1052\">\n<li data-start=\"987\" data-end=\"1007\">\n<p data-start=\"989\" data-end=\"1007\">2 250 kr per dag<\/p>\n<\/li>\n<li data-start=\"1008\" data-end=\"1052\">\n<p data-start=\"1010\" data-end=\"1052\">1 800 kr + moms vid fakturering fr\u00e5n bolag<\/p>\n<\/li>\n<\/ul>\n<p>.<\/p>\n<p><strong>Bokning f\u00f6r resultathanterare, tidtagningssystem m.m<\/strong><\/p>\n<p>Som arrang\u00f6r av en t\u00e4vling som skall k\u00f6ras via det administrativa systemet Sportstiming s\u00e5 beh\u00f6ver ni boka en utbildad resultathanterare samt tidtagningssystem.<\/p>\n<p>Du fyller i underlaget som du finner <a href=\"https:\/\/scf.se\/forbundet\/wp-content\/uploads\/sites\/9\/2024\/04\/Bestallningblankett-Resultatgruppen.docx\">h\u00e4r <\/a>och mailar in det till <a href=\"mailto:resultatgrupp@scf.se\">resultatgrupp@scf.se.<\/a><\/p>\n<p><strong>Prislista g\u00e4ller LVG\/MTB\/CX\/Gravel <\/strong>(2024-03-27)<\/p>\n<p>&nbsp;<\/p>\n<table>\n<tbody>\n<tr>\n<td width=\"302\"><strong>Tj\u00e4nst\/Utrustning<\/strong><\/td>\n<td width=\"302\"><strong>Kostnad<\/strong><\/td>\n<\/tr>\n<tr>\n<td width=\"302\">Tidtagningsl\u00e5da (30 chip ing\u00e5r)<\/p>\n<p>&nbsp;<\/td>\n<td width=\"302\">625 + frakt<\/p>\n<p>&nbsp;<\/td>\n<\/tr>\n<tr>\n<td width=\"302\">L\u00e5ne chip (20 pack)<\/p>\n<p>Hanteras av NGH Trading. Blankett, se nedan.<\/td>\n<td width=\"302\">750 inkl ToR frakt (F\u00f6rsta 20 st)<\/p>\n<p>500 inkl ToR frakt (N\u00e4sta 20 st)<\/td>\n<\/tr>\n<tr>\n<td width=\"302\">Resultathanterare \/ dag<\/p>\n<p>(Normalpris)<\/td>\n<td width=\"302\">3000 + resa och logi.<\/p>\n<p>En tidtagningsl\u00e5da ing\u00e5r.<\/td>\n<\/tr>\n<tr>\n<td width=\"302\">Resultathanterare, f\u00f6r och efterarbete<\/p>\n<p>(Normalpris)<\/td>\n<td width=\"302\">3000<\/td>\n<\/tr>\n<\/tbody>\n<\/table>\n<p>&nbsp;<\/p>\n<table>\n<tbody>\n<tr>\n<td width=\"302\"><strong>Support<\/strong><\/td>\n<td width=\"302\"><strong>Kostnad<\/strong><\/td>\n<\/tr>\n<tr>\n<td width=\"302\"><strong>Telefonsupport utan dator.<\/strong><\/p>\n<p>Arrang\u00f6ren skall ha samtalat med n\u00e5gon i resultatgruppen.<\/p>\n<p>&nbsp;<\/td>\n<td width=\"302\">\u00d6verenskommelse med arrang\u00f6r.<\/p>\n<p>(300\/timma)<\/td>\n<\/tr>\n<tr>\n<td width=\"302\">Best\u00e4lld support fr\u00e5n tidtagningsgruppen med dator som backup.<\/p>\n<p>&nbsp;<\/td>\n<td width=\"302\">\u00d6verenskommelse med arrang\u00f6r.<\/p>\n<p>(3000 \/ dag) Kan debiteras kvartsdag, halvdag eller heldag.<\/td>\n<\/tr>\n<tr>\n<td width=\"302\">Utan \u00f6verenskommelse garanteras ingen support.<\/p>\n<p>&nbsp;<\/td>\n<td width=\"302\">Vid l\u00e5ng tids support kan timdebitering tas ut. Kan debiteras kvartsdag, halvdag eller heldag.<\/td>\n<\/tr>\n<tr>\n<td width=\"302\"><\/td>\n<td width=\"302\"><\/td>\n<\/tr>\n<tr>\n<td colspan=\"2\" width=\"604\">\u00b7\u00a0\u00a0\u00a0\u00a0\u00a0\u00a0 Alla priser \u00e4r inkl moms<\/p>\n<p>\u00b7\u00a0\u00a0\u00a0\u00a0\u00a0\u00a0 Vid utskick av utrustning s\u00e5 ombes\u00f6rjer Resultatgruppen att ev. retursedel finns.<\/p>\n<p>\u00b7\u00a0\u00a0\u00a0\u00a0\u00a0\u00a0 Faktureras klubben eller vad som \u00e4r \u00f6verenskommet med arrang\u00f6ren.<\/p>\n<p>\u00b7\u00a0\u00a0\u00a0\u00a0\u00a0\u00a0 F\u00f6r SM och SWEcup arrang\u00f6rer ing\u00e5r 1 Tidtagningsl\u00e5dan. Ev frakt betalas av arrang\u00f6r.<\/p>\n<p>\u00b7\u00a0\u00a0\u00a0\u00a0\u00a0\u00a0 Best\u00e4llning av l\u00e5nechip g\u00f6r du h\u00e4r:<\/p>\n<p><a href=\"https:\/\/scf.se\/forbundet\/wp-content\/uploads\/sites\/9\/2023\/04\/Formular-Lanechip-20230421.pdf\">https:\/\/scf.se\/forbundet\/wp-content\/uploads\/sites\/9\/2023\/04\/Formular-Lanechip-20230421.pdf<\/a><\/p>\n<p>&nbsp;<\/td>\n<\/tr>\n<\/tbody>\n<\/table>\n<p>&nbsp;<\/p>\n","protected":false},"excerpt":{"rendered":"<p>Samtliga arrang\u00f6rer ansvarar f\u00f6r att r\u00e4tt information finns inlagd i bokningsformul\u00e4ret.\u00a0 Material fr\u00e5n SCF Bokning av radioapparater F\u00f6rbundet har ett antal radioapparater som fungerar via 4G-n\u00e4tet. Dessa kan hyras ut till arrang\u00f6rer. Riktpris (exkl. frakt): 50 kr per enhet och dag 100 kr per enhet och vecka Returkontroll: 500 kr (tillkommer) F\u00f6r att hyra<a href=\"https:\/\/scf.se\/forbundet\/tavlingsverksamhet\/arrangera-tavling\/materielbokning\/\" class=\"news-card__more\"> &#8230;<\/a><\/p>\n","protected":false},"author":32,"featured_media":0,"parent":64,"menu_order":0,"comment_status":"closed","ping_status":"closed","template":"","meta":{"_acf_changed":false,"footnotes":""},"class_list":["post-1332","page","type-page","status-publish","hentry"],"acf":[],"_links":{"self":[{"href":"https:\/\/scf.se\/forbundet\/wp-json\/wp\/v2\/pages\/1332","targetHints":{"allow":["GET"]}}],"collection":[{"href":"https:\/\/scf.se\/forbundet\/wp-json\/wp\/v2\/pages"}],"about":[{"href":"https:\/\/scf.se\/forbundet\/wp-json\/wp\/v2\/types\/page"}],"author":[{"embeddable":true,"href":"https:\/\/scf.se\/forbundet\/wp-json\/wp\/v2\/users\/32"}],"replies":[{"embeddable":true,"href":"https:\/\/scf.se\/forbundet\/wp-json\/wp\/v2\/comments?post=1332"}],"version-history":[{"count":17,"href":"https:\/\/scf.se\/forbundet\/wp-json\/wp\/v2\/pages\/1332\/revisions"}],"predecessor-version":[{"id":11443,"href":"https:\/\/scf.se\/forbundet\/wp-json\/wp\/v2\/pages\/1332\/revisions\/11443"}],"up":[{"embeddable":true,"href":"https:\/\/scf.se\/forbundet\/wp-json\/wp\/v2\/pages\/64"}],"wp:attachment":[{"href":"https:\/\/scf.se\/forbundet\/wp-json\/wp\/v2\/media?parent=1332"}],"curies":[{"name":"wp","href":"https:\/\/api.w.org\/{rel}","templated":true}]}}