
{"id":845,"date":"2024-03-19T11:21:19","date_gmt":"2024-03-19T10:21:19","guid":{"rendered":"http:\/\/scf.se\/e-cycling\/?page_id=845"},"modified":"2024-11-20T11:30:42","modified_gmt":"2024-11-20T10:30:42","slug":"swe-cup-e-cycling-2023-2024","status":"publish","type":"page","link":"https:\/\/scf.se\/e-cycling\/swe-cup-e-cycling-2023-2024\/","title":{"rendered":"SWE Cup E-cycling 2023\/2024"},"content":{"rendered":"<p><strong>V\u00e4lkommen till Svenska Cykelf\u00f6rbundets SWE Cup presenterat av, Bauhaus, Wahoo, Enervit, Lactigo, Sportson och Swedish Zwift Riders! Nedan presenterar vi de \u00e5tta t\u00e4vlingsdagarna och vilka banor de g\u00e5r p\u00e5.\u00a0<\/strong><\/p>\n<hr \/>\n<h2>Slutst\u00e4llning SWE Cup 2023\/2024<\/h2>\n<p><strong>SWE Cup slutst\u00e4llning damer A<\/strong><\/p>\n<ul>\n<li>1 <strong>Mika<\/strong> <strong>S\u00f6derstr\u00f6m<\/strong>, Movistar eTeam 355<\/li>\n<li>2 <strong>\u00c5sa Fast<\/strong> <strong>Berglund<\/strong>, SZ SCSGBG 308*<\/li>\n<li>3<strong> Johanna<\/strong> <strong>Tidholm<\/strong>, eSRT 308*<\/li>\n<li>4 <strong>Evelina<\/strong> <strong>Beramand<\/strong>, eSRT 287<\/li>\n<li>5 <strong>Lisa<\/strong> <strong>Hermansson<\/strong>, eSRT 284<\/li>\n<li>6 <strong>Anna<\/strong> <strong>Sv\u00e4rdstr\u00f6m<\/strong>, SZ 273<\/li>\n<li>7 <strong>Catrin<\/strong> <strong>Nilsson<\/strong>, Toyota CRYO RDT 270<\/li>\n<li>8 <strong>Anna<\/strong> <strong>Embring<\/strong>, SZ 268*<\/li>\n<li>9 <strong>Caroline<\/strong> <strong>Augustsson<\/strong>, eSRT 268*<strong>\u00a0 \u00a0<\/strong><\/li>\n<li>10 <strong>Emma<\/strong> <strong>Belforth<\/strong>, eSRT 225 (4 delt\u00e4vlingar)<\/li>\n<\/ul>\n<p><strong>\u00a0<\/strong><\/p>\n<p><strong>SWE Cup slutst\u00e4llning herrar A<\/strong><\/p>\n<ul>\n<li>1 <strong>Johan<\/strong> <strong>Nor\u00e9n<\/strong>, SZ Baldr 355<\/li>\n<li>2 <strong>Samuel<\/strong> <strong>Br\u00e4nnlund<\/strong>, eSRT 320<\/li>\n<li>3 <strong>Johannes<\/strong> <strong>Randrop<\/strong> <strong>Keiding<\/strong>, Fusion Coloquick\/OUT 318<\/li>\n<li>4 <strong>Jakob<\/strong> <strong>Bj\u00f6rklund<\/strong>, TSB-e 303<\/li>\n<li>5 <strong>Daniel<\/strong> <strong>Pinto<\/strong>, SZ SCSGBG 287<\/li>\n<li>6 <strong>Jerry<\/strong> <strong>Eriksson<\/strong>, SZ SCSGBG 275<\/li>\n<li>7 <strong>Palle<\/strong> <strong>Sj\u00f6lander<\/strong>, SZ SCSGBG 247<\/li>\n<li>8 <strong>Tord Alenljung<\/strong>, TNT, 244<\/li>\n<li>9 <strong>Martin<\/strong> <strong>Nilsson<\/strong>, OUT 235<\/li>\n<li>10 <strong>M\u00e5ns<\/strong> <strong>Sandgren<\/strong>, SMS 228<\/li>\n<\/ul>\n<p><strong>\u00a0<\/strong><\/p>\n<p><strong>SWE Cup slutst\u00e4llning damer B<\/strong><\/p>\n<ul>\n<li>1 <strong>Carin<\/strong> <strong>Winell<\/strong>, CK Hymer 340<\/li>\n<li>2 <strong>Helena<\/strong> <strong>Smeder\u00f6d<\/strong>, eSRT 315<\/li>\n<li>3 <strong>Emelie<\/strong> <strong>Sj\u00f6gren<\/strong>, eSRT 309<\/li>\n<li>4 <strong>Anna<\/strong> <strong>Johansson<\/strong>, CK Hymer 290<\/li>\n<li>5 <strong>Sofia<\/strong> <strong>Mx<\/strong>, 269<\/li>\n<li>6 <strong>Johanna<\/strong> <strong>Palmqvist<\/strong>, CK Hymer 200 (4)<\/li>\n<\/ul>\n<p>&nbsp;<\/p>\n<p><strong>SWE Cup slutst\u00e4llning herrar B<\/strong><\/p>\n<ul>\n<li>1 <strong>Eric<\/strong> <strong>Egelstig<\/strong>, eSRT 345<\/li>\n<li>2 <strong>Dennis<\/strong> <strong>Berglund<\/strong>, OUT 309<\/li>\n<li>3 <strong>Frank<\/strong> <strong>Kiereck<\/strong>, eSRT 296<\/li>\n<li>4 <strong>Robert<\/strong> <strong>Egelnor<\/strong>, SZ 273<\/li>\n<li>5 <strong>Andreas<\/strong> <strong>Gustafsson<\/strong>, SZ 266*<\/li>\n<li>6 <strong>Simon<\/strong> <strong>Larsson<\/strong>, Maxpuls.se 266*<\/li>\n<\/ul>\n<p>&nbsp;<\/p>\n<p><strong>SWE Cup slutst\u00e4llning damer C<\/strong><\/p>\n<ul>\n<li>1 <strong>Cecilia<\/strong> <strong>Lauri<\/strong>, SZ 350<\/li>\n<li>2 <strong>\u00c5sa<\/strong> <strong>Danell<\/strong>, SZ 329<\/li>\n<li>3 <strong>Anna<\/strong> <strong>Skoog<\/strong>, SZ 325<\/li>\n<li>4 <strong>Anna<\/strong> <strong>Kindberg<\/strong>, Galaxy 286<\/li>\n<li>5 <strong>Hannah<\/strong> <strong>Johansson<\/strong> 280<\/li>\n<li>6 <strong>Sanna<\/strong> <strong>Friborg<\/strong>, SZ 273<\/li>\n<\/ul>\n<p>&nbsp;<\/p>\n<p><strong>SWE Cup slutst\u00e4llning herrar C<\/strong><\/p>\n<ul>\n<li>\u00a01 <strong>Erik<\/strong> <strong>Josefsson<\/strong>, SZVILE 315<\/li>\n<li>2 <strong>Jonas<\/strong> <strong>Florin<\/strong>, CK Fix 306<\/li>\n<li>3 <strong>Johan<\/strong> <strong>B\u00e4ckstr\u00f6m<\/strong>, SZVILE 294<\/li>\n<li>4 <strong>Mats<\/strong> <strong>Scherp<\/strong>, SZ 293<\/li>\n<li>5 <strong>Oliwer<\/strong> <strong>Johansen<\/strong>, OUT 292<\/li>\n<li>6 <strong>Christian Olsson<\/strong>, SZR 279<\/li>\n<\/ul>\n<p>&nbsp;<\/p>\n<p><strong>SWE Cup slutst\u00e4llning damer D<\/strong><\/p>\n<ul>\n<li>1 <strong>Johanna Wikman<\/strong>, SZ 345<\/li>\n<li>2 <strong>Cecilia Lindkvist<\/strong>, SZ 273<\/li>\n<li>3<strong> Jonna Westerlund<\/strong>, SZ 270<\/li>\n<\/ul>\n<p>&nbsp;<\/p>\n<p><strong>SWE Cup slutst\u00e4llning herrar D<\/strong><\/p>\n<ul>\n<li>1 <strong>Emil Wik<\/strong>, V\u00e4ster\u00e5s CK 355<\/li>\n<li>2 <strong>Markus Bjerre<\/strong>, SZ 304<\/li>\n<li>3 <strong>Patrik Clifford<\/strong>, TmX-R 285<\/li>\n<\/ul>\n<p><em>*Vid lika po\u00e4ng har i f\u00f6rsta hand den h\u00f6gsta placeringen i hela SWE Cup avgjort placering.<\/em><\/p>\n<hr \/>\n<h2>SWE Cup 2023\/2024<\/h2>\n<p>Nytt f\u00f6r i \u00e5r \u00e4r att iTT kommer finnas i schemat. Sex lopp r\u00e4knas i SWE Cup-totalen och d\u00e5 m\u00e5ste ett vara iTT. I \u00f6vrigt \u00e4r det scratchlopp och sprintrace likt tidigare. Exakt vart sprintarna \u00e4r och hur m\u00e5nga kommer vi att l\u00e4gga ut i v\u00e5ra kanaler innan racen.<\/p>\n<h2><strong>SCF s\u00e4nder alla lopp<\/strong><\/h2>\n<p>Missa inte heller s\u00e4ndningen som startar kl 18.00 varje t\u00e4vlingsdag med genomg\u00e5ng av banan, intervjuer med cyklister, livebes\u00f6k p\u00e5 cykelbutiker, intressanta f\u00f6rel\u00e4sningar, utlottning av priser, sp\u00e4nnande erbjudanden och mycket mer! Sj\u00e4lvklart s\u00e5 s\u00e4nder vi b\u00e5da loppen.<\/p>\n<p>Viktigt! SCF \u00e4ger r\u00e4ttigheterna till att s\u00e4nda alla sina lopp. Detta har med varum\u00e4rkesskydd, sponsoravtal och r\u00e4ttigheter att g\u00f6ra. Ingen \u00f6vrig s\u00e4ndning av SWE Cup \u00e4r till\u00e5ten.<\/p>\n<h2><strong>T\u00e4vlingsgrupp<\/strong><\/h2>\n<p>Nytt f\u00f6r detta \u00e5r \u00e4r ocks\u00e5 att vi har inf\u00f6rt en t\u00e4vlingsgrupp. Det inneb\u00e4r att vi kommer att kunna fokusera mer p\u00e5 att skapa r\u00e4ttvisa och roliga t\u00e4vlingar f\u00f6r er. T\u00e4vlingsgruppens ansvar kommer att vara att v\u00e4lja ut banor, regler och sammanst\u00e4lla resultat.<\/p>\n<p>Gruppen best\u00e5r av\u00a0<strong>Linda Tufvesson, Martin Bj\u00f6rgvik, Jon Werme<\/strong>\u00a0och\u00a0<strong>Mattias Lundqvist<\/strong>. Vi \u00e4r v\u00e4ldigt glada \u00f6ver denna kompetenta grupp som skall g\u00f6ra SWE Cup till en underbar upplevelse f\u00f6r er som cyklister.<\/p>\n<div id=\"attachment_701\" class=\"wp-caption alignnone\"><\/div>\n<h2>S\u00e5 k\u00f6rs SWE Cup 2023\/24<\/h2>\n<ul>\n<li><strong>4 december:<\/strong>\u00a0Watopia \u2013 Three little sisters 1 varv (38 kilometer).\u00a0<strong>Scratch<\/strong>. Start damer 18.30 och herrar 20.00.<\/li>\n<li><strong>11 december:<\/strong>\u00a0New York \u2013 Astoria 8, 2 varv (23 kilometer),\u00a0<strong>iTT.\u00a0<\/strong>Start herrar 18.30 och damer 20.00.<\/li>\n<li><strong>18 december:<\/strong> Skottland \u2013 Glasgow Crit course 12\/10 varv (36\/30 kilometer). <strong>Points<\/strong>.\u00a0Start damer 18.30 och herrar 20.00.<\/li>\n<\/ul>\n<p><em>Juluppeh\u00e5ll<\/em><strong><br \/>\n<\/strong><\/p>\n<ul>\n<li><strong>8 januari:<\/strong>\u00a0Richmond \u2013 UCI Richmond reverse 2 varv (32 kilometer).\u00a0<strong>Scratch<\/strong>. Start herrar 18.30 och damer 20.00.<\/li>\n<li><strong>15 januari:<\/strong> Skottland \u2013 The Muckle Yin 1 varv (24 kilometer)<strong>. Points<\/strong>. Start damer 18.30 och herrar 20.00.<\/li>\n<li><strong>22 januari:<\/strong>\u00a0Yorkshire \u2013 Tour of Tewit Well 2 varv (21 kilometer),\u00a0<strong>iTT<\/strong>. Start herrar 18.30 och damer 20.00.<\/li>\n<li><strong>29 januari:<\/strong>\u00a0Makuri \u2013 Makuri 40 1 varv (40 kilometer).\u00a0<strong>Scratch<\/strong>. Start damer 18.30 och herrar 20.00.<\/li>\n<li><strong>5 februari:<\/strong>\u00a0Innsbruck \u2013 Innsbruckring 4\/3 varv (36\/27 kilometer).\u00a0<strong>Points<\/strong>. Start herrar 18.30 och damer 20.00.<\/li>\n<\/ul>\n<p><a href=\"https:\/\/scf.se\/resultat\/#E-cycling\"><strong><em>Alla resultat fr\u00e5n s\u00e4songens SWE Cup finns samlat h\u00e4r!<\/em><\/strong><\/a><\/p>\n<h2><strong>T\u00e4vlingsregler<\/strong><\/h2>\n<ul>\n<li>F\u00f6r att delta i SCF SWE Cup E-cycling beh\u00f6ver deltagaren ha en giltig t\u00e4vlingslicens, Motionslicens, E-cyclinglicens, eller en eng\u00e5ngslicens <a href=\"https:\/\/scf.se\/licenser\/\"><strong><em>l\u00e4s mera och k\u00f6p din licens h\u00e4r!<\/em><\/strong><\/a>\u00a0(Mera info om varf\u00f6r vi inf\u00f6r f\u00f6rra s\u00e4songen inf\u00f6rde licens \u00e4ven i E-cycling finns ocks\u00e5\u00a0<a href=\"https:\/\/scf.se\/e-cycling\/e-cyclinglicens\/\"><em><strong>h\u00e4r<\/strong><\/em><\/a>.)<\/li>\n<li><strong>Inga powerups<\/strong>.<\/li>\n<li>Anv\u00e4ndning av tempocykel:\u00a0<strong>TT-cyklar<\/strong>\u00a0endast till\u00e5tna i iTT-racen.<\/li>\n<li>Endast<strong>\u00a0Smart trainer<\/strong>\u00a0och\u00a0<strong>Power meter<\/strong>\u00a0\u00e4r godk\u00e4nda.<\/li>\n<li><strong>Topp 10 i A-klass<\/strong>, skall ladda upp dual recording till Zwiftpower <strong>inom 2 timmar fr\u00e5n m\u00e5lg\u00e5ng.<\/strong><\/li>\n<li><strong>Pulsm\u00e4tare\u00a0<\/strong>obligatorisk f\u00f6r alla kategorier.<\/li>\n<li><strong>Kadensm\u00e4tare\u00a0<\/strong>obligatorisk f\u00f6r alla kategorier.<\/li>\n<li><strong>Category enforcement<\/strong>\u00a0\u00e4r p\u00e5.<\/li>\n<li><strong>Styrning<\/strong>\u00a0kommer vara avst\u00e4ngd.<\/li>\n<li><strong>Registrerad anv\u00e4ndare<\/strong>\u00a0hos Zwiftpower.<\/li>\n<li><strong>Ingen Zpower till\u00e5ten<\/strong>\u00a0(dumb trainers utan powermeter).<\/li>\n<li><a href=\"https:\/\/content-cdn.zwift.com\/uploads\/2022\/02\/Cycling-Esports-Ruleset-v1.0.8.docx-2.pdf\"><em><strong>Vi f\u00f6ljer Zwift Cycling eSports rules som ni hittar h\u00e4r.<\/strong><\/em><\/a><\/li>\n<li>Stickprov kommer g\u00f6ras p\u00e5 <strong>verifiering av data.\u00a0<\/strong>Det kan vara verifiering av wattfiler, vikt och l\u00e4ngd.<\/li>\n<\/ul>\n<h2>Grundregler f\u00f6r t\u00e4vling<\/h2>\n<ul>\n<li>Registrera dig hos Zwiftpower.<\/li>\n<li>Anv\u00e4nd ditt eget Zwift-konto i ditt eget namn.<\/li>\n<li>Anv\u00e4nd din verkliga l\u00e4ngd och vikt (vikt f\u00f6r dagen).<\/li>\n<li>Spindown\/kalibrera din trainer och effektm\u00e4tare innan race. Se till att din kadenssensor och pulsm\u00e4tare fungerar.<\/li>\n<li>Om din prestation inte kan verifieras kan ditt resultat annulleras.<\/li>\n<li>Om du f\u00f6rs\u00f6ker f\u00e5 en or\u00e4ttvis f\u00f6rdel (ex. Stickywatt) kan du bli diskvalificerad och riskera avst\u00e4ngning fr\u00e5n framtida race i serien.<\/li>\n<li>Om du upprepade g\u00e5nger bryter mot reglerna, eller s\u00e4tter sporten i vanrykte, kan du f\u00e5 permanent avst\u00e4ngning.<\/li>\n<li>Om en cyklist f\u00e5r en varning inneb\u00e4r det att samma f\u00f6rseelse f\u00f6rv\u00e4ntas r\u00e4ttas till f\u00f6r framtida race och att liknande f\u00f6rseelse i framtiden kan leda till diskvalificering.<\/li>\n<li>Om SCF misst\u00e4nker cyklister f\u00f6r att fuska eller manipulera data kommer detta att rapporteras till UCI och Zwift och hanteras i SCF.<\/li>\n<li>Stickprov kommer utf\u00f6ras under SWE-cup och d\u00e5 kr\u00e4va ut filer (t.ex. .fit-filer med utrustningsdata) som styrker en \u00e5kares prestation.<\/li>\n<\/ul>\n<h2><strong>S\u00e5 f\u00f6rdelas po\u00e4ngen i po\u00e4ngracen<\/strong><\/h2>\n<p>I de race som k\u00f6rs som po\u00e4ng race delas f\u00f6ljande po\u00e4ng ut i varje kategori, enligt nedan. Den \u00e5kare med h\u00f6gst totalpo\u00e4ng av placering och FAL po\u00e4ng efter racet vinner racet .<\/p>\n<p><strong>Finishpoints:<\/strong><\/p>\n<table width=\"646\">\n<tbody>\n<tr>\n<td width=\"43\">1<\/td>\n<td width=\"43\">2<\/td>\n<td width=\"43\">3<\/td>\n<td width=\"43\">4<\/td>\n<td width=\"43\">5<\/td>\n<td width=\"43\">6-7<\/td>\n<td width=\"43\">8-9<\/td>\n<td width=\"43\">10-12<\/td>\n<td width=\"43\">13-16<\/td>\n<td width=\"43\">17-20<\/td>\n<td width=\"43\">21-25<\/td>\n<td width=\"43\">26-30<\/td>\n<td width=\"43\">31-35<\/td>\n<td width=\"43\">36-40<\/td>\n<td width=\"43\">41-<\/td>\n<\/tr>\n<tr>\n<td width=\"43\">40<\/td>\n<td width=\"43\">35<\/td>\n<td width=\"43\">30<\/td>\n<td width=\"43\">27<\/td>\n<td width=\"43\">24<\/td>\n<td width=\"43\">21<\/td>\n<td width=\"43\">18<\/td>\n<td width=\"43\">15<\/td>\n<td width=\"43\">12<\/td>\n<td width=\"43\">10<\/td>\n<td width=\"43\">8<\/td>\n<td width=\"43\">6<\/td>\n<td width=\"43\">4<\/td>\n<td width=\"43\">2<\/td>\n<td width=\"43\">1<\/td>\n<\/tr>\n<\/tbody>\n<\/table>\n<p><strong>FAL (f\u00f6rst \u00f6ver linjen) vid sprint och KOM-portaler:<\/strong><\/p>\n<table width=\"600\">\n<tbody>\n<tr>\n<td width=\"40\">1<\/td>\n<td width=\"40\">2<\/td>\n<td width=\"40\">3<\/td>\n<td width=\"40\">4<\/td>\n<td width=\"40\">5<\/td>\n<td width=\"40\">6<\/td>\n<td width=\"40\">7<\/td>\n<td width=\"40\">8<\/td>\n<td width=\"40\">9<\/td>\n<td width=\"40\">10<\/td>\n<\/tr>\n<tr>\n<td width=\"40\">20<\/td>\n<td width=\"40\">15<\/td>\n<td width=\"40\">10<\/td>\n<td width=\"40\">8<\/td>\n<td width=\"40\">6<\/td>\n<td width=\"40\">5<\/td>\n<td width=\"40\">4<\/td>\n<td width=\"40\">3<\/td>\n<td width=\"40\">2<\/td>\n<td width=\"40\">1<\/td>\n<\/tr>\n<\/tbody>\n<\/table>\n<h2><strong>Seriepo\u00e4ng<\/strong><\/h2>\n<ul>\n<li><strong>6 av 8 lopp r\u00e4knas i SWE Cup-totalen, varav minst ett iTT-lopp.<\/strong><\/li>\n<li>F\u00f6r varje kategori kommer f\u00f6ljande po\u00e4ng att delas ut: 1:a: 60 po\u00e4ng 2:a: 55 po\u00e4ng 3:a: 50 po\u00e4ng 4:e till 50:e placering f\u00e5r 48 ner till 2 po\u00e4ng. Alla utanf\u00f6r position 50 kommer att f\u00e5 1 po\u00e4ng f\u00f6r att delta i loppet. Resultaten kommer att presenteras p\u00e5\u00a0<em><strong>www.Zwiftpower.com<\/strong><\/em>\u00a0cyklister fr\u00e5n andra l\u00e4nder kommer att exkluderas fr\u00e5n resultatet.<\/li>\n<li>Lagt\u00e4vling. Resultat r\u00e4knas p\u00e5 de 5 fr\u00e4msta i varje lag.<\/li>\n<li>Po\u00e4ngr\u00e4kning tas ifr\u00e5n de po\u00e4ng som respektive \u00e5kare tagit i racet. T.ex.<br \/>\nVi har fem \u00e5kare i ett lag som placerar sig p\u00e5 1,4,6,7,10 plats dessa \u00e5kare f\u00e5r d\u00e5 f\u00f6ljande po\u00e4ng i race 60+48+46+45+42 = 241 po\u00e4ng i serien.<\/li>\n<\/ul>\n<h2><strong>Anm\u00e4lan<\/strong><\/h2>\n<p>Alla som har giltig licens kommer att f\u00e5 l\u00e4nk till delt\u00e4vlingarna av SWE Cup E-cycling via Cardskipper och man anm\u00e4ler sig via den. L\u00e4nken till SWE Cup E-cycling dyker i regel upp senast p\u00e5 torsdagskv\u00e4llen inf\u00f6r kommande lopp.<\/p>\n<p>&nbsp;<\/p>\n<h4>Tidigare nyheter inf\u00f6r SWE Cup E-cycling 2023\/2024:<\/h4>\n<p>2023.11.30: <a href=\"https:\/\/scf.se\/e-cycling\/2023\/11\/30\/uppdaterad-information-infor-swe-cup-starten-i-e-cycling-pa-mandag\/\">Inf\u00f6r SWE Cup-starten i E-cycling p\u00e5 m\u00e5ndag \u2013 uppdaterad information! &#8211; e-cycling &#8211; Svenska Cykelf\u00f6rbundet (scf.se)<\/a><\/p>\n<p>2023 11.02: <a href=\"https:\/\/scf.se\/e-cycling\/2023\/11\/02\/valkomna-till-swe-cup-i-e-cycling-2023-24-kolla-all-viktig-info\/\">V\u00e4lkomna till SWE Cup i E-cycling 2023\/24 \u2013 kolla in all viktig info! &#8211; e-cycling &#8211; Svenska Cykelf\u00f6rbundet (scf.se)<\/a><\/p>\n<p>&nbsp;<\/p>\n<p><em>Text: Svenska Cykelf\u00f6rbundet<\/em><\/p>\n<hr \/>\n<p><em><strong>Svenska Cykelf\u00f6rbundets grengrupp E-cycling \u00e4r stolta \u00f6ver att presentera v\u00e5ra samarbetspartners.<\/strong><\/em><\/p>\n<a href=\"https:\/\/scf.se\/e-cycling\/wp-content\/uploads\/sites\/11\/2023\/12\/Liggande-banner-E-Cycling2024_1.jpg\"><img loading=\"lazy\" decoding=\"async\" class=\"alignnone size-full wp-image-774\" src=\"https:\/\/scf.se\/e-cycling\/wp-content\/uploads\/sites\/11\/2023\/12\/Liggande-banner-E-Cycling2024_1.jpg\" alt=\"\" width=\"1200\" height=\"300\" srcset=\"https:\/\/scf.se\/e-cycling\/wp-content\/uploads\/sites\/11\/2023\/12\/Liggande-banner-E-Cycling2024_1.jpg 1200w, https:\/\/scf.se\/e-cycling\/wp-content\/uploads\/sites\/11\/2023\/12\/Liggande-banner-E-Cycling2024_1-300x75.jpg 300w, https:\/\/scf.se\/e-cycling\/wp-content\/uploads\/sites\/11\/2023\/12\/Liggande-banner-E-Cycling2024_1-1024x256.jpg 1024w, https:\/\/scf.se\/e-cycling\/wp-content\/uploads\/sites\/11\/2023\/12\/Liggande-banner-E-Cycling2024_1-768x192.jpg 768w\" sizes=\"auto, (max-width: 1200px) 100vw, 1200px\" \/><\/a>\n","protected":false},"excerpt":{"rendered":"<p>V\u00e4lkommen till Svenska Cykelf\u00f6rbundets SWE Cup presenterat av, Bauhaus, Wahoo, Enervit, Lactigo, Sportson och Swedish Zwift Riders! Nedan presenterar vi de \u00e5tta t\u00e4vlingsdagarna och vilka banor de g\u00e5r p\u00e5.\u00a0 Slutst\u00e4llning SWE Cup 2023\/2024 SWE Cup slutst\u00e4llning damer A 1 Mika S\u00f6derstr\u00f6m, Movistar eTeam 355 2 \u00c5sa Fast Berglund, SZ SCSGBG 308* 3 Johanna Tidholm,<a href=\"https:\/\/scf.se\/e-cycling\/swe-cup-e-cycling-2023-2024\/\" class=\"news-card__more\"> &#8230;<\/a><\/p>\n","protected":false},"author":30,"featured_media":834,"parent":0,"menu_order":0,"comment_status":"closed","ping_status":"closed","template":"","meta":{"_acf_changed":false,"footnotes":""},"class_list":["post-845","page","type-page","status-publish","hentry"],"acf":[],"_links":{"self":[{"href":"https:\/\/scf.se\/e-cycling\/wp-json\/wp\/v2\/pages\/845","targetHints":{"allow":["GET"]}}],"collection":[{"href":"https:\/\/scf.se\/e-cycling\/wp-json\/wp\/v2\/pages"}],"about":[{"href":"https:\/\/scf.se\/e-cycling\/wp-json\/wp\/v2\/types\/page"}],"author":[{"embeddable":true,"href":"https:\/\/scf.se\/e-cycling\/wp-json\/wp\/v2\/users\/30"}],"replies":[{"embeddable":true,"href":"https:\/\/scf.se\/e-cycling\/wp-json\/wp\/v2\/comments?post=845"}],"version-history":[{"count":3,"href":"https:\/\/scf.se\/e-cycling\/wp-json\/wp\/v2\/pages\/845\/revisions"}],"predecessor-version":[{"id":1417,"href":"https:\/\/scf.se\/e-cycling\/wp-json\/wp\/v2\/pages\/845\/revisions\/1417"}],"wp:featuredmedia":[{"embeddable":true,"href":"https:\/\/scf.se\/e-cycling\/wp-json\/wp\/v2\/media\/834"}],"wp:attachment":[{"href":"https:\/\/scf.se\/e-cycling\/wp-json\/wp\/v2\/media?parent=845"}],"curies":[{"name":"wp","href":"https:\/\/api.w.org\/{rel}","templated":true}]}}