
{"id":18,"date":"2025-12-08T08:36:02","date_gmt":"2025-12-08T07:36:02","guid":{"rendered":"http:\/\/scf.se\/e-cycling\/?page_id=18"},"modified":"2026-02-11T10:54:22","modified_gmt":"2026-02-11T09:54:22","slug":"sm","status":"publish","type":"page","link":"https:\/\/scf.se\/e-cycling\/event\/sm\/","title":{"rendered":"SM i E-cycling"},"content":{"rendered":"<p>SM i e-cycling 2026 kommer att arrangeras i Ume\u00e5 under SM-veckan vinter.<\/p>\n<h3><strong>Regler f\u00f6r SM<\/strong><\/h3>\n<p>Regler f\u00f6r SM kommuniceras varje \u00e5r inf\u00f6r t\u00e4vlingarna i SCF:s nyhetskanaler.<\/p>\n","protected":false},"excerpt":{"rendered":"<p>SM i e-cycling 2026 kommer att arrangeras i Ume\u00e5 under SM-veckan vinter. Regler f\u00f6r SM Regler f\u00f6r SM kommuniceras varje \u00e5r inf\u00f6r t\u00e4vlingarna i SCF:s nyhetskanaler.<\/p>\n","protected":false},"author":41,"featured_media":0,"parent":7,"menu_order":0,"comment_status":"closed","ping_status":"closed","template":"","meta":{"_acf_changed":false,"footnotes":""},"class_list":["post-18","page","type-page","status-publish","hentry"],"acf":[],"_links":{"self":[{"href":"https:\/\/scf.se\/e-cycling\/wp-json\/wp\/v2\/pages\/18","targetHints":{"allow":["GET"]}}],"collection":[{"href":"https:\/\/scf.se\/e-cycling\/wp-json\/wp\/v2\/pages"}],"about":[{"href":"https:\/\/scf.se\/e-cycling\/wp-json\/wp\/v2\/types\/page"}],"author":[{"embeddable":true,"href":"https:\/\/scf.se\/e-cycling\/wp-json\/wp\/v2\/users\/41"}],"replies":[{"embeddable":true,"href":"https:\/\/scf.se\/e-cycling\/wp-json\/wp\/v2\/comments?post=18"}],"version-history":[{"count":5,"href":"https:\/\/scf.se\/e-cycling\/wp-json\/wp\/v2\/pages\/18\/revisions"}],"predecessor-version":[{"id":2018,"href":"https:\/\/scf.se\/e-cycling\/wp-json\/wp\/v2\/pages\/18\/revisions\/2018"}],"up":[{"embeddable":true,"href":"https:\/\/scf.se\/e-cycling\/wp-json\/wp\/v2\/pages\/7"}],"wp:attachment":[{"href":"https:\/\/scf.se\/e-cycling\/wp-json\/wp\/v2\/media?parent=18"}],"curies":[{"name":"wp","href":"https:\/\/api.w.org\/{rel}","templated":true}]}}

<p>SM i e-cycling 2026 kommer att arrangeras i Umeå under SM-veckan vinter.</p>
<h3><strong>Regler för SM</strong></h3>
<p>Regler för SM kommuniceras varje år inför tävlingarna i SCF:s nyhetskanaler.</p>

<p>SM i e-cycling 2026 kommer att arrangeras i Umeå under SM-veckan vinter. Regler för SM Regler för SM kommuniceras varje år inför tävlingarna i SCF:s nyhetskanaler.</p>
