
{"id":415,"date":"2026-05-04T21:23:55","date_gmt":"2026-05-04T19:23:55","guid":{"rendered":"https:\/\/scf.se\/distrikt-vastmanland\/?page_id=415"},"modified":"2026-05-04T22:15:34","modified_gmt":"2026-05-04T20:15:34","slug":"vastmanlands-cup-2026","status":"publish","type":"page","link":"https:\/\/scf.se\/distrikt-vastmanland\/vastmanlands-cup-2\/vastmanlands-cup-2026\/","title":{"rendered":"V\u00e4stmanlands Cup 2026"},"content":{"rendered":"<p style=\"text-align: left\">OBS! Om du anv\u00e4nder en mobil f\u00f6r att se p\u00e5 sidan s\u00e5 kan du beh\u00f6va rotera telefonen 90 grader f\u00f6r att kunna se alla inbjudningar och resultat.<\/p>\n<h2>Program f\u00f6r V\u00e4stmanlands Cup 2026<\/h2>\n<table width=\"558\">\n<tbody>\n<tr>\n<td width=\"210\"><strong>Datum<\/strong><\/td>\n<td width=\"52\"><strong>Gren<\/strong><\/td>\n<td width=\"135\"><strong>Klubb<\/strong><\/td>\n<td width=\"121\"><strong>Inbjudan<\/strong><\/td>\n<td width=\"121\"><strong>Resultat<\/strong><\/td>\n<\/tr>\n<tr>\n<td width=\"190\">S\u00f6ndag 24 maj<\/td>\n<td width=\"52\">MTB<\/td>\n<td width=\"121\">Skultuna AIK<\/td>\n<td width=\"121\"><a href=\"https:\/\/scf.se\/distrikt-vastmanland\/wp-content\/uploads\/sites\/14\/2026\/05\/2026-Inbjudan-V-Cup-MTB-Skultuna.pdf\">Inbjudan<\/a><\/td>\n<td width=\"121\"><\/td>\n<\/tr>\n<tr>\n<td width=\"190\">.<\/td>\n<td width=\"52\"><\/td>\n<td width=\"121\"><\/td>\n<td width=\"121\"><\/td>\n<td width=\"121\"><\/td>\n<\/tr>\n<tr>\n<td width=\"190\">S\u00f6ndag 16 augusti<\/td>\n<td width=\"52\">MTB<\/td>\n<td width=\"121\">Norbergs CK<\/td>\n<td width=\"121\"><\/td>\n<td width=\"121\"><\/td>\n<\/tr>\n<tr>\n<td width=\"190\">S\u00f6ndag 30 augusti<\/td>\n<td width=\"52\">MTB<\/td>\n<td width=\"121\">IFK Sala<\/td>\n<td width=\"121\"><\/td>\n<td width=\"121\"><\/td>\n<\/tr>\n<tr>\n<td width=\"190\">S\u00f6ndag 6 september<\/td>\n<td width=\"52\">LVG<\/td>\n<td width=\"121\">V\u00e4ster\u00e5s CK<\/td>\n<td width=\"121\"><\/td>\n<td width=\"121\"><\/td>\n<\/tr>\n<tr>\n<td width=\"190\">S\u00f6ndag 13 september<\/td>\n<td width=\"52\">MTB<\/td>\n<td width=\"121\">V\u00e4ster\u00e5s CK<\/td>\n<td width=\"121\"><\/td>\n<td width=\"121\"><\/td>\n<\/tr>\n<tr>\n<td width=\"190\">S\u00f6ndag 20 september<\/td>\n<td width=\"52\">MTB<\/td>\n<td width=\"121\">G\u00e4ddeholms SC<\/td>\n<td width=\"121\"><\/td>\n<td width=\"121\"><\/td>\n<\/tr>\n<\/tbody>\n<\/table>\n<h2>Sammanlagt cupresultat<\/h2>\n<p>H\u00e4r presenteras det sammanlagda cupresultatet efter varje delt\u00e4vling. T\u00e4nk p\u00e5 att det \u00e4r fem delt\u00e4vlingar av sex som r\u00e4knas i slutresultatet enligt reglerna.<\/p>\n","protected":false},"excerpt":{"rendered":"<p>OBS! Om du anv\u00e4nder en mobil f\u00f6r att se p\u00e5 sidan s\u00e5 kan du beh\u00f6va rotera telefonen 90 grader f\u00f6r att kunna se alla inbjudningar och resultat. Program f\u00f6r V\u00e4stmanlands Cup 2026 Datum Gren Klubb Inbjudan Resultat S\u00f6ndag 24 maj MTB Skultuna AIK Inbjudan . S\u00f6ndag 16 augusti MTB Norbergs CK S\u00f6ndag 30 augusti<a href=\"https:\/\/scf.se\/distrikt-vastmanland\/vastmanlands-cup-2\/vastmanlands-cup-2026\/\" class=\"news-card__more\"> &#8230;<\/a><\/p>\n","protected":false},"author":47,"featured_media":403,"parent":133,"menu_order":7,"comment_status":"closed","ping_status":"closed","template":"","meta":{"_acf_changed":false,"footnotes":""},"class_list":["post-415","page","type-page","status-publish","hentry"],"acf":[],"_links":{"self":[{"href":"https:\/\/scf.se\/distrikt-vastmanland\/wp-json\/wp\/v2\/pages\/415","targetHints":{"allow":["GET"]}}],"collection":[{"href":"https:\/\/scf.se\/distrikt-vastmanland\/wp-json\/wp\/v2\/pages"}],"about":[{"href":"https:\/\/scf.se\/distrikt-vastmanland\/wp-json\/wp\/v2\/types\/page"}],"author":[{"embeddable":true,"href":"https:\/\/scf.se\/distrikt-vastmanland\/wp-json\/wp\/v2\/users\/47"}],"replies":[{"embeddable":true,"href":"https:\/\/scf.se\/distrikt-vastmanland\/wp-json\/wp\/v2\/comments?post=415"}],"version-history":[{"count":6,"href":"https:\/\/scf.se\/distrikt-vastmanland\/wp-json\/wp\/v2\/pages\/415\/revisions"}],"predecessor-version":[{"id":428,"href":"https:\/\/scf.se\/distrikt-vastmanland\/wp-json\/wp\/v2\/pages\/415\/revisions\/428"}],"up":[{"embeddable":true,"href":"https:\/\/scf.se\/distrikt-vastmanland\/wp-json\/wp\/v2\/pages\/133"}],"wp:featuredmedia":[{"embeddable":true,"href":"https:\/\/scf.se\/distrikt-vastmanland\/wp-json\/wp\/v2\/media\/403"}],"wp:attachment":[{"href":"https:\/\/scf.se\/distrikt-vastmanland\/wp-json\/wp\/v2\/media?parent=415"}],"curies":[{"name":"wp","href":"https:\/\/api.w.org\/{rel}","templated":true}]}}