
{"id":26,"date":"2023-01-02T11:36:46","date_gmt":"2023-01-02T10:36:46","guid":{"rendered":"https:\/\/scf.se\/distrikt-vastmanland\/?page_id=26"},"modified":"2023-03-19T19:20:39","modified_gmt":"2023-03-19T18:20:39","slug":"kontakt","status":"publish","type":"page","link":"https:\/\/scf.se\/distrikt-vastmanland\/kontakt\/","title":{"rendered":"Kontakta oss"},"content":{"rendered":"<p>E-post: <a href=\"mailto:vastmanlandscf@scf.se\">vastmanlandscf@scf.se<\/a><\/p>\n<p><a href=\"https:\/\/www.facebook.com\/vastmanlandscykelforbund\">Facebook<\/a><br \/>\n<a href=\"https:\/\/www.facebook.com\/groups\/228037291110901\/\">Facebook f\u00f6r f\u00f6reningar<\/a><\/p>\n<p>Pontus Wid\u00e9ns V\u00e4g 18<br \/>\n722 23 V\u00e4ster\u00e5s<\/p>\n","protected":false},"excerpt":{"rendered":"<p>E-post: vastmanlandscf@scf.se Facebook Facebook f\u00f6r f\u00f6reningar Pontus Wid\u00e9ns V\u00e4g 18 722 23 V\u00e4ster\u00e5s<\/p>\n","protected":false},"author":46,"featured_media":87,"parent":0,"menu_order":0,"comment_status":"closed","ping_status":"closed","template":"","meta":{"_acf_changed":false,"footnotes":""},"class_list":["post-26","page","type-page","status-publish","hentry"],"acf":[],"_links":{"self":[{"href":"https:\/\/scf.se\/distrikt-vastmanland\/wp-json\/wp\/v2\/pages\/26","targetHints":{"allow":["GET"]}}],"collection":[{"href":"https:\/\/scf.se\/distrikt-vastmanland\/wp-json\/wp\/v2\/pages"}],"about":[{"href":"https:\/\/scf.se\/distrikt-vastmanland\/wp-json\/wp\/v2\/types\/page"}],"author":[{"embeddable":true,"href":"https:\/\/scf.se\/distrikt-vastmanland\/wp-json\/wp\/v2\/users\/46"}],"replies":[{"embeddable":true,"href":"https:\/\/scf.se\/distrikt-vastmanland\/wp-json\/wp\/v2\/comments?post=26"}],"version-history":[{"count":0,"href":"https:\/\/scf.se\/distrikt-vastmanland\/wp-json\/wp\/v2\/pages\/26\/revisions"}],"wp:featuredmedia":[{"embeddable":true,"href":"https:\/\/scf.se\/distrikt-vastmanland\/wp-json\/wp\/v2\/media\/87"}],"wp:attachment":[{"href":"https:\/\/scf.se\/distrikt-vastmanland\/wp-json\/wp\/v2\/media?parent=26"}],"curies":[{"name":"wp","href":"https:\/\/api.w.org\/{rel}","templated":true}]}}