
{"id":74,"date":"2023-03-28T14:24:45","date_gmt":"2023-03-28T12:24:45","guid":{"rendered":"https:\/\/scf.se\/distrikt-uppland\/?page_id=74"},"modified":"2023-09-11T20:47:22","modified_gmt":"2023-09-11T18:47:22","slug":"resultat-upplands-cup-lvg-2023","status":"publish","type":"page","link":"https:\/\/scf.se\/distrikt-uppland\/resultat-upplands-cup-lvg-2023\/","title":{"rendered":"Resultat Upplands Cup Lvg 2023"},"content":{"rendered":"<p><strong>Sammanst\u00e4llning av 2023 \u00e5rs Upplands cup Lvg:<\/strong><\/p>\n<p><a href=\"https:\/\/scf.se\/distrikt-uppland\/wp-content\/uploads\/sites\/15\/2023\/09\/Upplands-Cup-Lvg-Tempocupen-Slutstallning-2023.pdf\">Upplands Cup Lvg Tempocupen Slutst\u00e4llning 2023<\/a><\/p>\n<p><a href=\"https:\/\/scf.se\/distrikt-uppland\/wp-content\/uploads\/sites\/15\/2023\/09\/Upplands-Cup-Lvg-Linjecupen-Slutstallning-2023.pdf\">Upplands Cup Lvg Linjecupen Slutst\u00e4llning 2023<\/a><\/p>\n<p><a href=\"https:\/\/scf.se\/distrikt-uppland\/wp-content\/uploads\/sites\/15\/2023\/09\/Upplands-Cup-Lvg-Klubb-Slutstallning-2023.pdf\">Upplands Cup Lvg Klubb Slutst\u00e4llning 2023<\/a><\/p>\n<p><strong>Resultatlistor i NytaTime f\u00f6r alla \u00e5rets omg\u00e5ngar:<\/strong><\/p>\n<p><a href=\"https:\/\/ext.nytatime.se\/race\/?race=4vTwwg7C3Qo9LYkLD\">Omg\u00e5ng 18 Arlanda Testtrack GP Jaktstart 2023-08-29<\/a><\/p>\n<p><a href=\"https:\/\/ext.nytatime.se\/race\/?race=KDsGEspHwrLkTZBxv\">Omg\u00e5ng 17 Hakunge bergstempo 12,5 km 2023-08-23<\/a><\/p>\n<p><a href=\"https:\/\/ext.nytatime.se\/race\/?race=iXRzkgZMGk9umNczk\">Omg\u00e5ng 16 Skattmans\u00f6 linje 2023-08-16<\/a><\/p>\n<p><a href=\"https:\/\/ext.nytatime.se\/race\/?race=bWry4QQzXwZiyMPp5\">Omg\u00e5ng 15 Hj\u00e4lsta tempo 28 km 2023-08-09<\/a><\/p>\n<p><a href=\"https:\/\/ext.nytatime.se\/race\/?race=5CdrDbFRxErTJ6QSF\">Omg\u00e5ng 14 Knivsta GP 2023-08-02<\/a><\/p>\n<p><a href=\"https:\/\/scf.se\/distrikt-uppland\/wp-content\/uploads\/sites\/15\/2023\/07\/Resultatlista-DM-linje-Upplands-CF-2023-06-28.pdf\">Resultatlista DM linje Upplands CF 2023-06-28<\/a><\/p>\n<p><a href=\"https:\/\/ext.nytatime.se\/race\/?race=Znad3GZxP6qaroqvz\">Omg\u00e5ng 13 Loh\u00e4rad linje 2023-06-28<\/a><\/p>\n<p><a href=\"https:\/\/scf.se\/distrikt-uppland\/wp-content\/uploads\/sites\/15\/2023\/06\/Resultatlista-DM-tempo-Upplands-CF-2023-06-21.pdf\">Resultatlista DM tempo Upplands CF 2023-06-21<\/a><\/p>\n<p><a href=\"https:\/\/ext.nytatime.se\/race\/?race=NSZnPQKTZuHwNTFcL\">Omg\u00e5ng 12 Danmarks tempo 25,6 km 2023-06-21<\/a><\/p>\n<p><a href=\"https:\/\/ext.nytatime.se\/race\/?race=eM3E3qhLZxak2mD45\">Omg\u00e5ng 11 S\u00f6derfors partempo\/tempo 24 km 2023-06-14<\/a><\/p>\n<p>Omg\u00e5ng 10 R\u00f6rkens GP &#8211; Inst\u00e4llt pga. f\u00f6r h\u00f6g kostnad f\u00f6r banan<\/p>\n<p><a href=\"https:\/\/ext.nytatime.se\/race\/?race=8FE46eGuiHqwCWf6g\">Omg\u00e5ng 9 Vallbytempo 18 km 2023-05-31<\/a><\/p>\n<p><a href=\"https:\/\/ext.nytatime.se\/race\/?race=jzoN73Tc5vqdo6esN\">Omg\u00e5ng 8 Torvalla GP 2023-05-24<\/a><\/p>\n<p><a href=\"https:\/\/ext.nytatime.se\/race\/?race=2MXc6FwCx82rstv6w\">Omg\u00e5ng 7 Bj\u00f6rklinge tempo 30 km 2023-05-17<\/a><\/p>\n<p><a href=\"https:\/\/ext.nytatime.se\/race\/?race=E9avenqqzsJxqjBwh\">Omg\u00e5ng 6 Karby tempo 20 km 2023-05-10<\/a><\/p>\n<p><a href=\"https:\/\/www.sportstiming.se\/event\/12552\">Omg\u00e5ng 5 Arlanda Reverse GP 2023-05-03<\/a><\/p>\n<p>Omg\u00e5ng 4 L\u00f6vstal\u00f6t tempo 20 km 2023-04-26 &#8211; Inst\u00e4lld pga. f\u00f6r h\u00f6g kostnad f\u00f6r skyltning<\/p>\n<p><a href=\"https:\/\/ext.nytatime.se\/race\/?race=yFndSbzTLp99tkiGu\">Omg\u00e5ng 3 Arlanda Testtrack GP 2023-04-18<\/a><\/p>\n<p><a href=\"https:\/\/ext.nytatime.se\/race\/?race=sYYcxM7QNiTCkmSBu\">Omg\u00e5ng 2 Lunda tempo 21 km 2023-04-12<\/a><\/p>\n<p>Omg\u00e5ng 1 Odensala tempo 16,8 km 2023-04-05 &#8211; Inst\u00e4lld pga. sn\u00f6 och kyla<\/p>\n","protected":false},"excerpt":{"rendered":"<p>Sammanst\u00e4llning av 2023 \u00e5rs Upplands cup Lvg: Upplands Cup Lvg Tempocupen Slutst\u00e4llning 2023 Upplands Cup Lvg Linjecupen Slutst\u00e4llning 2023 Upplands Cup Lvg Klubb Slutst\u00e4llning 2023 Resultatlistor i NytaTime f\u00f6r alla \u00e5rets omg\u00e5ngar: Omg\u00e5ng 18 Arlanda Testtrack GP Jaktstart 2023-08-29 Omg\u00e5ng 17 Hakunge bergstempo 12,5 km 2023-08-23 Omg\u00e5ng 16 Skattmans\u00f6 linje 2023-08-16 Omg\u00e5ng 15 Hj\u00e4lsta<a href=\"https:\/\/scf.se\/distrikt-uppland\/resultat-upplands-cup-lvg-2023\/\" class=\"news-card__more\"> &#8230;<\/a><\/p>\n","protected":false},"author":48,"featured_media":0,"parent":0,"menu_order":0,"comment_status":"closed","ping_status":"closed","template":"","meta":{"_acf_changed":false,"footnotes":""},"class_list":["post-74","page","type-page","status-publish","hentry"],"acf":[],"_links":{"self":[{"href":"https:\/\/scf.se\/distrikt-uppland\/wp-json\/wp\/v2\/pages\/74","targetHints":{"allow":["GET"]}}],"collection":[{"href":"https:\/\/scf.se\/distrikt-uppland\/wp-json\/wp\/v2\/pages"}],"about":[{"href":"https:\/\/scf.se\/distrikt-uppland\/wp-json\/wp\/v2\/types\/page"}],"author":[{"embeddable":true,"href":"https:\/\/scf.se\/distrikt-uppland\/wp-json\/wp\/v2\/users\/48"}],"replies":[{"embeddable":true,"href":"https:\/\/scf.se\/distrikt-uppland\/wp-json\/wp\/v2\/comments?post=74"}],"version-history":[{"count":0,"href":"https:\/\/scf.se\/distrikt-uppland\/wp-json\/wp\/v2\/pages\/74\/revisions"}],"wp:attachment":[{"href":"https:\/\/scf.se\/distrikt-uppland\/wp-json\/wp\/v2\/media?parent=74"}],"curies":[{"name":"wp","href":"https:\/\/api.w.org\/{rel}","templated":true}]}}