
{"id":7,"date":"2023-01-02T11:40:43","date_gmt":"2023-01-02T10:40:43","guid":{"rendered":"https:\/\/scf.se\/distrikt-uppland\/?page_id=7"},"modified":"2023-01-23T17:23:44","modified_gmt":"2023-01-23T16:23:44","slug":"utbildningar","status":"publish","type":"page","link":"https:\/\/scf.se\/distrikt-uppland\/utbildningar\/","title":{"rendered":"Utbildningar"},"content":{"rendered":"<p><em>Svensk cykelsport beh\u00f6ver engagerade personer som vill utbilda sig till tr\u00e4nare, ledare, kommissarie och t\u00e4vlingsledare, mekaniker, mass\u00f6r med flera. F\u00f6reningar kan s\u00f6ka medel ur Projektst\u00f6d IF f\u00f6r att deras medlemmar ska kunna delta i en avgiftsbelagd ungdomsledarutbildning.\u00a0<\/em><\/p>\n<p>L\u00e4s mer om utbildningar <a href=\"https:\/\/scf.se\/forbundet\/utbildning\/\">h\u00e4r<\/a><\/p>\n","protected":false},"excerpt":{"rendered":"<p>Svensk cykelsport beh\u00f6ver engagerade personer som vill utbilda sig till tr\u00e4nare, ledare, kommissarie och t\u00e4vlingsledare, mekaniker, mass\u00f6r med flera. F\u00f6reningar kan s\u00f6ka medel ur Projektst\u00f6d IF f\u00f6r att deras medlemmar ska kunna delta i en avgiftsbelagd ungdomsledarutbildning.\u00a0 L\u00e4s mer om utbildningar h\u00e4r<\/p>\n","protected":false},"author":46,"featured_media":0,"parent":0,"menu_order":0,"comment_status":"closed","ping_status":"closed","template":"","meta":{"_acf_changed":false,"footnotes":""},"class_list":["post-7","page","type-page","status-publish","hentry"],"acf":[],"_links":{"self":[{"href":"https:\/\/scf.se\/distrikt-uppland\/wp-json\/wp\/v2\/pages\/7","targetHints":{"allow":["GET"]}}],"collection":[{"href":"https:\/\/scf.se\/distrikt-uppland\/wp-json\/wp\/v2\/pages"}],"about":[{"href":"https:\/\/scf.se\/distrikt-uppland\/wp-json\/wp\/v2\/types\/page"}],"author":[{"embeddable":true,"href":"https:\/\/scf.se\/distrikt-uppland\/wp-json\/wp\/v2\/users\/46"}],"replies":[{"embeddable":true,"href":"https:\/\/scf.se\/distrikt-uppland\/wp-json\/wp\/v2\/comments?post=7"}],"version-history":[{"count":0,"href":"https:\/\/scf.se\/distrikt-uppland\/wp-json\/wp\/v2\/pages\/7\/revisions"}],"wp:attachment":[{"href":"https:\/\/scf.se\/distrikt-uppland\/wp-json\/wp\/v2\/media?parent=7"}],"curies":[{"name":"wp","href":"https:\/\/api.w.org\/{rel}","templated":true}]}}