
{"id":376,"date":"2025-03-28T20:11:04","date_gmt":"2025-03-28T19:11:04","guid":{"rendered":"https:\/\/scf.se\/distrikt-uppland\/?page_id=376"},"modified":"2025-11-24T13:47:50","modified_gmt":"2025-11-24T12:47:50","slug":"resultat-upplands-cup-mtb-2025","status":"publish","type":"page","link":"https:\/\/scf.se\/distrikt-uppland\/resultat-upplands-cup-mtb-2025\/","title":{"rendered":"Resultat Upplands Cup MTB 2025"},"content":{"rendered":"<p><strong>Sammanst\u00e4llning av 2025 \u00e5rs Upplands cup MTB:<\/strong><\/p>\n<p><a href=\"https:\/\/scf.se\/distrikt-uppland\/wp-content\/uploads\/sites\/15\/2025\/11\/Upplands-Cup-MTB-2025-Sammanstallning.pdf\">Upplands Cup MTB 2025 Sammanst\u00e4llning<\/a><\/p>\n<p><a href=\"https:\/\/scf.se\/distrikt-uppland\/wp-content\/uploads\/sites\/15\/2025\/11\/Upplands-Cup-MTB-2025-Ungdom-och-Klubb-Slutstallning.pdf\">Upplands Cup MTB 2025 Ungdom och Klubb Slutst\u00e4llning<\/a><\/p>\n<p><strong>Resultatlistor i NytaTime f\u00f6r alla \u00e5rets omg\u00e5ngar:<\/strong><\/p>\n<p><a href=\"https:\/\/ext.nytatime.se\/race\/?race=dbWAFSxm5je9tx33T\">Knivsta MTB 2025-09-06<\/a><\/p>\n<p><a href=\"https:\/\/ext.nytatime.se\/race\/?race=zwJNCXqsTGyMAhBvv\">Sunnersta MTB 2025-08-28<\/a><\/p>\n<p><a href=\"https:\/\/ext.nytatime.se\/race\/?race=6FB5faAxpHFiWyafX\">Viby MTB 2025-08-21<\/a><\/p>\n<p><a href=\"https:\/\/ext.nytatime.se\/race\/?race=eewb8b3y3XT68gjrx\">Pinbacken MTB 2025-08-14<\/a><\/p>\n<p><a href=\"https:\/\/scf.se\/distrikt-uppland\/wp-content\/uploads\/sites\/15\/2025\/06\/Resultatlista-DM-MTB-Upplands-CF-2025-06-26.pdf\">Resultatlista DM MTB Upplands CF 2025-06-26<\/a><\/p>\n<p><a href=\"https:\/\/ext.nytatime.se\/race\/?race=2RSXQ8JCKJuAjwmdM\">Bj\u00f6rklinge MTB 2025-06-26<\/a><\/p>\n<p><a href=\"https:\/\/ext.nytatime.se\/race\/?race=MTdKm3jujfvuKRFXk\">H\u00e4ver\u00f6dals MTB 2025-06-17<\/a><\/p>\n<p>\u00d6sthammars MTB 2025-06-05 &#8211; Inst\u00e4llt<\/p>\n<p><a href=\"https:\/\/ext.nytatime.se\/race\/?race=ZfSTc3NvwHGHwAAJt\">L\u00f6vstal\u00f6t MTB 2025-05-27<\/a><\/p>\n<p><a href=\"https:\/\/ext.nytatime.se\/race\/?race=c24GytF9g8rbvnwvN\">Kvisthamra MTB 2025-05-15<\/a><\/p>\n<p><a href=\"https:\/\/ext.nytatime.se\/race\/?race=JjALwC3FJqHKTHbes\">Sigtuna MTB 2025-05-08<\/a><\/p>\n<p><a href=\"https:\/\/ext.nytatime.se\/race\/?race=RZJppbZLq2ofihHoc\">Enk\u00f6pings MTB 2025-04-24<\/a><\/p>\n","protected":false},"excerpt":{"rendered":"<p>Sammanst\u00e4llning av 2025 \u00e5rs Upplands cup MTB: Upplands Cup MTB 2025 Sammanst\u00e4llning Upplands Cup MTB 2025 Ungdom och Klubb Slutst\u00e4llning Resultatlistor i NytaTime f\u00f6r alla \u00e5rets omg\u00e5ngar: Knivsta MTB 2025-09-06 Sunnersta MTB 2025-08-28 Viby MTB 2025-08-21 Pinbacken MTB 2025-08-14 Resultatlista DM MTB Upplands CF 2025-06-26 Bj\u00f6rklinge MTB 2025-06-26 H\u00e4ver\u00f6dals MTB 2025-06-17 \u00d6sthammars MTB 2025-06-05<a href=\"https:\/\/scf.se\/distrikt-uppland\/resultat-upplands-cup-mtb-2025\/\" class=\"news-card__more\"> &#8230;<\/a><\/p>\n","protected":false},"author":48,"featured_media":0,"parent":0,"menu_order":0,"comment_status":"closed","ping_status":"closed","template":"","meta":{"_acf_changed":false,"footnotes":""},"class_list":["post-376","page","type-page","status-publish","hentry"],"acf":[],"_links":{"self":[{"href":"https:\/\/scf.se\/distrikt-uppland\/wp-json\/wp\/v2\/pages\/376","targetHints":{"allow":["GET"]}}],"collection":[{"href":"https:\/\/scf.se\/distrikt-uppland\/wp-json\/wp\/v2\/pages"}],"about":[{"href":"https:\/\/scf.se\/distrikt-uppland\/wp-json\/wp\/v2\/types\/page"}],"author":[{"embeddable":true,"href":"https:\/\/scf.se\/distrikt-uppland\/wp-json\/wp\/v2\/users\/48"}],"replies":[{"embeddable":true,"href":"https:\/\/scf.se\/distrikt-uppland\/wp-json\/wp\/v2\/comments?post=376"}],"version-history":[{"count":17,"href":"https:\/\/scf.se\/distrikt-uppland\/wp-json\/wp\/v2\/pages\/376\/revisions"}],"predecessor-version":[{"id":516,"href":"https:\/\/scf.se\/distrikt-uppland\/wp-json\/wp\/v2\/pages\/376\/revisions\/516"}],"wp:attachment":[{"href":"https:\/\/scf.se\/distrikt-uppland\/wp-json\/wp\/v2\/media?parent=376"}],"curies":[{"name":"wp","href":"https:\/\/api.w.org\/{rel}","templated":true}]}}