
{"id":497,"date":"2020-10-06T14:49:30","date_gmt":"2020-10-06T12:49:30","guid":{"rendered":"http:\/\/scf.se\/cykelcross\/?page_id=497"},"modified":"2020-10-06T16:19:55","modified_gmt":"2020-10-06T14:19:55","slug":"landslagsprogram-cx-2020","status":"publish","type":"page","link":"https:\/\/scf.se\/cykelcross\/landslagsprogram-cx-2020\/","title":{"rendered":"Landslagsprogram CX 2020"},"content":{"rendered":"<p>7-8 november 2020 &#8211; EM <a href=\"https:\/\/www.ek-veldrijden.nl\/en\/\">(UEC European cyclocross championships)<\/a> s\u00b4Hertogenbusch, Nederl\u00e4nderna<\/p>\n<p>&nbsp;<\/p>\n<p><b>LANDSLAGET CYKELCROSS<\/b><\/p>\n<p><strong>M\u00e5ls\u00e4ttning<\/strong><\/p>\n<p><span data-contrast=\"none\">Svenska Cykelf\u00f6rbundets huvudm\u00e5l f\u00f6r cykelcross 2020\/2021 \u00e4r fortsatt att ta topp<\/span><span data-contrast=\"none\">\u00a0<\/span><span data-contrast=\"none\">20 placeringar p\u00e5 internationella m\u00e4sterskap samt att satsa p\u00e5 junior, U23 och yngre elit\u00e5kare som har potential att uppn\u00e5 detta m\u00e5l i framtiden.<\/span><span data-ccp-props=\"{&quot;201341983&quot;:0,&quot;335559739&quot;:160,&quot;335559740&quot;:288}\">\u00a0<\/span><\/p>\n<p><span data-contrast=\"none\">M\u00e4sterskapen kommer inte\u00a0<\/span><span data-contrast=\"none\">att\u00a0<\/span><span data-contrast=\"none\">vara till f\u00f6r att samla internationell erfarenhet utan framf\u00f6rallt fokusera p\u00e5 att f\u00e5 framskjutna placeringar.<\/span><span data-ccp-props=\"{&quot;201341983&quot;:0,&quot;335559739&quot;:160,&quot;335559740&quot;:288}\">\u00a0<\/span><\/p>\n<p>&nbsp;<\/p>\n<p><strong>UTTAGNINGSKRITERIER\u00a0 2020\/2021<\/strong><\/p>\n<p><strong>U23 &amp; Elit<\/strong><\/p>\n<p><span data-contrast=\"none\">F\u00f6r att vara aktuell till EM ska man\u00a0<\/span><span data-contrast=\"none\">ha\u00a0<\/span><span data-contrast=\"none\">k\u00f6rt minst en t\u00e4vling med UCI-status C<\/span><span data-contrast=\"none\">2<\/span><span data-contrast=\"none\">\u00a0eller h\u00f6gre f\u00f6re den\u00a0<\/span><span data-contrast=\"none\">18<\/span><span data-contrast=\"none\">\u00a0oktober s\u00e4songen 2020\/202<\/span><span data-contrast=\"none\">1<\/span><span data-contrast=\"none\">. Placering, motst\u00e5nd och tid efter segrare kommer\u00a0<\/span><span data-contrast=\"none\">att\u00a0<\/span><span data-contrast=\"none\">tas i beaktning.<\/span><span data-ccp-props=\"{&quot;201341983&quot;:0,&quot;335559739&quot;:160,&quot;335559740&quot;:288}\">\u00a0<\/span><\/p>\n<p><span data-contrast=\"none\">Ut\u00f6ver denna t\u00e4vling kommer jag \u00e4ven\u00a0<\/span><span data-contrast=\"none\">att\u00a0<\/span><span data-contrast=\"none\">beakta resultaten i SWE-cup och CX-pokalen, UCI-ranking, formkurva.<\/span><\/p>\n<p><strong><br \/>\nJunior<\/strong><\/p>\n<p><span data-contrast=\"none\">Ett minimikrav f\u00f6r att vara aktuell f\u00f6r uppdraget \u00e4r att man\u00a0<\/span><span data-contrast=\"none\">har\u00a0<\/span><span data-contrast=\"none\">k\u00f6rt samtliga SWE-cups<\/span><span data-contrast=\"none\">,\u00a0<\/span><span data-contrast=\"none\">alternativt\u00a0<\/span><span data-contrast=\"none\">t\u00e4vling med minst UCI-<\/span><span data-contrast=\"none\">sta<\/span><span data-contrast=\"none\">t<\/span><span data-contrast=\"none\">us<\/span><span data-contrast=\"none\">\u00a0C2 om det\u00a0<\/span><span data-contrast=\"none\">krockar<\/span><span data-contrast=\"none\">. Internationell erfarenhet och UCI<\/span><span data-contrast=\"none\">&#8211;<\/span><span data-contrast=\"none\">ranking kan anv\u00e4ndas f\u00f6r att skilja \u00e5kare \u00e5t.<\/span><span data-ccp-props=\"{&quot;201341983&quot;:0,&quot;335559739&quot;:160,&quot;335559740&quot;:288}\">\u00a0<\/span><\/p>\n<p><span data-contrast=\"none\">Transport till och fr\u00e5n\u00a0<\/span><span data-contrast=\"none\">Nederl\u00e4nderna\u00a0<\/span><span data-contrast=\"none\">samt mat kommer att beh\u00f6va<\/span><span data-contrast=\"none\">\u00a0<\/span><span data-contrast=\"none\">bekostas av den aktive.<\/span><span data-ccp-props=\"{&quot;201341983&quot;:0,&quot;335559739&quot;:160,&quot;335559740&quot;:288}\">\u00a0<\/span><\/p>\n<p><span data-contrast=\"none\">Uppdraget planeras\u00a0<\/span><span data-contrast=\"none\">att\u00a0<\/span><span data-contrast=\"none\">p\u00e5g\u00e5 mellan den\u00a0<\/span><span data-contrast=\"none\">4\u00a0<\/span><span data-contrast=\"none\">\u2013\u00a0<\/span><span data-contrast=\"none\">8<\/span><span data-contrast=\"none\">\u00a0november<\/span><span data-contrast=\"none\">.<\/span><span data-ccp-props=\"{&quot;201341983&quot;:0,&quot;335559739&quot;:160,&quot;335559740&quot;:288}\">\u00a0<\/span><\/p>\n<p><span data-contrast=\"none\">Truppen presenteras vecka 4<\/span><span data-contrast=\"none\">3<\/span><span data-contrast=\"none\">.<\/span><span data-ccp-props=\"{&quot;201341983&quot;:0,&quot;335559739&quot;:160,&quot;335559740&quot;:288}\">\u00a0<\/span><\/p>\n<p><span data-contrast=\"none\">Vid fr\u00e5gor avseende ovanst\u00e5ende<\/span><span data-contrast=\"none\">\u00a0kontakta\u00a0<\/span><span data-contrast=\"none\">Dennis Wahlqvist<\/span><span data-contrast=\"none\">, f<\/span><span data-contrast=\"none\">\u00f6rbundskapten CX,\u00a0<\/span><a href=\"mailto:dennis.wahlqvist@scf.se\"><span data-contrast=\"none\">dennis.wahlqvist<\/span><span data-contrast=\"none\">@scf.se<\/span><\/a><span data-ccp-props=\"{&quot;201341983&quot;:0,&quot;335559739&quot;:160,&quot;335559740&quot;:288}\">\u00a0<\/span><\/p>\n<p>&nbsp;<\/p>\n<p><strong>UTTAGNINGSKOMMITT\u00c9\u00a0<\/strong><\/p>\n<p><span data-contrast=\"none\">Vi kommer att anv\u00e4nda en uttagningskommitt\u00e9\u00a0<\/span><span data-contrast=\"none\">f\u00f6r uttagning landslag.\u00a0<\/span><span data-ccp-props=\"{&quot;201341983&quot;:0,&quot;335559739&quot;:160,&quot;335559740&quot;:259}\">\u00a0<\/span><\/p>\n<p><strong>\u00a0<\/strong><\/p>\n<p><strong>Medlemmar i kommitt\u00e9n \u00e4r f\u00f6ljande:\u00a0<\/strong><\/p>\n<p><span data-contrast=\"none\">Dennis Wahlqvist (f\u00f6rbundskapten cx)<\/span><span data-ccp-props=\"{&quot;201341983&quot;:0,&quot;335559739&quot;:160,&quot;335559740&quot;:259}\">\u00a0<\/span><\/p>\n<p><span data-contrast=\"none\">\u00c5sa Erlandsson (t\u00e4vlingscyklist)<\/span><span data-ccp-props=\"{&quot;201341983&quot;:0,&quot;335559739&quot;:160,&quot;335559740&quot;:259}\">\u00a0<\/span><\/p>\n<p><span data-contrast=\"none\">Lars Wahlqvist (tr\u00e4nare p\u00e5 cykelgymnasiet, Skara)<\/span><span data-ccp-props=\"{&quot;201341983&quot;:0,&quot;335559739&quot;:160,&quot;335559740&quot;:259}\">\u00a0<\/span><\/p>\n<p><span data-contrast=\"none\">Marcus Johansson (tr\u00e4nare p\u00e5 cykelgymnasiet, Falun)<\/span><span data-ccp-props=\"{&quot;201341983&quot;:0,&quot;335559739&quot;:160,&quot;335559740&quot;:259}\">\u00a0<\/span><\/p>\n","protected":false},"excerpt":{"rendered":"<p>7-8 november 2020 &#8211; EM (UEC European cyclocross championships) s\u00b4Hertogenbusch, Nederl\u00e4nderna &nbsp; LANDSLAGET CYKELCROSS M\u00e5ls\u00e4ttning Svenska Cykelf\u00f6rbundets huvudm\u00e5l f\u00f6r cykelcross 2020\/2021 \u00e4r fortsatt att ta topp\u00a020 placeringar p\u00e5 internationella m\u00e4sterskap samt att satsa p\u00e5 junior, U23 och yngre elit\u00e5kare som har potential att uppn\u00e5 detta m\u00e5l i framtiden.\u00a0 M\u00e4sterskapen kommer inte\u00a0att\u00a0vara till f\u00f6r att<a href=\"https:\/\/scf.se\/cykelcross\/landslagsprogram-cx-2020\/\" class=\"news-card__more\"> &#8230;<\/a><\/p>\n","protected":false},"author":34,"featured_media":0,"parent":0,"menu_order":0,"comment_status":"closed","ping_status":"closed","template":"","meta":{"_acf_changed":false,"footnotes":""},"class_list":["post-497","page","type-page","status-publish","hentry"],"acf":[],"_links":{"self":[{"href":"https:\/\/scf.se\/cykelcross\/wp-json\/wp\/v2\/pages\/497","targetHints":{"allow":["GET"]}}],"collection":[{"href":"https:\/\/scf.se\/cykelcross\/wp-json\/wp\/v2\/pages"}],"about":[{"href":"https:\/\/scf.se\/cykelcross\/wp-json\/wp\/v2\/types\/page"}],"author":[{"embeddable":true,"href":"https:\/\/scf.se\/cykelcross\/wp-json\/wp\/v2\/users\/34"}],"replies":[{"embeddable":true,"href":"https:\/\/scf.se\/cykelcross\/wp-json\/wp\/v2\/comments?post=497"}],"version-history":[{"count":0,"href":"https:\/\/scf.se\/cykelcross\/wp-json\/wp\/v2\/pages\/497\/revisions"}],"wp:attachment":[{"href":"https:\/\/scf.se\/cykelcross\/wp-json\/wp\/v2\/media?parent=497"}],"curies":[{"name":"wp","href":"https:\/\/api.w.org\/{rel}","templated":true}]}}