
{"id":2338,"date":"2025-11-19T14:47:45","date_gmt":"2025-11-19T13:47:45","guid":{"rendered":"https:\/\/scf.se\/cykelcross\/?page_id=2338"},"modified":"2025-11-19T14:49:26","modified_gmt":"2025-11-19T13:49:26","slug":"sm-2026","status":"publish","type":"page","link":"https:\/\/scf.se\/cykelcross\/sm-2026\/","title":{"rendered":"SM Cykelcross 2026"},"content":{"rendered":"<p>Sverige har i ett antal \u00e5r haft dispens p\u00e5 grund av klimatet att inte ha nationellt m\u00e4sterskap i CX i januari, d\u00e4rav har SM arrangerats i november \u00e5ret innan. Men nu g\u00e5r vi \u00f6ver till UCI-dagarna, vilket inneb\u00e4r att SM 2026 kommer att arrangeras just det \u00e5ret.<\/p>\n<ul>\n<li><strong>Malm\u00f6<\/strong> <strong>10\u201311 januari:<\/strong> <strong>Svenska M\u00e4sterskapen i cykelcross, \u00e4ven SWE Cup #7.<\/strong><br \/>\nInbjudan och anm\u00e4lningsl\u00e4nk \u00e4r i skrivande stund just p\u00e5 v\u00e4g att f\u00e4rdigst\u00e4llas. L\u00e4s mer p\u00e5 Sportstiming.se samt p\u00e5 SCF.se och v\u00e5ra SoMe-kanaler inom kort.<br \/>\nPrelimin\u00e4rt k\u00f6r ungdom och masters p\u00e5 l\u00f6rdagen samt junior och seniorelit p\u00e5 s\u00f6ndagen, programmet ska spikas under slutet av november.<\/li>\n<\/ul>\n","protected":false},"excerpt":{"rendered":"<p>Sverige har i ett antal \u00e5r haft dispens p\u00e5 grund av klimatet att inte ha nationellt m\u00e4sterskap i CX i januari, d\u00e4rav har SM arrangerats i november \u00e5ret innan. Men nu g\u00e5r vi \u00f6ver till UCI-dagarna, vilket inneb\u00e4r att SM 2026 kommer att arrangeras just det \u00e5ret. Malm\u00f6 10\u201311 januari: Svenska M\u00e4sterskapen i cykelcross,<a href=\"https:\/\/scf.se\/cykelcross\/sm-2026\/\" class=\"news-card__more\"> &#8230;<\/a><\/p>\n","protected":false},"author":41,"featured_media":0,"parent":0,"menu_order":0,"comment_status":"closed","ping_status":"closed","template":"","meta":{"_acf_changed":false,"footnotes":""},"class_list":["post-2338","page","type-page","status-publish","hentry"],"acf":[],"_links":{"self":[{"href":"https:\/\/scf.se\/cykelcross\/wp-json\/wp\/v2\/pages\/2338","targetHints":{"allow":["GET"]}}],"collection":[{"href":"https:\/\/scf.se\/cykelcross\/wp-json\/wp\/v2\/pages"}],"about":[{"href":"https:\/\/scf.se\/cykelcross\/wp-json\/wp\/v2\/types\/page"}],"author":[{"embeddable":true,"href":"https:\/\/scf.se\/cykelcross\/wp-json\/wp\/v2\/users\/41"}],"replies":[{"embeddable":true,"href":"https:\/\/scf.se\/cykelcross\/wp-json\/wp\/v2\/comments?post=2338"}],"version-history":[{"count":2,"href":"https:\/\/scf.se\/cykelcross\/wp-json\/wp\/v2\/pages\/2338\/revisions"}],"predecessor-version":[{"id":2341,"href":"https:\/\/scf.se\/cykelcross\/wp-json\/wp\/v2\/pages\/2338\/revisions\/2341"}],"wp:attachment":[{"href":"https:\/\/scf.se\/cykelcross\/wp-json\/wp\/v2\/media?parent=2338"}],"curies":[{"name":"wp","href":"https:\/\/api.w.org\/{rel}","templated":true}]}}

<p>Sverige har i ett antal år haft dispens på grund av klimatet att inte ha nationellt mästerskap i CX i januari, därav har SM arrangerats i november året innan. Men nu går vi över till UCI-dagarna, vilket innebär att SM 2026 kommer att arrangeras just det året.</p>
<ul>
<li><strong>Malmö</strong> <strong>10–11 januari:</strong> <strong>Svenska Mästerskapen i cykelcross, även SWE Cup #7.</strong><br />
Inbjudan och anmälningslänk är i skrivande stund just på väg att färdigställas. Läs mer på Sportstiming.se samt på SCF.se och våra SoMe-kanaler inom kort.<br />
Preliminärt kör ungdom och masters på lördagen samt junior och seniorelit på söndagen, programmet ska spikas under slutet av november.</li>
</ul>

<p>Sverige har i ett antal år haft dispens på grund av klimatet att inte ha nationellt mästerskap i CX i januari, därav har SM arrangerats i november året innan. Men nu går vi över till UCI-dagarna, vilket innebär att SM 2026 kommer att arrangeras just det året. Malmö 10–11 januari: Svenska Mästerskapen i cykelcross,<a href="https://scf.se/cykelcross/sm-2026/" class="news-card__more"> &#8230;</a></p>
